{"id":25100,"date":"2025-08-01T18:33:05","date_gmt":"2025-08-01T16:33:05","guid":{"rendered":"https:\/\/uj.adatbank.ro\/lexikon\/termek\/zichi-antal\/"},"modified":"2025-08-01T18:33:05","modified_gmt":"2025-08-01T16:33:05","slug":"zichi-antal","status":"publish","type":"product","link":"https:\/\/uj.adatbank.ro\/lexikon\/termek\/zichi-antal\/","title":{"rendered":"ZICHI Antal"},"content":{"rendered":"<p>? \u2020 1920.: f\u00f6ldbirtokos. \u2013 Birtokai voltak Mez\u0151t\u00f3h\u00e1tban, Kisk\u00fck\u00fcll\u0151 vm.-ben \u00e9s Szolnok-Dobok\u00e1ban (3500 hold). A f\u00f6ldoszt\u00e1skor nem jelenhetett m\u00e1r meg, mert m\u00e1r halott volt, az \u00faj tulajdonost, Moln\u00e1r D\u00e9nest nem ismert\u00e9k el, iratai nem voltak el\u00e9gg\u00e9 meggy\u0151z\u0151ek, ez\u00e9rt az eg\u00e9sz birtok\u00e1t kisaj\u00e1t\u00edtott\u00e1k, \u00e9s sz\u00e9tosztott\u00e1k a lakosok k\u00f6z\u00f6tt (1921). <br \/><strong>\u2013 Irod.:<\/strong> T\u0103ureni.<\/br><\/p>\n","protected":false},"excerpt":{"rendered":"<p>? \u2020 1920.: f\u00f6ldbirtokos. \u2013 Birtokai voltak Mez\u0151t\u00f3h\u00e1tban, Kisk\u00fck\u00fcll\u0151 vm.-ben \u00e9s Szolnok-Dobok\u00e1ban (3500 hold). A f\u00f6ldoszt\u00e1skor nem jelenhetett m\u00e1r meg, mert m\u00e1r halott volt, az \u00faj tulajdonost, Moln\u00e1r D\u00e9nest nem ismert\u00e9k el, iratai nem voltak el\u00e9gg\u00e9 meggy\u0151z\u0151ek, ez\u00e9rt az eg\u00e9sz birtok\u00e1t kisaj\u00e1t\u00edtott\u00e1k, \u00e9s sz\u00e9tosztott\u00e1k a lakosok k\u00f6z\u00f6tt (1921). \u2013 Irod.: T\u0103ureni.<\/p>\n","protected":false},"featured_media":0,"comment_status":"open","ping_status":"closed","template":"","meta":[],"product_brand":[],"product_cat":[137],"product_tag":[],"class_list":{"0":"post-25100","1":"product","2":"type-product","3":"status-publish","5":"product_cat-maros-megyei-eletrajzi-lexikon","7":"first","8":"instock","9":"shipping-taxable","10":"product-type-simple"},"_links":{"self":[{"href":"https:\/\/uj.adatbank.ro\/lexikon\/wp-json\/wp\/v2\/product\/25100","targetHints":{"allow":["GET"]}}],"collection":[{"href":"https:\/\/uj.adatbank.ro\/lexikon\/wp-json\/wp\/v2\/product"}],"about":[{"href":"https:\/\/uj.adatbank.ro\/lexikon\/wp-json\/wp\/v2\/types\/product"}],"replies":[{"embeddable":true,"href":"https:\/\/uj.adatbank.ro\/lexikon\/wp-json\/wp\/v2\/comments?post=25100"}],"wp:attachment":[{"href":"https:\/\/uj.adatbank.ro\/lexikon\/wp-json\/wp\/v2\/media?parent=25100"}],"wp:term":[{"taxonomy":"product_brand","embeddable":true,"href":"https:\/\/uj.adatbank.ro\/lexikon\/wp-json\/wp\/v2\/product_brand?post=25100"},{"taxonomy":"product_cat","embeddable":true,"href":"https:\/\/uj.adatbank.ro\/lexikon\/wp-json\/wp\/v2\/product_cat?post=25100"},{"taxonomy":"product_tag","embeddable":true,"href":"https:\/\/uj.adatbank.ro\/lexikon\/wp-json\/wp\/v2\/product_tag?post=25100"}],"curies":[{"name":"wp","href":"https:\/\/api.w.org\/{rel}","templated":true}]}}