{"id":25102,"date":"2025-08-01T18:33:09","date_gmt":"2025-08-01T16:33:09","guid":{"rendered":"https:\/\/uj.adatbank.ro\/lexikon\/termek\/zichy-istvan\/"},"modified":"2025-08-01T18:33:09","modified_gmt":"2025-08-01T16:33:09","slug":"zichy-istvan","status":"publish","type":"product","link":"https:\/\/uj.adatbank.ro\/lexikon\/termek\/zichy-istvan\/","title":{"rendered":"ZICHY Istv\u00e1n"},"content":{"rendered":"<p>? \u2020\u00a0?: birtokos, fest\u0151m\u0171v\u00e9sz. \u2013 Feles\u00e9ge: Klebelsberg Katalin Karolina Vilma (esk\u00fcv\u0151 1880. m\u00e1rc.). \u2013 A vajdaszentiv\u00e1nyi 100 holdon fel\u00fcli birtok, jelent\u0151s gy\u00fcm\u00f6lcs\u00f6ssel \u00e9s a kast\u00e9ly a Zichy-csal\u00e1dhoz ker\u00fclt. Az \u00e1llamos\u00edt\u00e1s ut\u00e1n a d\u00edszudvart gazdas\u00e1gi udvarr\u00e1 v\u00e1ltoztatt\u00e1k, az \u00e9p\u00fcletben sz\u00f6vetkezet, kult\u00farterem, borpince m\u0171k\u00f6d\u00f6tt. A tulajdonosok r\u00e9szben visszakapt\u00e1k, k\u00f6zt\u00fck zichi \u00e9s v\u00e1sonke\u00f6i gr. Zichy Jozefa Melanie Georgina Huberta Ant\u00f3nia, aki a csal\u00e1d intern\u00e1l\u00e1s\u00e1ig a kast\u00e9lyban lakott (1949-ig). A Zichy-Horv\u00e1th Alap\u00edtv\u00e1ny \u00e9s Egyes\u00fclet falum\u00fazeumot rendezett be, a kast\u00e9ly m\u00e1sik r\u00e9sz\u00e9nek a visszajuttat\u00e1s\u00e1\u00e9rt harcolnak. <br \/><strong>\u2013 Irod.:<\/strong> Bartha Zolt\u00e1n: Az id\u0151 sodr\u00e1ban; B\u00edr\u00f3 J\u00f3zsef; Fekete; (Kr\u00f3nika, 2005. nov. 30.); Keresztes 1995; Maros megye; Nagy Sz\u00e9kely Ildik\u00f3: Kast\u00e9lyturizmus a Fels\u0151-Maros ment\u00e9n (N\u00fa., 2021. m\u00e1j. 25.); Valori mure\u015fene de patrimoniu.<\/br><\/p>\n","protected":false},"excerpt":{"rendered":"<p>? \u2020\u00a0?: birtokos, fest\u0151m\u0171v\u00e9sz. \u2013 Feles\u00e9ge: Klebelsberg Katalin Karolina Vilma (esk\u00fcv\u0151 1880. m\u00e1rc.). \u2013 A vajdaszentiv\u00e1nyi 100 holdon fel\u00fcli birtok, jelent\u0151s gy\u00fcm\u00f6lcs\u00f6ssel \u00e9s a kast\u00e9ly a Zichy-csal\u00e1dhoz ker\u00fclt. Az \u00e1llamos\u00edt\u00e1s ut\u00e1n a d\u00edszudvart gazdas\u00e1gi udvarr\u00e1 v\u00e1ltoztatt\u00e1k, az \u00e9p\u00fcletben sz\u00f6vetkezet, kult\u00farterem, borpince m\u0171k\u00f6d\u00f6tt. A tulajdonosok r\u00e9szben visszakapt\u00e1k, k\u00f6zt\u00fck zichi \u00e9s v\u00e1sonke\u00f6i gr. Zichy Jozefa Melanie Georgina [&hellip;]<\/p>\n","protected":false},"featured_media":0,"comment_status":"open","ping_status":"closed","template":"","meta":[],"product_brand":[],"product_cat":[137],"product_tag":[],"class_list":{"0":"post-25102","1":"product","2":"type-product","3":"status-publish","5":"product_cat-maros-megyei-eletrajzi-lexikon","7":"first","8":"instock","9":"shipping-taxable","10":"product-type-simple"},"_links":{"self":[{"href":"https:\/\/uj.adatbank.ro\/lexikon\/wp-json\/wp\/v2\/product\/25102","targetHints":{"allow":["GET"]}}],"collection":[{"href":"https:\/\/uj.adatbank.ro\/lexikon\/wp-json\/wp\/v2\/product"}],"about":[{"href":"https:\/\/uj.adatbank.ro\/lexikon\/wp-json\/wp\/v2\/types\/product"}],"replies":[{"embeddable":true,"href":"https:\/\/uj.adatbank.ro\/lexikon\/wp-json\/wp\/v2\/comments?post=25102"}],"wp:attachment":[{"href":"https:\/\/uj.adatbank.ro\/lexikon\/wp-json\/wp\/v2\/media?parent=25102"}],"wp:term":[{"taxonomy":"product_brand","embeddable":true,"href":"https:\/\/uj.adatbank.ro\/lexikon\/wp-json\/wp\/v2\/product_brand?post=25102"},{"taxonomy":"product_cat","embeddable":true,"href":"https:\/\/uj.adatbank.ro\/lexikon\/wp-json\/wp\/v2\/product_cat?post=25102"},{"taxonomy":"product_tag","embeddable":true,"href":"https:\/\/uj.adatbank.ro\/lexikon\/wp-json\/wp\/v2\/product_tag?post=25102"}],"curies":[{"name":"wp","href":"https:\/\/api.w.org\/{rel}","templated":true}]}}

ZICHY István

<p>? † ?: birtokos, festőművész. – Felesége: Klebelsberg Katalin Karolina Vilma (esküvő 1880. márc.). – A vajdaszentiványi 100 holdon felüli birtok, jelentős gyümölcsössel és a kastély a Zichy-családhoz került. Az államosítás után a díszudvart gazdasági udvarrá változtatták, az épületben szövetkezet, kultúrterem, borpince működött. A tulajdonosok részben visszakapták, köztük zichi és vásonkeöi gr. Zichy Jozefa Melanie Georgina Huberta Antónia, aki a család internálásáig a kastélyban lakott (1949-ig). A Zichy-Horváth Alapítvány és Egyesület falumúzeumot rendezett be, a kastély másik részének a visszajuttatásáért harcolnak. <br /><strong>– Irod.:</strong> Bartha Zoltán: Az idő sodrában; Bíró József; Fekete; (Krónika, 2005. nov. 30.); Keresztes 1995; Maros megye; Nagy Székely Ildikó: Kastélyturizmus a Felső-Maros mentén (Nú., 2021. máj. 25.); Valori mureşene de patrimoniu.</br></p>

<p>? † ?: birtokos, festőművész. – Felesége: Klebelsberg Katalin Karolina Vilma (esküvő 1880. márc.). – A vajdaszentiványi 100 holdon felüli birtok, jelentős gyümölcsössel és a kastély a Zichy-családhoz került. Az államosítás után a díszudvart gazdasági udvarrá változtatták, az épületben szövetkezet, kultúrterem, borpince működött. A tulajdonosok részben visszakapták, köztük zichi és vásonkeöi gr. Zichy Jozefa Melanie Georgina [&hellip;]</p>
