{"id":25113,"date":"2025-08-01T18:33:32","date_gmt":"2025-08-01T16:33:32","guid":{"rendered":"https:\/\/uj.adatbank.ro\/lexikon\/termek\/ziegler-karoly-cziegler-karl\/"},"modified":"2025-08-01T18:33:32","modified_gmt":"2025-08-01T16:33:32","slug":"ziegler-karoly-cziegler-karl","status":"publish","type":"product","link":"https:\/\/uj.adatbank.ro\/lexikon\/termek\/ziegler-karoly-cziegler-karl\/","title":{"rendered":"ZIEGLER K\u00e1roly; Cziegler Karl"},"content":{"rendered":"<p>Segesv\u00e1r, 1866. dec. 7., \u2020 1945.: fest\u0151, tan\u00e1r. \u2013 Ziegler Regine testv\u00e9re. A berlini K\u00e9pz\u0151m\u0171v\u00e9szeti akad\u00e9mi\u00e1n tanult (1886\u201368.; 1890\u201391.), k\u00e9t \u00e9vig \u00e9rdem\u00f6szt\u00f6nd\u00edjat kapott, kor\u00e1n nyert d\u00edjakat \u00e9s kit\u00fcntet\u00e9st, sz\u00e1mos nemzetk\u00f6zi ki\u00e1ll\u00edt\u00e1son vett r\u00e9szt. Keresett portr\u00e9fest\u0151 volt, a berlini szecesszi\u00f3 alap\u00edt\u00f3ja. Megh\u00edvt\u00e1k az \u00fajonnan alap\u00edtott poseni m\u00fazeumba (1904\u2013). Az els\u0151 vh.-ban portr\u00e9kat k\u00e9sz\u00edtett (Hindeburg, Tisza, Arz von Straussenburg). Tan\u00e1r volt K\u00f6nigsbergben a m\u0171v\u00e9szeti akad\u00e9mi\u00e1n (1921\u2013). Arck\u00e9peken k\u00edv\u00fcl figur\u00e1lis kompoz\u00edci\u00f3kat alkotott, bibliai t\u00e1rgy\u00faakat is, amelyek t\u00e1jelemei az erd\u00e9lyi benyom\u00e1sokban gy\u00f6kereznek, ahova gyakran hazal\u00e1togatott \u00e9s ki\u00e1ll\u00edt\u00e1sokon is r\u00e9szt vett. Bp.-en is volt ki\u00e1ll\u00edt\u00e1sa a sz\u00e1sz n\u00e9p\u00e9letb\u0151l vett mot\u00edvumokat \u00e9s t\u00e1jk\u00e9peket \u00e1br\u00e1zol\u00f3 m\u0171veib\u0151l (1897). <br \/><strong>\u2013 Irod.:<\/strong> \u00c9ber; Hoffmann Edit: Az O. M. Sz\u00e9pm\u0171v\u00e9szeti M\u00fazeum Grafikai Oszt\u00e1ly 76. ki\u00e1ll\u00edt\u00e1sa (Bp., 1940); K\u00e9pes t\u00e1rgymutat\u00f3 az O. M. K\u00e9pz\u0151m\u0171v\u00e9szeti T\u00e1rsulat Tavaszi Nemzetk\u00f6zi Ki\u00e1ll\u00edt\u00e1s\u00e1hoz (Bp., 1897); LSS; A Modern K\u00e9pt\u00e1r katal\u00f3gusa (Bp., 1913); Moln\u00e1r, RNL; Szab\u00f3\u2013Simon\u2013Sz\u00f6gi; Szab\u00f3\u2013K\u00e1llai; Szana Tam\u00e1s: Sz\u00e1z \u00e9v a magyar m\u0171v\u00e9szet t\u00f6rt\u00e9net\u00e9b\u0151l (Bp., 1901).<\/br><\/p>\n","protected":false},"excerpt":{"rendered":"<p>Segesv\u00e1r, 1866. dec. 7., \u2020 1945.: fest\u0151, tan\u00e1r. \u2013 Ziegler Regine testv\u00e9re. A berlini K\u00e9pz\u0151m\u0171v\u00e9szeti akad\u00e9mi\u00e1n tanult (1886\u201368.; 1890\u201391.), k\u00e9t \u00e9vig \u00e9rdem\u00f6szt\u00f6nd\u00edjat kapott, kor\u00e1n nyert d\u00edjakat \u00e9s kit\u00fcntet\u00e9st, sz\u00e1mos nemzetk\u00f6zi ki\u00e1ll\u00edt\u00e1son vett r\u00e9szt. Keresett portr\u00e9fest\u0151 volt, a berlini szecesszi\u00f3 alap\u00edt\u00f3ja. Megh\u00edvt\u00e1k az \u00fajonnan alap\u00edtott poseni m\u00fazeumba (1904\u2013). Az els\u0151 vh.-ban portr\u00e9kat k\u00e9sz\u00edtett (Hindeburg, Tisza, Arz [&hellip;]<\/p>\n","protected":false},"featured_media":0,"comment_status":"open","ping_status":"closed","template":"","meta":[],"product_brand":[],"product_cat":[137],"product_tag":[],"class_list":{"0":"post-25113","1":"product","2":"type-product","3":"status-publish","5":"product_cat-maros-megyei-eletrajzi-lexikon","7":"first","8":"instock","9":"shipping-taxable","10":"product-type-simple"},"_links":{"self":[{"href":"https:\/\/uj.adatbank.ro\/lexikon\/wp-json\/wp\/v2\/product\/25113","targetHints":{"allow":["GET"]}}],"collection":[{"href":"https:\/\/uj.adatbank.ro\/lexikon\/wp-json\/wp\/v2\/product"}],"about":[{"href":"https:\/\/uj.adatbank.ro\/lexikon\/wp-json\/wp\/v2\/types\/product"}],"replies":[{"embeddable":true,"href":"https:\/\/uj.adatbank.ro\/lexikon\/wp-json\/wp\/v2\/comments?post=25113"}],"wp:attachment":[{"href":"https:\/\/uj.adatbank.ro\/lexikon\/wp-json\/wp\/v2\/media?parent=25113"}],"wp:term":[{"taxonomy":"product_brand","embeddable":true,"href":"https:\/\/uj.adatbank.ro\/lexikon\/wp-json\/wp\/v2\/product_brand?post=25113"},{"taxonomy":"product_cat","embeddable":true,"href":"https:\/\/uj.adatbank.ro\/lexikon\/wp-json\/wp\/v2\/product_cat?post=25113"},{"taxonomy":"product_tag","embeddable":true,"href":"https:\/\/uj.adatbank.ro\/lexikon\/wp-json\/wp\/v2\/product_tag?post=25113"}],"curies":[{"name":"wp","href":"https:\/\/api.w.org\/{rel}","templated":true}]}}

ZIEGLER Károly; Cziegler Karl

<p>Segesvár, 1866. dec. 7., † 1945.: festő, tanár. – Ziegler Regine testvére. A berlini Képzőművészeti akadémián tanult (1886–68.; 1890–91.), két évig érdemösztöndíjat kapott, korán nyert díjakat és kitüntetést, számos nemzetközi kiállításon vett részt. Keresett portréfestő volt, a berlini szecesszió alapítója. Meghívták az újonnan alapított poseni múzeumba (1904–). Az első vh.-ban portrékat készített (Hindeburg, Tisza, Arz von Straussenburg). Tanár volt Königsbergben a művészeti akadémián (1921–). Arcképeken kívül figurális kompozíciókat alkotott, bibliai tárgyúakat is, amelyek tájelemei az erdélyi benyomásokban gyökereznek, ahova gyakran hazalátogatott és kiállításokon is részt vett. Bp.-en is volt kiállítása a szász népéletből vett motívumokat és tájképeket ábrázoló műveiből (1897). <br /><strong>– Irod.:</strong> Éber; Hoffmann Edit: Az O. M. Szépművészeti Múzeum Grafikai Osztály 76. kiállítása (Bp., 1940); Képes tárgymutató az O. M. Képzőművészeti Társulat Tavaszi Nemzetközi Kiállításához (Bp., 1897); LSS; A Modern Képtár katalógusa (Bp., 1913); Molnár, RNL; Szabó–Simon–Szögi; Szabó–Kállai; Szana Tamás: Száz év a magyar művészet történetéből (Bp., 1901).</br></p>

<p>Segesvár, 1866. dec. 7., † 1945.: festő, tanár. – Ziegler Regine testvére. A berlini Képzőművészeti akadémián tanult (1886–68.; 1890–91.), két évig érdemösztöndíjat kapott, korán nyert díjakat és kitüntetést, számos nemzetközi kiállításon vett részt. Keresett portréfestő volt, a berlini szecesszió alapítója. Meghívták az újonnan alapított poseni múzeumba (1904–). Az első vh.-ban portrékat készített (Hindeburg, Tisza, Arz [&hellip;]</p>
