{"id":25114,"date":"2025-08-01T18:33:34","date_gmt":"2025-08-01T16:33:34","guid":{"rendered":"https:\/\/uj.adatbank.ro\/lexikon\/termek\/ziegler-karoly-%c2%a7\/"},"modified":"2025-08-01T18:33:34","modified_gmt":"2025-08-01T16:33:34","slug":"ziegler-karoly-%c2%a7","status":"publish","type":"product","link":"https:\/\/uj.adatbank.ro\/lexikon\/termek\/ziegler-karoly-%c2%a7\/","title":{"rendered":"ZIEGLER K\u00e1roly, \u00a7"},"content":{"rendered":"<p>Mv., 1871. dec. 25., Szeben, 1872.\u2020 Bp., 1938. Mv.-en nyugszik: orvos, dr. \u00edr\u00f3, tan\u00e1r. \u2013 Apja lakatosmester. Feles\u00e9ge Dr. Ziegler K\u00e1rolyn\u00e9 k\u00f6peczi De\u00e1k Margit (1871 \u2013 Mv., 1910). Ugray \u00e1llatorvos testv\u00e9re. Gyermekei: K\u00e1roly, G\u00e1bor, Gy\u00f6rgy, Ern\u0151, Emil, L\u00e1szl\u00f3. \u2013 Szebenben \u00e9retts\u00e9gizett, majd egyetemi tanulm\u00e1nyokat folytatott az Innsbrucki Egy. Orvosi Kar\u00e1n (1891\u201394; 1895), a Berlini Egy. Orvosi Kar\u00e1n (1894\u201395). Orvosi diplom\u00e1t a kv.-i FJTE-en szerzett. K\u00e9t \u00e9vig uo. klinikai tan\u00e1rseg\u00e9d, majd Maros-Torda vm.-ben j\u00e1r\u00e1si alorvos. R\u00e9szt vett az I. vh.-ban mint a 22. n\u00e9pfelkel\u0151 er\u0151d\u00edt\u00e9si munk\u00e1sosztag f\u0151orvosa. Hazat\u00e9r\u00e9se ut\u00e1n Mv. ker\u00fcleti orvosa, (rend\u0151rorvos), k\u00e9s\u0151bb vm.-i f\u0151orvos, tisztiorvos Mv.-en (1910 k.\u20131930). Rend\u0151rorvosi feladatoknak is eleget tett, \u00e9s tagja a \u201eKoponya Bizotts\u00e1gnak\u201d. A mv.-i Ref. Koll.-ban iskolaorvos \u00e9s rendes tan\u00e1r \u2013 az eg\u00e9szs\u00e9gtant tan\u00edtotta (1902\u201311; 1921\u201323). J\u00f3l k\u00e9pzett orvos volt, sportolt, zen\u00e9hez, rajzhoz \u00e9rtett, hat-h\u00e9t nyelven foly\u00e9konyan besz\u00e9lt. Sakkbajnok volt. Jelent\u0151s szerepet j\u00e1tszott a v\u00e1ros k\u00f6z\u00e9let\u00e9ben, sz\u00e1mos ismeretterjeszt\u0151 el\u0151ad\u00e1st tartott. \u00c1lland\u00f3 el\u0151ad\u00f3ja a Munk\u00e1s Szabadiskol\u00e1nak. A szeg\u00e9nyeket ingyen kezelte. Lak\u00e1sa h\u00e1zikoncertek, alkalmi t\u00e1rlatok, szellemi csat\u00e1roz\u00e1sok sz\u00ednhelye volt. Bar\u00e1ti k\u00f6r\u00e9hez tartozott: Antalffy Endre, Molter K\u00e1roly, Berde M\u00e1ria, Metz Istv\u00e1n, dr. B\u00fcchler P\u00e1l, Osv\u00e1th K\u00e1lm\u00e1n. A Zord Id\u0151 szerkeszt\u0151s\u00e9g\u00e9nek tagja (1919\u2013), itt k\u00f6z\u00f6lte novell\u00e1it, irodalmi kritik\u00e1it verseket \u00e9s francia versford\u00edt\u00e1sokat. Flaubert Salambo c reg\u00e9nye nyom\u00e1n sz\u00ednm\u0171vet \u00edrt (1920). Orvosi t\u00e1rgy\u00fa dolgozatai szakfoly\u00f3iratokban jelentek meg. Ford\u00edtott verseket, pr\u00f3z\u00e1t k\u00fcl\u00f6n\u00f6sen franci\u00e1b\u00f3l Paul Valeryt \u00e9s Baudelaire-t. \u00cdrt n\u00e9h\u00e1ny kult\u00fart\u00f6rt\u00e9neti elemekkel \u00e1tsz\u0151tt novell\u00e1t \u00e9s dialektikus cikkeket a Zord Id\u0151be. \u00cdrt egy tudom\u00e1nyos fantasztikus reg\u00e9nyt, amelyben megj\u00f3solja a civiliz\u00e1ci\u00f3 sz\u00e1guld\u00f3 iram\u00fa fejl\u0151d\u00e9s\u00e9t. A mv.-i Kaszin\u00f3 tagja, m\u00e1sodtitk\u00e1ra (1904), aleln\u00f6ke (1919), k\u00f6nyvt\u00e1r\u00e1nak vezet\u0151je (1934), eln\u00f6ke (\u20131938). A KZST v\u00e1lasztm\u00e1nyi tagja. A mv.-i v\u00edv\u00f3egylet aleln\u00f6ke (1910) M\u00e9g Bern\u00e1dy el\u0151tt volt Amerik\u00e1ban \u00e9s onnan hozta Mv.-re az els\u0151 aut\u00f3t (egy k\u00e9t\u00fcl\u00e9ses Fordot). A Gecse u. 15. sz. alatt laktak. Amikor Bart\u00f3k B\u00e9la Mv.-en j\u00e1rt mindig n\u00e1la sz\u00e1llt meg, hiszen s\u00f3gora volt. Hat fiuk sz\u00fcletett, mind f\u0151iskol\u00e1t v\u00e9geztek. Feles\u00e9g\u00e9t kor\u00e1n elvesztette, \u00e1rv\u00e1n maradt gyermekei mell\u00e9 nevel\u0151n\u0151t hozatott B\u00e9csb\u0151l, egy ezredes l\u00e1ny\u00e1t, aki katonai fegyelemben, szeretet n\u00e9lk\u00fcl nevelte \u0151ket, alig v\u00e1rt\u00e1k, hogy megszabaduljanak a sz\u00fcl\u0151i h\u00e1zt\u00f3l. Z. K\u00e1roly aggmenh\u00e1zba ker\u00fclt, r\u00e1kban halt meg Bp.-en. <br \/><strong>\u2013 Irod.:<\/strong> Bi\u00e1s Istv\u00e1n; De\u00e9 Nagy Anik\u00f3: A mv.-i Kaszin\u00f3 kr\u00f3nik\u00e1ja = P\u00e1l-Antal\u2013Simon 2.; Gy\u0151ry; Id\u0151t\u00e1r 2; Kiss\u2013P\u00e9terffy\u2013P\u00e9terffy; Molter 2., 3.; Mv. \u00e9s a h\u00e1bor\u00fa 2.; Mv. t\u00f6rt. 2.; Osv\u00e1th; \u00d6kr\u00f6s; Polg\u00e1r Istv\u00e1n: Bart\u00f3k \u00e9s Mv. (\u00daj \u00c9let, 1970, 17. sz.); RMIL; Szab\u00f3\u2013Simon\u2013Sz\u00f6gi; Szinnyei J. \u2013 Sz.J.; \u00dcnnepi k\u00f6nyv.<\/br><\/p>\n","protected":false},"excerpt":{"rendered":"<p>Mv., 1871. dec. 25., Szeben, 1872.\u2020 Bp., 1938. Mv.-en nyugszik: orvos, dr. \u00edr\u00f3, tan\u00e1r. \u2013 Apja lakatosmester. Feles\u00e9ge Dr. Ziegler K\u00e1rolyn\u00e9 k\u00f6peczi De\u00e1k Margit (1871 \u2013 Mv., 1910). Ugray \u00e1llatorvos testv\u00e9re. Gyermekei: K\u00e1roly, G\u00e1bor, Gy\u00f6rgy, Ern\u0151, Emil, L\u00e1szl\u00f3. \u2013 Szebenben \u00e9retts\u00e9gizett, majd egyetemi tanulm\u00e1nyokat folytatott az Innsbrucki Egy. Orvosi Kar\u00e1n (1891\u201394; 1895), a Berlini Egy. [&hellip;]<\/p>\n","protected":false},"featured_media":0,"comment_status":"open","ping_status":"closed","template":"","meta":[],"product_brand":[],"product_cat":[137],"product_tag":[],"class_list":{"0":"post-25114","1":"product","2":"type-product","3":"status-publish","5":"product_cat-maros-megyei-eletrajzi-lexikon","7":"first","8":"instock","9":"shipping-taxable","10":"product-type-simple"},"_links":{"self":[{"href":"https:\/\/uj.adatbank.ro\/lexikon\/wp-json\/wp\/v2\/product\/25114","targetHints":{"allow":["GET"]}}],"collection":[{"href":"https:\/\/uj.adatbank.ro\/lexikon\/wp-json\/wp\/v2\/product"}],"about":[{"href":"https:\/\/uj.adatbank.ro\/lexikon\/wp-json\/wp\/v2\/types\/product"}],"replies":[{"embeddable":true,"href":"https:\/\/uj.adatbank.ro\/lexikon\/wp-json\/wp\/v2\/comments?post=25114"}],"wp:attachment":[{"href":"https:\/\/uj.adatbank.ro\/lexikon\/wp-json\/wp\/v2\/media?parent=25114"}],"wp:term":[{"taxonomy":"product_brand","embeddable":true,"href":"https:\/\/uj.adatbank.ro\/lexikon\/wp-json\/wp\/v2\/product_brand?post=25114"},{"taxonomy":"product_cat","embeddable":true,"href":"https:\/\/uj.adatbank.ro\/lexikon\/wp-json\/wp\/v2\/product_cat?post=25114"},{"taxonomy":"product_tag","embeddable":true,"href":"https:\/\/uj.adatbank.ro\/lexikon\/wp-json\/wp\/v2\/product_tag?post=25114"}],"curies":[{"name":"wp","href":"https:\/\/api.w.org\/{rel}","templated":true}]}}