{"id":25117,"date":"2025-08-01T18:33:41","date_gmt":"2025-08-01T16:33:41","guid":{"rendered":"https:\/\/uj.adatbank.ro\/lexikon\/termek\/ziegler-regine\/"},"modified":"2025-08-01T18:33:41","modified_gmt":"2025-08-01T16:33:41","slug":"ziegler-regine","status":"publish","type":"product","link":"https:\/\/uj.adatbank.ro\/lexikon\/termek\/ziegler-regine\/","title":{"rendered":"ZIEGLER, Regine"},"content":{"rendered":"<p>Segesv\u00e1r, 1864. aug. 30., \u2020\u00a0?, 1925.: \u00edr\u00f3n\u0151. \u2013 Gyermekkor\u00e1t r\u00e9szben Segesv\u00e1ron, r\u00e9szben Erkeden t\u00f6lt\u00f6tte, ahol \u00e9desapja lelk\u00e9sz volt, majd hosszabb ideig szabadon alkot\u00f3 \u00edr\u00f3k\u00e9nt N\u00e9meto.-ban \u00e9lt. El\u0151ad\u00e1sokat hallgatott, megismerte a n\u0151k egyenjog\u00fas\u00e1g\u00e1\u00e9rt k\u00fczd\u0151 mozgalmakat. Hazat\u00e9r\u00e9se ut\u00e1n tapasztalatait \u00fajs\u00e1gcikkekben, k\u00f6ltem\u00e9nyekben \u00f6r\u00f6k\u00edtette meg. Els\u0151 versesk\u00f6tete: Gedichte (1896) \u2013 a sz\u00e1zadfordul\u00f3 sz\u00e1sz l\u00edr\u00e1j\u00e1nak m\u0171v\u00e9szi kifejez\u00e9se, f\u0151bb t\u00e9m\u00e1i: \u00e9let \u00e9s l\u00e9lek k\u00f6z\u00f6tti ellentmond\u00e1s, elidegened\u00e9s, n\u0151k\u00e9rd\u00e9s. Pr\u00f3zak\u00f6tete: Amikor a kal\u00e1szok \u00e9rnek, elnyerte a weimari Schiller Alap\u00edtv\u00e1ny d\u00edj\u00e1t, impresszionista m\u00f3don mutatja be az erd\u00e9lyi falu saj\u00e1toss\u00e1gait \u00e9s nemzeti soksz\u00edn\u0171s\u00e9g\u00e9t. \u2013  <strong>F. m..:<\/strong> Gedichte (Kronstadt, 1896); Wenn \u00c4hren reifen (Berlin, 1908); Aus Sturm und Stille (Sch\u00e4\u00dfburg, 1917). <br \/><strong>\u2013 Irod.:<\/strong> Czir\u00e1ki Zsuzsanna: Az erd\u00e9lyi sz\u00e1szok t\u00f6rt\u00e9nete \u2013 Erd\u00e9lyi sz\u00e1sz irodalomt\u00f6rt\u00e9net (Koz\u00e1rmisleny, 2006); Degener; LSS; S\u00e2n Giorgiu, Ion: Aspecte literare (Sibiu, 1938).<\/br><\/p>\n","protected":false},"excerpt":{"rendered":"<p>Segesv\u00e1r, 1864. aug. 30., \u2020\u00a0?, 1925.: \u00edr\u00f3n\u0151. \u2013 Gyermekkor\u00e1t r\u00e9szben Segesv\u00e1ron, r\u00e9szben Erkeden t\u00f6lt\u00f6tte, ahol \u00e9desapja lelk\u00e9sz volt, majd hosszabb ideig szabadon alkot\u00f3 \u00edr\u00f3k\u00e9nt N\u00e9meto.-ban \u00e9lt. El\u0151ad\u00e1sokat hallgatott, megismerte a n\u0151k egyenjog\u00fas\u00e1g\u00e1\u00e9rt k\u00fczd\u0151 mozgalmakat. Hazat\u00e9r\u00e9se ut\u00e1n tapasztalatait \u00fajs\u00e1gcikkekben, k\u00f6ltem\u00e9nyekben \u00f6r\u00f6k\u00edtette meg. Els\u0151 versesk\u00f6tete: Gedichte (1896) \u2013 a sz\u00e1zadfordul\u00f3 sz\u00e1sz l\u00edr\u00e1j\u00e1nak m\u0171v\u00e9szi kifejez\u00e9se, f\u0151bb t\u00e9m\u00e1i: \u00e9let [&hellip;]<\/p>\n","protected":false},"featured_media":0,"comment_status":"open","ping_status":"closed","template":"","meta":[],"product_brand":[],"product_cat":[137],"product_tag":[],"class_list":{"0":"post-25117","1":"product","2":"type-product","3":"status-publish","5":"product_cat-maros-megyei-eletrajzi-lexikon","7":"first","8":"instock","9":"shipping-taxable","10":"product-type-simple"},"_links":{"self":[{"href":"https:\/\/uj.adatbank.ro\/lexikon\/wp-json\/wp\/v2\/product\/25117","targetHints":{"allow":["GET"]}}],"collection":[{"href":"https:\/\/uj.adatbank.ro\/lexikon\/wp-json\/wp\/v2\/product"}],"about":[{"href":"https:\/\/uj.adatbank.ro\/lexikon\/wp-json\/wp\/v2\/types\/product"}],"replies":[{"embeddable":true,"href":"https:\/\/uj.adatbank.ro\/lexikon\/wp-json\/wp\/v2\/comments?post=25117"}],"wp:attachment":[{"href":"https:\/\/uj.adatbank.ro\/lexikon\/wp-json\/wp\/v2\/media?parent=25117"}],"wp:term":[{"taxonomy":"product_brand","embeddable":true,"href":"https:\/\/uj.adatbank.ro\/lexikon\/wp-json\/wp\/v2\/product_brand?post=25117"},{"taxonomy":"product_cat","embeddable":true,"href":"https:\/\/uj.adatbank.ro\/lexikon\/wp-json\/wp\/v2\/product_cat?post=25117"},{"taxonomy":"product_tag","embeddable":true,"href":"https:\/\/uj.adatbank.ro\/lexikon\/wp-json\/wp\/v2\/product_tag?post=25117"}],"curies":[{"name":"wp","href":"https:\/\/api.w.org\/{rel}","templated":true}]}}

<p>Segesvár, 1864. aug. 30., † ?, 1925.: írónő. – Gyermekkorát részben Segesváron, részben Erkeden töltötte, ahol édesapja lelkész volt, majd hosszabb ideig szabadon alkotó íróként Németo.-ban élt. Előadásokat hallgatott, megismerte a nők egyenjogúságáért küzdő mozgalmakat. Hazatérése után tapasztalatait újságcikkekben, költeményekben örökítette meg. Első verseskötete: Gedichte (1896) – a századforduló szász lírájának művészi kifejezése, főbb témái: élet és lélek közötti ellentmondás, elidegenedés, nőkérdés. Prózakötete: Amikor a kalászok érnek, elnyerte a weimari Schiller Alapítvány díját, impresszionista módon mutatja be az erdélyi falu sajátosságait és nemzeti sokszínűségét. –  <strong>F. m..:</strong> Gedichte (Kronstadt, 1896); Wenn Ähren reifen (Berlin, 1908); Aus Sturm und Stille (Schäßburg, 1917). <br /><strong>– Irod.:</strong> Cziráki Zsuzsanna: Az erdélyi szászok története – Erdélyi szász irodalomtörténet (Kozármisleny, 2006); Degener; LSS; Sân Giorgiu, Ion: Aspecte literare (Sibiu, 1938).</br></p>

<p>Segesvár, 1864. aug. 30., † ?, 1925.: írónő. – Gyermekkorát részben Segesváron, részben Erkeden töltötte, ahol édesapja lelkész volt, majd hosszabb ideig szabadon alkotó íróként Németo.-ban élt. Előadásokat hallgatott, megismerte a nők egyenjogúságáért küzdő mozgalmakat. Hazatérése után tapasztalatait újságcikkekben, költeményekben örökítette meg. Első verseskötete: Gedichte (1896) – a századforduló szász lírájának művészi kifejezése, főbb témái: élet [&hellip;]</p>
