{"id":25118,"date":"2025-08-01T18:33:43","date_gmt":"2025-08-01T16:33:43","guid":{"rendered":"https:\/\/uj.adatbank.ro\/lexikon\/termek\/ziegler-vilma-gorog-karolyne\/"},"modified":"2025-08-01T18:33:43","modified_gmt":"2025-08-01T16:33:43","slug":"ziegler-vilma-gorog-karolyne","status":"publish","type":"product","link":"https:\/\/uj.adatbank.ro\/lexikon\/termek\/ziegler-vilma-gorog-karolyne\/","title":{"rendered":"ZIEGLER Vilma, G\u00f6r\u00f6g K\u00e1rolyn\u00e9"},"content":{"rendered":"<p>1822? \u2020\u00a0Mv., 1888. \u00e1pr. 21.: Testv\u00e9rei: Z. K\u00e1roly, Z. Emil, Z. Hermin Cserei \u00c1kosn\u00e9; Z. Ferdin\u00e1nd. \u2013 Mv.-en a f\u00e9rj\u00e9vel a G\u00f6r\u00f6g-h\u00e1z tulajdonosai (R\u00f3zs\u00e1k tere\/ Trandafirilor 2). N\u00e1luk sz\u00e1llt meg Pet\u0151fi (1849. j\u00fal 30). <br \/><strong>\u2013 Irod.:<\/strong> Gy\u00e1szjelent.; Magyar Helikon 1k. Pet\u0151fi. (Pozsony\u2013Bp., 1884\u201386); Maros megye.<\/br><\/p>\n","protected":false},"excerpt":{"rendered":"<p>1822? \u2020\u00a0Mv., 1888. \u00e1pr. 21.: Testv\u00e9rei: Z. K\u00e1roly, Z. Emil, Z. Hermin Cserei \u00c1kosn\u00e9; Z. Ferdin\u00e1nd. \u2013 Mv.-en a f\u00e9rj\u00e9vel a G\u00f6r\u00f6g-h\u00e1z tulajdonosai (R\u00f3zs\u00e1k tere\/ Trandafirilor 2). N\u00e1luk sz\u00e1llt meg Pet\u0151fi (1849. j\u00fal 30). \u2013 Irod.: Gy\u00e1szjelent.; Magyar Helikon 1k. Pet\u0151fi. (Pozsony\u2013Bp., 1884\u201386); Maros megye.<\/p>\n","protected":false},"featured_media":0,"comment_status":"open","ping_status":"closed","template":"","meta":[],"product_brand":[],"product_cat":[137],"product_tag":[],"class_list":{"0":"post-25118","1":"product","2":"type-product","3":"status-publish","5":"product_cat-maros-megyei-eletrajzi-lexikon","7":"first","8":"instock","9":"shipping-taxable","10":"product-type-simple"},"_links":{"self":[{"href":"https:\/\/uj.adatbank.ro\/lexikon\/wp-json\/wp\/v2\/product\/25118","targetHints":{"allow":["GET"]}}],"collection":[{"href":"https:\/\/uj.adatbank.ro\/lexikon\/wp-json\/wp\/v2\/product"}],"about":[{"href":"https:\/\/uj.adatbank.ro\/lexikon\/wp-json\/wp\/v2\/types\/product"}],"replies":[{"embeddable":true,"href":"https:\/\/uj.adatbank.ro\/lexikon\/wp-json\/wp\/v2\/comments?post=25118"}],"wp:attachment":[{"href":"https:\/\/uj.adatbank.ro\/lexikon\/wp-json\/wp\/v2\/media?parent=25118"}],"wp:term":[{"taxonomy":"product_brand","embeddable":true,"href":"https:\/\/uj.adatbank.ro\/lexikon\/wp-json\/wp\/v2\/product_brand?post=25118"},{"taxonomy":"product_cat","embeddable":true,"href":"https:\/\/uj.adatbank.ro\/lexikon\/wp-json\/wp\/v2\/product_cat?post=25118"},{"taxonomy":"product_tag","embeddable":true,"href":"https:\/\/uj.adatbank.ro\/lexikon\/wp-json\/wp\/v2\/product_tag?post=25118"}],"curies":[{"name":"wp","href":"https:\/\/api.w.org\/{rel}","templated":true}]}}