{"id":25122,"date":"2025-08-01T18:33:54","date_gmt":"2025-08-01T16:33:54","guid":{"rendered":"https:\/\/uj.adatbank.ro\/lexikon\/termek\/zilahi-istvan\/"},"modified":"2025-08-01T18:33:54","modified_gmt":"2025-08-01T16:33:54","slug":"zilahi-istvan","status":"publish","type":"product","link":"https:\/\/uj.adatbank.ro\/lexikon\/termek\/zilahi-istvan\/","title":{"rendered":"ZILAHI Istv\u00e1n"},"content":{"rendered":"<p>? \u2020\u00a0?: ref. lelk\u00e9sz. \u2013 Kv.-on subscrib\u00e1lt (1665 k\u00f6r\u00fcl). Dedr\u00e1dsz\u00e9plakon volt lelk\u00e9sz (1672 ut\u00e1n). Mv.-i lelki tan\u00edt\u00f3 (1691), Mv.-ben a v\u00e1rtemplomban szolg\u00e1lt (1678); Alvincen lelk\u00e9sz, majd visszat\u00e9rt Mv.-re Enyedi Istv\u00e1n hely\u00e9be, aki Enyedre t\u00e1vozott tan\u00e1rnak, \u0151 szolg\u00e1lt a v\u00e1rtemplomban (1691\u20131694). <br \/><strong>\u2013 Irod.:<\/strong> Adatt\u00e1r III. 116; Id\u0151t\u00e1r 1; Marossz\u00e9ki kr\u00f3nik\u00e1k.1.; A mv.-i ref. egyh\u00e1z anyak\u00f6nyve (1727\u2013) [k\u00e9zirat]; \u0150sz; T\u00f6r\u00f6k 18; V\u00e1rtemplomi lelk\u00e9szek n\u00e9vsora, 1571\u20132000 (\u00daj Kezdet, 2000, 2. sz.).<\/br><\/p>\n","protected":false},"excerpt":{"rendered":"<p>? \u2020\u00a0?: ref. lelk\u00e9sz. \u2013 Kv.-on subscrib\u00e1lt (1665 k\u00f6r\u00fcl). Dedr\u00e1dsz\u00e9plakon volt lelk\u00e9sz (1672 ut\u00e1n). Mv.-i lelki tan\u00edt\u00f3 (1691), Mv.-ben a v\u00e1rtemplomban szolg\u00e1lt (1678); Alvincen lelk\u00e9sz, majd visszat\u00e9rt Mv.-re Enyedi Istv\u00e1n hely\u00e9be, aki Enyedre t\u00e1vozott tan\u00e1rnak, \u0151 szolg\u00e1lt a v\u00e1rtemplomban (1691\u20131694). \u2013 Irod.: Adatt\u00e1r III. 116; Id\u0151t\u00e1r 1; Marossz\u00e9ki kr\u00f3nik\u00e1k.1.; A mv.-i ref. egyh\u00e1z anyak\u00f6nyve (1727\u2013) [&hellip;]<\/p>\n","protected":false},"featured_media":0,"comment_status":"open","ping_status":"closed","template":"","meta":[],"product_brand":[],"product_cat":[137],"product_tag":[],"class_list":{"0":"post-25122","1":"product","2":"type-product","3":"status-publish","5":"product_cat-maros-megyei-eletrajzi-lexikon","7":"first","8":"instock","9":"shipping-taxable","10":"product-type-simple"},"_links":{"self":[{"href":"https:\/\/uj.adatbank.ro\/lexikon\/wp-json\/wp\/v2\/product\/25122","targetHints":{"allow":["GET"]}}],"collection":[{"href":"https:\/\/uj.adatbank.ro\/lexikon\/wp-json\/wp\/v2\/product"}],"about":[{"href":"https:\/\/uj.adatbank.ro\/lexikon\/wp-json\/wp\/v2\/types\/product"}],"replies":[{"embeddable":true,"href":"https:\/\/uj.adatbank.ro\/lexikon\/wp-json\/wp\/v2\/comments?post=25122"}],"wp:attachment":[{"href":"https:\/\/uj.adatbank.ro\/lexikon\/wp-json\/wp\/v2\/media?parent=25122"}],"wp:term":[{"taxonomy":"product_brand","embeddable":true,"href":"https:\/\/uj.adatbank.ro\/lexikon\/wp-json\/wp\/v2\/product_brand?post=25122"},{"taxonomy":"product_cat","embeddable":true,"href":"https:\/\/uj.adatbank.ro\/lexikon\/wp-json\/wp\/v2\/product_cat?post=25122"},{"taxonomy":"product_tag","embeddable":true,"href":"https:\/\/uj.adatbank.ro\/lexikon\/wp-json\/wp\/v2\/product_tag?post=25122"}],"curies":[{"name":"wp","href":"https:\/\/api.w.org\/{rel}","templated":true}]}}

ZILAHI István

<p>? † ?: ref. lelkész. – Kv.-on subscribált (1665 körül). Dedrádszéplakon volt lelkész (1672 után). Mv.-i lelki tanító (1691), Mv.-ben a vártemplomban szolgált (1678); Alvincen lelkész, majd visszatért Mv.-re Enyedi István helyébe, aki Enyedre távozott tanárnak, ő szolgált a vártemplomban (1691–1694). <br /><strong>– Irod.:</strong> Adattár III. 116; Időtár 1; Marosszéki krónikák.1.; A mv.-i ref. egyház anyakönyve (1727–) [kézirat]; Ősz; Török 18; Vártemplomi lelkészek névsora, 1571–2000 (Új Kezdet, 2000, 2. sz.).</br></p>

<p>? † ?: ref. lelkész. – Kv.-on subscribált (1665 körül). Dedrádszéplakon volt lelkész (1672 után). Mv.-i lelki tanító (1691), Mv.-ben a vártemplomban szolgált (1678); Alvincen lelkész, majd visszatért Mv.-re Enyedi István helyébe, aki Enyedre távozott tanárnak, ő szolgált a vártemplomban (1691–1694). – Irod.: Adattár III. 116; Időtár 1; Marosszéki krónikák.1.; A mv.-i ref. egyház anyakönyve (1727–) [&hellip;]</p>
