{"id":25123,"date":"2025-08-01T18:33:56","date_gmt":"2025-08-01T16:33:56","guid":{"rendered":"https:\/\/uj.adatbank.ro\/lexikon\/termek\/zilahi-janos-zilahi-joannes\/"},"modified":"2025-08-01T18:33:56","modified_gmt":"2025-08-01T16:33:56","slug":"zilahi-janos-zilahi-joannes","status":"publish","type":"product","link":"https:\/\/uj.adatbank.ro\/lexikon\/termek\/zilahi-janos-zilahi-joannes\/","title":{"rendered":"ZILAHI J\u00e1nos, Zilahi Joannes"},"content":{"rendered":"<p>? \u2020\u00a0?: iskolamester. \u2013 Val\u00f3sz\u00edn\u0171leg Zilahr\u00f3l sz\u00e1rmazott. Az els\u0151 nagyernyei iskolamester, akit eml\u00edt a ref. egyh\u00e1z vizit\u00e1ci\u00f3s k\u00f6nyve (1701). Ny\u00e1r\u00e1dszentsimoni (1710), majd Ny\u00e1r\u00e1dszentimrei tan\u00edt\u00f3mester (1739). <br \/><strong>\u2013 Irod.:<\/strong> B\u00f6l\u00f6ni Domokos: \u00dcnnepre k\u00e9sz\u00fcl az ernyei iskola (N\u00fa., 2001. m\u00e1j. 18.), Imreh Barna.<\/br><\/p>\n","protected":false},"excerpt":{"rendered":"<p>? \u2020\u00a0?: iskolamester. \u2013 Val\u00f3sz\u00edn\u0171leg Zilahr\u00f3l sz\u00e1rmazott. Az els\u0151 nagyernyei iskolamester, akit eml\u00edt a ref. egyh\u00e1z vizit\u00e1ci\u00f3s k\u00f6nyve (1701). Ny\u00e1r\u00e1dszentsimoni (1710), majd Ny\u00e1r\u00e1dszentimrei tan\u00edt\u00f3mester (1739). \u2013 Irod.: B\u00f6l\u00f6ni Domokos: \u00dcnnepre k\u00e9sz\u00fcl az ernyei iskola (N\u00fa., 2001. m\u00e1j. 18.), Imreh Barna.<\/p>\n","protected":false},"featured_media":0,"comment_status":"open","ping_status":"closed","template":"","meta":[],"product_brand":[],"product_cat":[137],"product_tag":[],"class_list":{"0":"post-25123","1":"product","2":"type-product","3":"status-publish","5":"product_cat-maros-megyei-eletrajzi-lexikon","7":"first","8":"instock","9":"shipping-taxable","10":"product-type-simple"},"_links":{"self":[{"href":"https:\/\/uj.adatbank.ro\/lexikon\/wp-json\/wp\/v2\/product\/25123","targetHints":{"allow":["GET"]}}],"collection":[{"href":"https:\/\/uj.adatbank.ro\/lexikon\/wp-json\/wp\/v2\/product"}],"about":[{"href":"https:\/\/uj.adatbank.ro\/lexikon\/wp-json\/wp\/v2\/types\/product"}],"replies":[{"embeddable":true,"href":"https:\/\/uj.adatbank.ro\/lexikon\/wp-json\/wp\/v2\/comments?post=25123"}],"wp:attachment":[{"href":"https:\/\/uj.adatbank.ro\/lexikon\/wp-json\/wp\/v2\/media?parent=25123"}],"wp:term":[{"taxonomy":"product_brand","embeddable":true,"href":"https:\/\/uj.adatbank.ro\/lexikon\/wp-json\/wp\/v2\/product_brand?post=25123"},{"taxonomy":"product_cat","embeddable":true,"href":"https:\/\/uj.adatbank.ro\/lexikon\/wp-json\/wp\/v2\/product_cat?post=25123"},{"taxonomy":"product_tag","embeddable":true,"href":"https:\/\/uj.adatbank.ro\/lexikon\/wp-json\/wp\/v2\/product_tag?post=25123"}],"curies":[{"name":"wp","href":"https:\/\/api.w.org\/{rel}","templated":true}]}}