{"id":25130,"date":"2025-08-01T18:34:12","date_gmt":"2025-08-01T16:34:12","guid":{"rendered":"https:\/\/uj.adatbank.ro\/lexikon\/termek\/zilahi-sebess-andras-sebes-andras\/"},"modified":"2025-08-01T18:34:12","modified_gmt":"2025-08-01T16:34:12","slug":"zilahi-sebess-andras-sebes-andras","status":"publish","type":"product","link":"https:\/\/uj.adatbank.ro\/lexikon\/termek\/zilahi-sebess-andras-sebes-andras\/","title":{"rendered":"ZILAHI SEBESS Andr\u00e1s; Sebes Andr\u00e1s"},"content":{"rendered":"<p>? \u2020\u00a0Mv., 1719.: ref. lelk\u00e9sz, tan\u00e1r. \u2013 A hagyom\u00e1ny szerint Z. S\u00e1muel s\u00edrj\u00e1ban van eltemetve, de kopors\u00f3k\u00f6v\u00e9t megtal\u00e1lt\u00e1k a ref. temet\u0151ben (1943). \u2013 Zilahi Sebess J\u00e1nos, zsib\u00f3i pap fia. Feles\u00e9ge: Kom\u00e1romi Zs\u00f3fia, aki f\u00e9rje hal\u00e1la ut\u00e1n a Kakasd k\u00f6zs\u00e9gben l\u00e9v\u0151 kis birtok\u00e1ra vonult \u00e9s nagy nyomorban \u00e9ltek. K\u00e9t gyermeke k\u00f6z\u00fcl: Istv\u00e1n (\u2020 12 \u00e9vesen, Sz\u00e9kelykakasd, 1719 ut\u00e1n); J\u00f3zsef, gyulakutai pap. \u2013 Tanulm\u00e1nyait a kv-i Ref. Koll.-ban kezdte (1690), majd a franekeri akad\u00e9mi\u00e1n v\u00e9gezve (1699). B\u00e1nffi Gy\u00f6rgy udvari papja lett, majd N\u00e9methi Mih\u00e1ly hely\u00e9re, a kv-i Ref. Koll.-ba, a filoz\u00f3fia \u00e9s nyelvek tan\u00edt\u00e1s\u00e1ra h\u00edvt\u00e1k meg (1709), \u00e1ll\u00e1s\u00e1t csak k\u00e9s\u0151bb foglalta el (1714\u201316). Gyulafeh\u00e9rv\u00e1rra ment (1916\u201317), a S\u00e1rospatakr\u00f3l ki\u00fcld\u00f6z\u00f6tt iskol\u00e1nak m\u00e1sodik v\u00e1ndorl\u00e1s\u00e1ban vez\u00e9re lett. Egyed\u00fcl vezette a gondjaira b\u00edzott int\u00e9zetet, szellemi, anyagi \u00fcgyeit \u00e9s tan\u00edtotta a teol\u00f3gi\u00e1t, filoz\u00f3fi\u00e1t, a nyelveket, stb., de amikor Szathm\u00e1ri Paksi Mih\u00e1ly tan\u00e1rt\u00e1rsa lett (1716), m\u00e1r csak a teol\u00f3gi\u00e1t tan\u00edtotta. Gyulafeh\u00e9rv\u00e1ri tan\u00e1rs\u00e1ga idej\u00e9n unokatestv\u00e9reivel nyert c\u00edmeres nemeslevelet (1715. szept. 7.). Gyulafeh\u00e9rv\u00e1rr\u00f3l int\u00e9zet\u00e9vel \u00fatnak indult Krakk\u00f3ba, majd \u00f6tvened mag\u00e1val Mv.-re \u00e9rkezett az el\u0171z\u00f6tt koll. els\u0151 csoportja \u00e9l\u00e9n (50 szem\u00e9ly \u2013 1716. dec. 2.), ahol el\u0151bb mint vend\u00e9g, azut\u00e1n, amikor egyes\u00fcltek a mv.-i particul\u00e1val, \u00fajb\u00f3l megkezdte tan\u00e1ri hivat\u00e1s\u00e1t (1718. \u00e1pr. 30). Neki k\u00f6sz\u00f6nhet\u0151, hogy az annyit h\u00e1nyatott \u00e9s zaklatott iskola nem z\u00fcll\u00f6tt sz\u00e9t, \u00e9s megvethette l\u00e1b\u00e1t Mv.-en. A nagy pestisj\u00e1rv\u00e1ny \u00e1ldozata lett (1719). \u2013  <strong>F. m..:<\/strong> Dissertatio metaphisica de cultu dei rationali. Pars. I-a. Pars. altera. (Franequerae, 1699); Barcsai \u00c1brah\u00e1m f\u00f6l\u00f6tt tartott latin oratio, 1716. \u00e1pr. 26.(Kv., 1721); A r\u00e9gi nagy Bethlen h\u00e1znak hom\u00e1lyba \u00e9rkezett sz\u00f6v\u00e9tneke, a&#8217; n\u00e9hai m\u00e9ltgs gr\u00f3ff bethleni Bethlen L\u00e1szl\u00f3 uram&#8230;. szomor\u00fa hal\u00e1l\u00e1ban. Mellyet, magyar oratzioba foglalt \u00e9s az emlitett ur hideg tetem\u00e9nek, a&#8217; Bethlenek \u0151si keresdi temet\u0151jekbe val\u00f3 betakar\u00edt\u00e1s\u00e1nak alkalmatoss\u00e1g\u00e1val a&#8217; sir el\u0151tt elmondott&#8230; 1717 \u00e9szt. (Kv., 1717); P\u00e1pai P\u00e1riz Ferencz hal\u00e1l\u00e1ra latin vers. (1716.); Szathm\u00e1ri N\u00e9met S\u00e1muel hal\u00e1l\u00e1ra latin vers. (1718). <br \/><strong>\u2013 Irod.:<\/strong> Erd\u00e9lyi f\u00e9niks; Halotti besz\u00e9dek; Id\u0151t\u00e1r 1; Kr\u00f3n. F\u00fcz. (1940, 4\/10); Koncz; Par\u00e1di; P\u00e1lmay; Salamon J\u00f3zsef: De statu Evclesiaae Evangelico-Reformatae in Transilvania (Claudiopoli, 1840); Szinnyei.<\/br><\/p>\n","protected":false},"excerpt":{"rendered":"<p>? \u2020\u00a0Mv., 1719.: ref. lelk\u00e9sz, tan\u00e1r. \u2013 A hagyom\u00e1ny szerint Z. S\u00e1muel s\u00edrj\u00e1ban van eltemetve, de kopors\u00f3k\u00f6v\u00e9t megtal\u00e1lt\u00e1k a ref. temet\u0151ben (1943). \u2013 Zilahi Sebess J\u00e1nos, zsib\u00f3i pap fia. Feles\u00e9ge: Kom\u00e1romi Zs\u00f3fia, aki f\u00e9rje hal\u00e1la ut\u00e1n a Kakasd k\u00f6zs\u00e9gben l\u00e9v\u0151 kis birtok\u00e1ra vonult \u00e9s nagy nyomorban \u00e9ltek. K\u00e9t gyermeke k\u00f6z\u00fcl: Istv\u00e1n (\u2020 12 \u00e9vesen, Sz\u00e9kelykakasd, [&hellip;]<\/p>\n","protected":false},"featured_media":0,"comment_status":"open","ping_status":"closed","template":"","meta":[],"product_brand":[],"product_cat":[137],"product_tag":[],"class_list":{"0":"post-25130","1":"product","2":"type-product","3":"status-publish","5":"product_cat-maros-megyei-eletrajzi-lexikon","7":"first","8":"instock","9":"shipping-taxable","10":"product-type-simple"},"_links":{"self":[{"href":"https:\/\/uj.adatbank.ro\/lexikon\/wp-json\/wp\/v2\/product\/25130","targetHints":{"allow":["GET"]}}],"collection":[{"href":"https:\/\/uj.adatbank.ro\/lexikon\/wp-json\/wp\/v2\/product"}],"about":[{"href":"https:\/\/uj.adatbank.ro\/lexikon\/wp-json\/wp\/v2\/types\/product"}],"replies":[{"embeddable":true,"href":"https:\/\/uj.adatbank.ro\/lexikon\/wp-json\/wp\/v2\/comments?post=25130"}],"wp:attachment":[{"href":"https:\/\/uj.adatbank.ro\/lexikon\/wp-json\/wp\/v2\/media?parent=25130"}],"wp:term":[{"taxonomy":"product_brand","embeddable":true,"href":"https:\/\/uj.adatbank.ro\/lexikon\/wp-json\/wp\/v2\/product_brand?post=25130"},{"taxonomy":"product_cat","embeddable":true,"href":"https:\/\/uj.adatbank.ro\/lexikon\/wp-json\/wp\/v2\/product_cat?post=25130"},{"taxonomy":"product_tag","embeddable":true,"href":"https:\/\/uj.adatbank.ro\/lexikon\/wp-json\/wp\/v2\/product_tag?post=25130"}],"curies":[{"name":"wp","href":"https:\/\/api.w.org\/{rel}","templated":true}]}}

ZILAHI SEBESS András; Sebes András

<p>? † Mv., 1719.: ref. lelkész, tanár. – A hagyomány szerint Z. Sámuel sírjában van eltemetve, de koporsókövét megtalálták a ref. temetőben (1943). – Zilahi Sebess János, zsibói pap fia. Felesége: Komáromi Zsófia, aki férje halála után a Kakasd községben lévő kis birtokára vonult és nagy nyomorban éltek. Két gyermeke közül: István († 12 évesen, Székelykakasd, 1719 után); József, gyulakutai pap. – Tanulmányait a kv-i Ref. Koll.-ban kezdte (1690), majd a franekeri akadémián végezve (1699). Bánffi György udvari papja lett, majd Némethi Mihály helyére, a kv-i Ref. Koll.-ba, a filozófia és nyelvek tanítására hívták meg (1709), állását csak később foglalta el (1714–16). Gyulafehérvárra ment (1916–17), a Sárospatakról kiüldözött iskolának második vándorlásában vezére lett. Egyedül vezette a gondjaira bízott intézetet, szellemi, anyagi ügyeit és tanította a teológiát, filozófiát, a nyelveket, stb., de amikor Szathmári Paksi Mihály tanártársa lett (1716), már csak a teológiát tanította. Gyulafehérvári tanársága idején unokatestvéreivel nyert címeres nemeslevelet (1715. szept. 7.). Gyulafehérvárról intézetével útnak indult Krakkóba, majd ötvened magával Mv.-re érkezett az elűzött koll. első csoportja élén (50 személy – 1716. dec. 2.), ahol előbb mint vendég, azután, amikor egyesültek a mv.-i particulával, újból megkezdte tanári hivatását (1718. ápr. 30). Neki köszönhető, hogy az annyit hányatott és zaklatott iskola nem züllött szét, és megvethette lábát Mv.-en. A nagy pestisjárvány áldozata lett (1719). –  <strong>F. m..:</strong> Dissertatio metaphisica de cultu dei rationali. Pars. I-a. Pars. altera. (Franequerae, 1699); Barcsai Ábrahám fölött tartott latin oratio, 1716. ápr. 26.(Kv., 1721); A régi nagy Bethlen háznak homályba érkezett szövétneke, a&#8217; néhai méltgs gróff bethleni Bethlen László uram&#8230;. szomorú halálában. Mellyet, magyar oratzioba foglalt és az emlitett ur hideg tetemének, a&#8217; Bethlenek ősi keresdi temetőjekbe való betakarításának alkalmatosságával a&#8217; sir előtt elmondott&#8230; 1717 észt. (Kv., 1717); Pápai Páriz Ferencz halálára latin vers. (1716.); Szathmári Német Sámuel halálára latin vers. (1718). <br /><strong>– Irod.:</strong> Erdélyi féniks; Halotti beszédek; Időtár 1; Krón. Füz. (1940, 4/10); Koncz; Parádi; Pálmay; Salamon József: De statu Evclesiaae Evangelico-Reformatae in Transilvania (Claudiopoli, 1840); Szinnyei.</br></p>

<p>? † Mv., 1719.: ref. lelkész, tanár. – A hagyomány szerint Z. Sámuel sírjában van eltemetve, de koporsókövét megtalálták a ref. temetőben (1943). – Zilahi Sebess János, zsibói pap fia. Felesége: Komáromi Zsófia, aki férje halála után a Kakasd községben lévő kis birtokára vonult és nagy nyomorban éltek. Két gyermeke közül: István († 12 évesen, Székelykakasd, [&hellip;]</p>
