{"id":25132,"date":"2025-08-01T18:34:17","date_gmt":"2025-08-01T16:34:17","guid":{"rendered":"https:\/\/uj.adatbank.ro\/lexikon\/termek\/zilahi-sebess-jozsef\/"},"modified":"2025-08-01T18:34:17","modified_gmt":"2025-08-01T16:34:17","slug":"zilahi-sebess-jozsef","status":"publish","type":"product","link":"https:\/\/uj.adatbank.ro\/lexikon\/termek\/zilahi-sebess-jozsef\/","title":{"rendered":"ZILAHI SEBESS J\u00f3zsef"},"content":{"rendered":"<p>? \u2020 ?: ref. lelk\u00e9sz. \u2013 Apja: Z. S. Andr\u00e1s prof. \u2013 Tanulm\u00e1nyait Mv.-en kezdte, itt subscrib\u00e1lt (1723), az egyh\u00e1zmegy\u00e9be ingremi\u00e1ltatott (1734), Enyeden (1738\u2013). Franekerben, majd Hall\u00e9ben tanult (1747 k.\u2013). Lelkip\u00e1sztork\u00e9nt m\u0171k\u00f6d\u00f6tt Sz\u0151kefalv\u00e1n (1754\u2013), Koronk\u00e1n (1754\u201356), Berekereszt\u00faron (1757\u201360), Kib\u00e9den (1762\u201364), Beresztelk\u00e9n (\u20131768) \u00e9s Kolozsnagyid\u00e1n (1769\u20131770), Gyulakut\u00e1n (\u20131775), Erd\u0151szentgy\u00f6rgy\u00f6n (1776\u201385), Csejden (1788\u201391). Az Erd\u00e9lyi Mez\u0151gazdas\u00e1gi Egyes\u00fclet vezet\u0151s\u00e9ge megb\u00edzta egy agr\u00e1rirodalmi bibliogr\u00e1fia elk\u00e9sz\u00edt\u00e9s\u00e9vel. K\u00eds\u00e9rleteket folytatott a burgonya \u00e9lelmiszeripari felhaszn\u00e1l\u00e1s\u00e1val. <br \/><strong>\u2013 Irod.:<\/strong> Csejd \u2013T\u00f3falva; Fut\u00f3 Mih\u00e1ly: A magyar gy\u00e1ripar t\u00f6rt\u00e9nete (Bp., 1944); Kl\u00f3sz\u2013Tolok\u00e1n; M\u0171vt\u00f6rt. T. 1979; Nagy L\u00e1szl\u00f3; \u0150sz.<\/br><\/p>\n","protected":false},"excerpt":{"rendered":"<p>? \u2020 ?: ref. lelk\u00e9sz. \u2013 Apja: Z. S. Andr\u00e1s prof. \u2013 Tanulm\u00e1nyait Mv.-en kezdte, itt subscrib\u00e1lt (1723), az egyh\u00e1zmegy\u00e9be ingremi\u00e1ltatott (1734), Enyeden (1738\u2013). Franekerben, majd Hall\u00e9ben tanult (1747 k.\u2013). Lelkip\u00e1sztork\u00e9nt m\u0171k\u00f6d\u00f6tt Sz\u0151kefalv\u00e1n (1754\u2013), Koronk\u00e1n (1754\u201356), Berekereszt\u00faron (1757\u201360), Kib\u00e9den (1762\u201364), Beresztelk\u00e9n (\u20131768) \u00e9s Kolozsnagyid\u00e1n (1769\u20131770), Gyulakut\u00e1n (\u20131775), Erd\u0151szentgy\u00f6rgy\u00f6n (1776\u201385), Csejden (1788\u201391). Az Erd\u00e9lyi Mez\u0151gazdas\u00e1gi Egyes\u00fclet [&hellip;]<\/p>\n","protected":false},"featured_media":0,"comment_status":"open","ping_status":"closed","template":"","meta":[],"product_brand":[],"product_cat":[137],"product_tag":[],"class_list":{"0":"post-25132","1":"product","2":"type-product","3":"status-publish","5":"product_cat-maros-megyei-eletrajzi-lexikon","7":"first","8":"instock","9":"shipping-taxable","10":"product-type-simple"},"_links":{"self":[{"href":"https:\/\/uj.adatbank.ro\/lexikon\/wp-json\/wp\/v2\/product\/25132","targetHints":{"allow":["GET"]}}],"collection":[{"href":"https:\/\/uj.adatbank.ro\/lexikon\/wp-json\/wp\/v2\/product"}],"about":[{"href":"https:\/\/uj.adatbank.ro\/lexikon\/wp-json\/wp\/v2\/types\/product"}],"replies":[{"embeddable":true,"href":"https:\/\/uj.adatbank.ro\/lexikon\/wp-json\/wp\/v2\/comments?post=25132"}],"wp:attachment":[{"href":"https:\/\/uj.adatbank.ro\/lexikon\/wp-json\/wp\/v2\/media?parent=25132"}],"wp:term":[{"taxonomy":"product_brand","embeddable":true,"href":"https:\/\/uj.adatbank.ro\/lexikon\/wp-json\/wp\/v2\/product_brand?post=25132"},{"taxonomy":"product_cat","embeddable":true,"href":"https:\/\/uj.adatbank.ro\/lexikon\/wp-json\/wp\/v2\/product_cat?post=25132"},{"taxonomy":"product_tag","embeddable":true,"href":"https:\/\/uj.adatbank.ro\/lexikon\/wp-json\/wp\/v2\/product_tag?post=25132"}],"curies":[{"name":"wp","href":"https:\/\/api.w.org\/{rel}","templated":true}]}}

ZILAHI SEBESS József

<p>? † ?: ref. lelkész. – Apja: Z. S. András prof. – Tanulmányait Mv.-en kezdte, itt subscribált (1723), az egyházmegyébe ingremiáltatott (1734), Enyeden (1738–). Franekerben, majd Hallében tanult (1747 k.–). Lelkipásztorként működött Szőkefalván (1754–), Koronkán (1754–56), Berekeresztúron (1757–60), Kibéden (1762–64), Beresztelkén (–1768) és Kolozsnagyidán (1769–1770), Gyulakután (–1775), Erdőszentgyörgyön (1776–85), Csejden (1788–91). Az Erdélyi Mezőgazdasági Egyesület vezetősége megbízta egy agrárirodalmi bibliográfia elkészítésével. Kísérleteket folytatott a burgonya élelmiszeripari felhasználásával. <br /><strong>– Irod.:</strong> Csejd –Tófalva; Futó Mihály: A magyar gyáripar története (Bp., 1944); Klósz–Tolokán; Művtört. T. 1979; Nagy László; Ősz.</br></p>

<p>? † ?: ref. lelkész. – Apja: Z. S. András prof. – Tanulmányait Mv.-en kezdte, itt subscribált (1723), az egyházmegyébe ingremiáltatott (1734), Enyeden (1738–). Franekerben, majd Hallében tanult (1747 k.–). Lelkipásztorként működött Szőkefalván (1754–), Koronkán (1754–56), Berekeresztúron (1757–60), Kibéden (1762–64), Beresztelkén (–1768) és Kolozsnagyidán (1769–1770), Gyulakután (–1775), Erdőszentgyörgyön (1776–85), Csejden (1788–91). Az Erdélyi Mezőgazdasági Egyesület [&hellip;]</p>
