{"id":25133,"date":"2025-08-01T18:34:19","date_gmt":"2025-08-01T16:34:19","guid":{"rendered":"https:\/\/uj.adatbank.ro\/lexikon\/termek\/zilahi-sebess-geza-sebess-geza-sebess-geysa\/"},"modified":"2025-08-01T18:34:19","modified_gmt":"2025-08-01T16:34:19","slug":"zilahi-sebess-geza-sebess-geza-sebess-geysa","status":"publish","type":"product","link":"https:\/\/uj.adatbank.ro\/lexikon\/termek\/zilahi-sebess-geza-sebess-geza-sebess-geysa\/","title":{"rendered":"ZILAHI SEBESS G\u00e9za; Sebess G\u00e9za; Sebess Geysa"},"content":{"rendered":"<p>Marosugra, 1905. dec. 12., \u2020 Debrecen, 1960. \u00e1pr. 30.: zool\u00f3gus. \u2013 A debreceni egy.-en tanult (1925\u201329), b\u00f6lcs\u00e9szdoktori (1930) \u00e9s k\u00f6z\u00e9piskolai tan\u00e1ri oklevelet (1931) szerzett. A szegedi tudom\u00e1nyegyetem \u00e1llatrendszertani, majd \u00e1ltal\u00e1nos \u00e1llattani \u00e9s biol\u00f3giai int.-\u00e9ben gyakornok, tan\u00e1rseg\u00e9d, adjunktus (1931\u201349), \u00edzeltl\u00e1b\u00fa \u00e1llatok morfol\u00f3gi\u00e1ja \u00e9s rendszertana c. t\u00e1rgyk\u00f6r egyetemi mag\u00e1ntan\u00e1ra (1942\u2013). A debreceni tudom\u00e1nyegyetem \u00c1llattani Tansz\u00e9k\u00e9nek vezet\u0151 adjunktusa, majd docense (1949-t\u0151l). A fonalascs\u00e1p\u00fa k\u00e9tsz\u00e1rny\u00faakat tanulm\u00e1nyozta, valamint a mez\u0151gazdas\u00e1gi \u00e1llattan, rovaranat\u00f3mia, hidrobiol\u00f3gia volt a kutat\u00e1si ter\u00fclete. T\u00f6bb egyetemi jegyzetet \u00edrt \u00e9s ismeretterjeszt\u0151 cikkeket k\u00f6z\u00f6lt: Archiv f\u00fcr Hidrobiologie, Bull. Soc. Entom. Bulgariae, Acta Biologica, M. Biol. Kutat\u00f3 Int. munk\u00e1i, Folia Entomologica Hungarica, Fragmenta Fauna Hungarica, Agr\u00e1rtudom\u00e1ny, Acta Zoologica. A M. Term.tud. T\u00e1rsulat (1927\u201344), a M. Rovartani T\u00e1rs., a M. Hidrol\u00f3giai T\u00e1rs., a M. Biol. Egyes, tagja. A Soci\u00e9t\u00e9 Linn\u00e9enne de Lyon tagja (1937\u201342) \u2013  <strong>F. m..:<\/strong> K\u00e9t \u00faj Chironomida-faj a Balaton vid\u00e9k\u00e9r\u0151l (M. Biol. Int. I. oszt\u00e1ly\u00e1nak munk\u00e1i, 1930); Tanulm\u00e1ny a k\u0151v\u00e1g\u00f3\u0151rsi Dasyhele\u00e1r\u00f3l (Hajd\u00fahadh\u00e1z, 1930); \u00c1llattan, II. \u00c1llatrendszertan. (T\u00f6bbekkel; ped. f\u0151isk. tank\u00f6nyv; Bp., 1955). <br \/><strong>\u2013 Irod.:<\/strong> MMA; \u00daM\u00c9L.<\/br><\/p>\n","protected":false},"excerpt":{"rendered":"<p>Marosugra, 1905. dec. 12., \u2020 Debrecen, 1960. \u00e1pr. 30.: zool\u00f3gus. \u2013 A debreceni egy.-en tanult (1925\u201329), b\u00f6lcs\u00e9szdoktori (1930) \u00e9s k\u00f6z\u00e9piskolai tan\u00e1ri oklevelet (1931) szerzett. A szegedi tudom\u00e1nyegyetem \u00e1llatrendszertani, majd \u00e1ltal\u00e1nos \u00e1llattani \u00e9s biol\u00f3giai int.-\u00e9ben gyakornok, tan\u00e1rseg\u00e9d, adjunktus (1931\u201349), \u00edzeltl\u00e1b\u00fa \u00e1llatok morfol\u00f3gi\u00e1ja \u00e9s rendszertana c. t\u00e1rgyk\u00f6r egyetemi mag\u00e1ntan\u00e1ra (1942\u2013). A debreceni tudom\u00e1nyegyetem \u00c1llattani Tansz\u00e9k\u00e9nek vezet\u0151 adjunktusa, [&hellip;]<\/p>\n","protected":false},"featured_media":0,"comment_status":"open","ping_status":"closed","template":"","meta":[],"product_brand":[],"product_cat":[137],"product_tag":[],"class_list":{"0":"post-25133","1":"product","2":"type-product","3":"status-publish","5":"product_cat-maros-megyei-eletrajzi-lexikon","7":"first","8":"instock","9":"shipping-taxable","10":"product-type-simple"},"_links":{"self":[{"href":"https:\/\/uj.adatbank.ro\/lexikon\/wp-json\/wp\/v2\/product\/25133","targetHints":{"allow":["GET"]}}],"collection":[{"href":"https:\/\/uj.adatbank.ro\/lexikon\/wp-json\/wp\/v2\/product"}],"about":[{"href":"https:\/\/uj.adatbank.ro\/lexikon\/wp-json\/wp\/v2\/types\/product"}],"replies":[{"embeddable":true,"href":"https:\/\/uj.adatbank.ro\/lexikon\/wp-json\/wp\/v2\/comments?post=25133"}],"wp:attachment":[{"href":"https:\/\/uj.adatbank.ro\/lexikon\/wp-json\/wp\/v2\/media?parent=25133"}],"wp:term":[{"taxonomy":"product_brand","embeddable":true,"href":"https:\/\/uj.adatbank.ro\/lexikon\/wp-json\/wp\/v2\/product_brand?post=25133"},{"taxonomy":"product_cat","embeddable":true,"href":"https:\/\/uj.adatbank.ro\/lexikon\/wp-json\/wp\/v2\/product_cat?post=25133"},{"taxonomy":"product_tag","embeddable":true,"href":"https:\/\/uj.adatbank.ro\/lexikon\/wp-json\/wp\/v2\/product_tag?post=25133"}],"curies":[{"name":"wp","href":"https:\/\/api.w.org\/{rel}","templated":true}]}}