{"id":25136,"date":"2025-08-01T18:34:25","date_gmt":"2025-08-01T16:34:25","guid":{"rendered":"https:\/\/uj.adatbank.ro\/lexikon\/termek\/zilieriu-ioan\/"},"modified":"2025-08-01T18:34:25","modified_gmt":"2025-08-01T16:34:25","slug":"zilieriu-ioan","status":"publish","type":"product","link":"https:\/\/uj.adatbank.ro\/lexikon\/termek\/zilieriu-ioan\/","title":{"rendered":"ZILIERIU, Ioan"},"content":{"rendered":"<p>Cuzir, 1885., \u2020 ?: dics\u0151szentm\u00e1rtoni alisp\u00e1n. \u2013 Bal\u00e1zsfalv\u00e1n \u00e9retts\u00e9gizett, Bp.-en \u00e9s Kv.-on jogi diplom\u00e1t szerzett. Gyulafeh\u00e9rv\u00e1ron \u00fcgyv\u00e9djel\u00f6lt volt, majd k\u00f6zigazgat\u00e1si p\u00e1ly\u00e1ra l\u00e9pett (1920), Dics\u0151szentm\u00e1rtonban alisp\u00e1nn\u00e1 nevezt\u00e9k ki \u00e9s a megyei tan\u00e1cs eln\u00f6ke lett (1921). A v\u00e1rmegye kultur\u00e1lis \u00e9s gazdas\u00e1gi \u00e9let\u00e9ben nagy szerepet j\u00e1tszott. A k\u00f6rjegyz\u0151i egyes\u00fclet tagozat\u00e1nak eln\u00f6ke, a rom\u00e1n kaszin\u00f3 \u00e9s sz\u00e1mos kultur\u00e1lis, t\u00e1rsadalmi int\u00e9zm\u00e9ny vezet\u0151je volt. A rom\u00e1n koronarend tiszti keresztj\u00e9vel t\u00fcntett\u00e9k ki. <br \/><strong>\u2013 Irod.:<\/strong> Ki kicsoda?<\/br><\/p>\n","protected":false},"excerpt":{"rendered":"<p>Cuzir, 1885., \u2020 ?: dics\u0151szentm\u00e1rtoni alisp\u00e1n. \u2013 Bal\u00e1zsfalv\u00e1n \u00e9retts\u00e9gizett, Bp.-en \u00e9s Kv.-on jogi diplom\u00e1t szerzett. Gyulafeh\u00e9rv\u00e1ron \u00fcgyv\u00e9djel\u00f6lt volt, majd k\u00f6zigazgat\u00e1si p\u00e1ly\u00e1ra l\u00e9pett (1920), Dics\u0151szentm\u00e1rtonban alisp\u00e1nn\u00e1 nevezt\u00e9k ki \u00e9s a megyei tan\u00e1cs eln\u00f6ke lett (1921). A v\u00e1rmegye kultur\u00e1lis \u00e9s gazdas\u00e1gi \u00e9let\u00e9ben nagy szerepet j\u00e1tszott. A k\u00f6rjegyz\u0151i egyes\u00fclet tagozat\u00e1nak eln\u00f6ke, a rom\u00e1n kaszin\u00f3 \u00e9s sz\u00e1mos kultur\u00e1lis, t\u00e1rsadalmi [&hellip;]<\/p>\n","protected":false},"featured_media":0,"comment_status":"open","ping_status":"closed","template":"","meta":[],"product_brand":[],"product_cat":[137],"product_tag":[],"class_list":{"0":"post-25136","1":"product","2":"type-product","3":"status-publish","5":"product_cat-maros-megyei-eletrajzi-lexikon","7":"first","8":"instock","9":"shipping-taxable","10":"product-type-simple"},"_links":{"self":[{"href":"https:\/\/uj.adatbank.ro\/lexikon\/wp-json\/wp\/v2\/product\/25136","targetHints":{"allow":["GET"]}}],"collection":[{"href":"https:\/\/uj.adatbank.ro\/lexikon\/wp-json\/wp\/v2\/product"}],"about":[{"href":"https:\/\/uj.adatbank.ro\/lexikon\/wp-json\/wp\/v2\/types\/product"}],"replies":[{"embeddable":true,"href":"https:\/\/uj.adatbank.ro\/lexikon\/wp-json\/wp\/v2\/comments?post=25136"}],"wp:attachment":[{"href":"https:\/\/uj.adatbank.ro\/lexikon\/wp-json\/wp\/v2\/media?parent=25136"}],"wp:term":[{"taxonomy":"product_brand","embeddable":true,"href":"https:\/\/uj.adatbank.ro\/lexikon\/wp-json\/wp\/v2\/product_brand?post=25136"},{"taxonomy":"product_cat","embeddable":true,"href":"https:\/\/uj.adatbank.ro\/lexikon\/wp-json\/wp\/v2\/product_cat?post=25136"},{"taxonomy":"product_tag","embeddable":true,"href":"https:\/\/uj.adatbank.ro\/lexikon\/wp-json\/wp\/v2\/product_tag?post=25136"}],"curies":[{"name":"wp","href":"https:\/\/api.w.org\/{rel}","templated":true}]}}

<p>Cuzir, 1885., † ?: dicsőszentmártoni alispán. – Balázsfalván érettségizett, Bp.-en és Kv.-on jogi diplomát szerzett. Gyulafehérváron ügyvédjelölt volt, majd közigazgatási pályára lépett (1920), Dicsőszentmártonban alispánná nevezték ki és a megyei tanács elnöke lett (1921). A vármegye kulturális és gazdasági életében nagy szerepet játszott. A körjegyzői egyesület tagozatának elnöke, a román kaszinó és számos kulturális, társadalmi intézmény vezetője volt. A román koronarend tiszti keresztjével tüntették ki. <br /><strong>– Irod.:</strong> Ki kicsoda?</br></p>

<p>Cuzir, 1885., † ?: dicsőszentmártoni alispán. – Balázsfalván érettségizett, Bp.-en és Kv.-on jogi diplomát szerzett. Gyulafehérváron ügyvédjelölt volt, majd közigazgatási pályára lépett (1920), Dicsőszentmártonban alispánná nevezték ki és a megyei tanács elnöke lett (1921). A vármegye kulturális és gazdasági életében nagy szerepet játszott. A körjegyzői egyesület tagozatának elnöke, a román kaszinó és számos kulturális, társadalmi [&hellip;]</p>
