{"id":25141,"date":"2025-08-01T18:34:38","date_gmt":"2025-08-01T16:34:38","guid":{"rendered":"https:\/\/uj.adatbank.ro\/lexikon\/termek\/zimmermann-daniel-josef\/"},"modified":"2025-08-01T18:34:38","modified_gmt":"2025-08-01T16:34:38","slug":"zimmermann-daniel-josef","status":"publish","type":"product","link":"https:\/\/uj.adatbank.ro\/lexikon\/termek\/zimmermann-daniel-josef\/","title":{"rendered":"ZIMMERMANN, Daniel Josef"},"content":{"rendered":"<p>Segesv\u00e1r, 1876. j\u00fal. 6., \u2020 Gundelsheim, 1965. j\u00fal. 20.: gy\u00e1ros. \u2013 Apja Z. Daniel Josef (1845\u20131921), b\u00e1tyj\u00e1val Z. Friedrichhel alap\u00edtotta a kend\u0151gy\u00e1rat (1875-ben). \u2013 Unokatestv\u00e9r\u00e9vel, Zimmermann Richarddal vezette a segesv\u00e1ri \u201eGebr\u00fcder Zimmermann\u201d (Zimmermann Testv\u00e9rek) kend\u0151gy\u00e1rat. Versenyk\u00e9pess\u00e9g\u00e9rt \u00e9s j\u00f3 munk\u00e1\u00e9rt kapott ki\u00e1ll.-i nagy \u00e9rmet a Bp.-i Orsz\u00e1gos \u00c1ltal\u00e1nos Ki\u00e1ll.-on, kit\u0171n\u0151 termel\u00e9si gyapj\u00fa\u00e9rt kapott nagy \u00e9rmet, majd \u00faj gy\u00e1rat hoztak l\u00e9tre (1902\u20131904) k\u00f6t\u0151- \u00e9s sz\u00f6v\u0151g\u00e9pekkel, ami mint mosoda, fest\u00f6de, v\u00e1nyol\u00f3 is dolgozott. \u00c1llamos\u00edt\u00e1skor (1948. j\u00fan. 11.) 120 munk\u00e1st, f\u0151leg erd\u00e9lyi sz\u00e1szokat foglalkoztatott. A tulajdonosokat beb\u00f6rt\u00f6n\u00f6zt\u00e9k (1950\u201355) (Z. Richard a b\u00f6rt\u00f6nben halt meg). N\u00e9meto.-ba utazott \u00e9s ott maradt (1961\u2013), \u00f6regotthonban halt meg. <br \/><strong>\u2013 Irod.:<\/strong> 1885. \u00e9vi ki\u00e1ll.; (Bp., 1885); Fut\u00f3 Mih\u00e1ly: A magyar gy\u00e1ripar t\u00f6rt\u00e9nete (Bp., 1944); LSS; A Magyar Korona orsz\u00e1gainak kivitelk\u00e9pes ipartelepei (Bp., 1897); Szter\u00e9nyi; Transilvania.<\/br><\/p>\n","protected":false},"excerpt":{"rendered":"<p>Segesv\u00e1r, 1876. j\u00fal. 6., \u2020 Gundelsheim, 1965. j\u00fal. 20.: gy\u00e1ros. \u2013 Apja Z. Daniel Josef (1845\u20131921), b\u00e1tyj\u00e1val Z. Friedrichhel alap\u00edtotta a kend\u0151gy\u00e1rat (1875-ben). \u2013 Unokatestv\u00e9r\u00e9vel, Zimmermann Richarddal vezette a segesv\u00e1ri \u201eGebr\u00fcder Zimmermann\u201d (Zimmermann Testv\u00e9rek) kend\u0151gy\u00e1rat. Versenyk\u00e9pess\u00e9g\u00e9rt \u00e9s j\u00f3 munk\u00e1\u00e9rt kapott ki\u00e1ll.-i nagy \u00e9rmet a Bp.-i Orsz\u00e1gos \u00c1ltal\u00e1nos Ki\u00e1ll.-on, kit\u0171n\u0151 termel\u00e9si gyapj\u00fa\u00e9rt kapott nagy \u00e9rmet, majd [&hellip;]<\/p>\n","protected":false},"featured_media":0,"comment_status":"open","ping_status":"closed","template":"","meta":[],"product_brand":[],"product_cat":[137],"product_tag":[],"class_list":{"0":"post-25141","1":"product","2":"type-product","3":"status-publish","5":"product_cat-maros-megyei-eletrajzi-lexikon","7":"first","8":"instock","9":"shipping-taxable","10":"product-type-simple"},"_links":{"self":[{"href":"https:\/\/uj.adatbank.ro\/lexikon\/wp-json\/wp\/v2\/product\/25141","targetHints":{"allow":["GET"]}}],"collection":[{"href":"https:\/\/uj.adatbank.ro\/lexikon\/wp-json\/wp\/v2\/product"}],"about":[{"href":"https:\/\/uj.adatbank.ro\/lexikon\/wp-json\/wp\/v2\/types\/product"}],"replies":[{"embeddable":true,"href":"https:\/\/uj.adatbank.ro\/lexikon\/wp-json\/wp\/v2\/comments?post=25141"}],"wp:attachment":[{"href":"https:\/\/uj.adatbank.ro\/lexikon\/wp-json\/wp\/v2\/media?parent=25141"}],"wp:term":[{"taxonomy":"product_brand","embeddable":true,"href":"https:\/\/uj.adatbank.ro\/lexikon\/wp-json\/wp\/v2\/product_brand?post=25141"},{"taxonomy":"product_cat","embeddable":true,"href":"https:\/\/uj.adatbank.ro\/lexikon\/wp-json\/wp\/v2\/product_cat?post=25141"},{"taxonomy":"product_tag","embeddable":true,"href":"https:\/\/uj.adatbank.ro\/lexikon\/wp-json\/wp\/v2\/product_tag?post=25141"}],"curies":[{"name":"wp","href":"https:\/\/api.w.org\/{rel}","templated":true}]}}