{"id":25142,"date":"2025-08-01T18:34:40","date_gmt":"2025-08-01T16:34:40","guid":{"rendered":"https:\/\/uj.adatbank.ro\/lexikon\/termek\/zimmermann-josef-andreas-zimmermann-joseph-andreas\/"},"modified":"2025-08-01T18:34:40","modified_gmt":"2025-08-01T16:34:40","slug":"zimmermann-josef-andreas-zimmermann-joseph-andreas","status":"publish","type":"product","link":"https:\/\/uj.adatbank.ro\/lexikon\/termek\/zimmermann-josef-andreas-zimmermann-joseph-andreas\/","title":{"rendered":"ZIMMERMANN, Josef Andreas, Zimmermann Joseph Andreas"},"content":{"rendered":"<p>Segesv\u00e1r, 1810. dec. 2., \u2020 Szeben, 1897. m\u00e1j. 19.: jog\u00e1sz, miniszt\u00e9riumi tisztvisel\u0151. \u2013 Tanulm\u00e1nyait sz\u00fcl\u0151v\u00e1ros\u00e1ban \u00e9s Kv.-on v\u00e9gezte. Az erd\u00e9lyi Korm\u00e1nysz\u00e9k tisztvisel\u0151je (1832), majd a mv.-i Kir. T\u00e1bla b\u00edr\u00e1ja lett (1838). A nagyszebeni jogakad\u00e9mia tan\u00e1r\u00e1v\u00e1 nevezt\u00e9k ki (1844) ahol erd\u00e9lyi jogt\u00f6rt\u00e9netet, diplomatik\u00e1t, erd\u00e9lyi mag\u00e1n- \u00e9s \u00e1llamjogot, magyar mag\u00e1njogot adott el\u0151. Ebben az id\u0151ben \u00edrta erd\u00e9lyi jogt\u00f6rt\u00e9net\u00e9t, mely azonban k\u00e9ziratban maradt s hallgat\u00f3inak m\u00e1solataiban terjedt. Tan\u00edtv\u00e1nyaival (Rannicher J. \u00e9s Schuler von Libloy) egy\u00fctt k\u00e9pviselte a 19.sz\u00e1zadi joghagyom\u00e1nyt Erd\u00e9lyben. Tagja volt az erd\u00e9lyi (1846\u201347), a magyar (1848) ogy.-nek. A kv.-i ogy.-en elutas\u00edtotta a Magyaro.-gal val\u00f3 uni\u00f3t (1848). A b\u00e9csi kultuszminiszt\u00e9riumba ker\u00fclt (1952), ahol min. titk\u00e1r, oszt\u00e1lytan\u00e1csos, miniszteri tan\u00e1csos lett. Tagja volt az osztr\u00e1k (1863\u201365), majd a magyar orsz\u00e1ggy\u0171l\u00e9snek (1866\u201367). Eln\u00f6ke lett a cs. k. ev. F\u0151egyh\u00e1ztan\u00e1csnak B\u00e9csben (1867). Nyugalomba vonult (1874), ezut\u00e1n felv\u00e1ltva Nagyszebenben \u00e9s B\u00e9csben \u00e9lt irodalmi tanulm\u00e1nyokkal foglalkozva. \u00dajj\u00e1szervezte az erd\u00e9lyi iskolarendszert, megszervezte a m. Protest\u00e1nsp\u00e1tenst (1859), el\u0151munk\u00e1latokat v\u00e9gzett az osztr\u00e1k Protest\u00e1nsp\u00e1tenshez is (1861), hozz\u00e1j\u00e1rult az ev. egyh\u00e1z \u00faj alkotm\u00e1ny\u00e1nak kidolgoz\u00e1s\u00e1hoz (1861). Gazdag k\u00f6nyvt\u00e1r\u00e1t az ev. egyh\u00e1zra hagyta, \u00e9rt\u00e9kes k\u00e9ziratgy\u0171jtem\u00e9ny ker\u00fclt a Brukenthal M\u00fazeum birtok\u00e1ba, amelyet ma a szebeni lev\u00e9lt\u00e1rban \u0151riznek. Cikkei a k\u00f6vetkez\u0151 lapokban jelentek meg: Satellit, Transsylvania, Statistisches Jahrbuch. Hermannstadt. \u2013  <strong>F. m..:<\/strong> Handbuch f\u00fcr die ev. Landeskirche Augsburgischen Bekenntnises im Grossf\u00fcrstentum Siebenb\u00fcrgen. (B\u00e9cs, 1857.). <br \/><strong>\u2013 Irod.:<\/strong> LSS, Szinnyei; Sinnyei J.<\/br><\/p>\n","protected":false},"excerpt":{"rendered":"<p>Segesv\u00e1r, 1810. dec. 2., \u2020 Szeben, 1897. m\u00e1j. 19.: jog\u00e1sz, miniszt\u00e9riumi tisztvisel\u0151. \u2013 Tanulm\u00e1nyait sz\u00fcl\u0151v\u00e1ros\u00e1ban \u00e9s Kv.-on v\u00e9gezte. Az erd\u00e9lyi Korm\u00e1nysz\u00e9k tisztvisel\u0151je (1832), majd a mv.-i Kir. T\u00e1bla b\u00edr\u00e1ja lett (1838). A nagyszebeni jogakad\u00e9mia tan\u00e1r\u00e1v\u00e1 nevezt\u00e9k ki (1844) ahol erd\u00e9lyi jogt\u00f6rt\u00e9netet, diplomatik\u00e1t, erd\u00e9lyi mag\u00e1n- \u00e9s \u00e1llamjogot, magyar mag\u00e1njogot adott el\u0151. Ebben az id\u0151ben \u00edrta erd\u00e9lyi [&hellip;]<\/p>\n","protected":false},"featured_media":0,"comment_status":"open","ping_status":"closed","template":"","meta":[],"product_brand":[],"product_cat":[137],"product_tag":[],"class_list":{"0":"post-25142","1":"product","2":"type-product","3":"status-publish","5":"product_cat-maros-megyei-eletrajzi-lexikon","7":"first","8":"instock","9":"shipping-taxable","10":"product-type-simple"},"_links":{"self":[{"href":"https:\/\/uj.adatbank.ro\/lexikon\/wp-json\/wp\/v2\/product\/25142","targetHints":{"allow":["GET"]}}],"collection":[{"href":"https:\/\/uj.adatbank.ro\/lexikon\/wp-json\/wp\/v2\/product"}],"about":[{"href":"https:\/\/uj.adatbank.ro\/lexikon\/wp-json\/wp\/v2\/types\/product"}],"replies":[{"embeddable":true,"href":"https:\/\/uj.adatbank.ro\/lexikon\/wp-json\/wp\/v2\/comments?post=25142"}],"wp:attachment":[{"href":"https:\/\/uj.adatbank.ro\/lexikon\/wp-json\/wp\/v2\/media?parent=25142"}],"wp:term":[{"taxonomy":"product_brand","embeddable":true,"href":"https:\/\/uj.adatbank.ro\/lexikon\/wp-json\/wp\/v2\/product_brand?post=25142"},{"taxonomy":"product_cat","embeddable":true,"href":"https:\/\/uj.adatbank.ro\/lexikon\/wp-json\/wp\/v2\/product_cat?post=25142"},{"taxonomy":"product_tag","embeddable":true,"href":"https:\/\/uj.adatbank.ro\/lexikon\/wp-json\/wp\/v2\/product_tag?post=25142"}],"curies":[{"name":"wp","href":"https:\/\/api.w.org\/{rel}","templated":true}]}}

<p>Segesvár, 1810. dec. 2., † Szeben, 1897. máj. 19.: jogász, minisztériumi tisztviselő. – Tanulmányait szülővárosában és Kv.-on végezte. Az erdélyi Kormányszék tisztviselője (1832), majd a mv.-i Kir. Tábla bírája lett (1838). A nagyszebeni jogakadémia tanárává nevezték ki (1844) ahol erdélyi jogtörténetet, diplomatikát, erdélyi magán- és államjogot, magyar magánjogot adott elő. Ebben az időben írta erdélyi jogtörténetét, mely azonban kéziratban maradt s hallgatóinak másolataiban terjedt. Tanítványaival (Rannicher J. és Schuler von Libloy) együtt képviselte a 19.századi joghagyományt Erdélyben. Tagja volt az erdélyi (1846–47), a magyar (1848) ogy.-nek. A kv.-i ogy.-en elutasította a Magyaro.-gal való uniót (1848). A bécsi kultuszminisztériumba került (1952), ahol min. titkár, osztálytanácsos, miniszteri tanácsos lett. Tagja volt az osztrák (1863–65), majd a magyar országgyűlésnek (1866–67). Elnöke lett a cs. k. ev. Főegyháztanácsnak Bécsben (1867). Nyugalomba vonult (1874), ezután felváltva Nagyszebenben és Bécsben élt irodalmi tanulmányokkal foglalkozva. Újjászervezte az erdélyi iskolarendszert, megszervezte a m. Protestánspátenst (1859), előmunkálatokat végzett az osztrák Protestánspátenshez is (1861), hozzájárult az ev. egyház új alkotmányának kidolgozásához (1861). Gazdag könyvtárát az ev. egyházra hagyta, értékes kéziratgyűjtemény került a Brukenthal Múzeum birtokába, amelyet ma a szebeni levéltárban őriznek. Cikkei a következő lapokban jelentek meg: Satellit, Transsylvania, Statistisches Jahrbuch. Hermannstadt. –  <strong>F. m..:</strong> Handbuch für die ev. Landeskirche Augsburgischen Bekenntnises im Grossfürstentum Siebenbürgen. (Bécs, 1857.). <br /><strong>– Irod.:</strong> LSS, Szinnyei; Sinnyei J.</br></p>

<p>Segesvár, 1810. dec. 2., † Szeben, 1897. máj. 19.: jogász, minisztériumi tisztviselő. – Tanulmányait szülővárosában és Kv.-on végezte. Az erdélyi Kormányszék tisztviselője (1832), majd a mv.-i Kir. Tábla bírája lett (1838). A nagyszebeni jogakadémia tanárává nevezték ki (1844) ahol erdélyi jogtörténetet, diplomatikát, erdélyi magán- és államjogot, magyar magánjogot adott elő. Ebben az időben írta erdélyi [&hellip;]</p>
