{"id":25144,"date":"2025-08-01T18:34:45","date_gmt":"2025-08-01T16:34:45","guid":{"rendered":"https:\/\/uj.adatbank.ro\/lexikon\/termek\/zimmermann-michael\/"},"modified":"2025-08-01T18:34:45","modified_gmt":"2025-08-01T16:34:45","slug":"zimmermann-michael","status":"publish","type":"product","link":"https:\/\/uj.adatbank.ro\/lexikon\/termek\/zimmermann-michael\/","title":{"rendered":"ZIMMERMANN, Michael"},"content":{"rendered":"<p>J\u00f6vedics, 1834, \u2020 Teplitz-Sch\u00f6nau, 1907. dec. 8.: karmester, zeneszerz\u0151. \u2013 El\u0151sz\u00f6r egy magyar katonai f\u00fav\u00f3szenekarban tanult, majd P\u00e1r\u00e1g\u00e1ban katonai-zen\u00e9sz kik\u00e9pz\u00e9st szerzett, osztr\u00e1k ezredn\u00e9l volt f\u00fav\u00f3szenekarvezet\u0151. A P\u00e1rizsi Vil\u00e1gki\u00e1ll\u00edt\u00e1sra ki\u00edrt katonai zenekarok versenyen els\u0151 helyez\u00e9st \u00e9rt el (1867), III. Nap\u00f3leon cs\u00e1sz\u00e1r a Becs\u00fcletl\u00e9gi\u00f3 Lovagj\u00e1v\u00e1 \u00fct\u00f6tte, Ferenc J\u00f3zsef cs\u00e1sz\u00e1rt\u00f3l Arany\u00e9rdemkereszt Koron\u00e1val kit\u00fcntet\u00e9st kapott. A brass\u00f3i v\u00e1ros f\u00fav\u00f3szenekar\u00e1nak karmestere volt (1868\u2013), megalap\u00edtotta a helyi Zenebar\u00e1tok Egyes\u00fclet\u00e9t (1869), tov\u00e1bbi terveit nem tudta megval\u00f3s\u00edtani, ez\u00e9rt B\u00e9csbe ment karmesternek nyugd\u00edjaz\u00e1s\u00e1ig (1869\u2013), majd marienbadi, teplitzi zenekarokat vezetett. \u00cdrt \u00e9s k\u00f6zz\u00e9tett f\u00fav\u00f3szenekari m\u0171veket. <br \/><strong>\u2013 Irod.:<\/strong> LSS.<\/br><\/p>\n","protected":false},"excerpt":{"rendered":"<p>J\u00f6vedics, 1834, \u2020 Teplitz-Sch\u00f6nau, 1907. dec. 8.: karmester, zeneszerz\u0151. \u2013 El\u0151sz\u00f6r egy magyar katonai f\u00fav\u00f3szenekarban tanult, majd P\u00e1r\u00e1g\u00e1ban katonai-zen\u00e9sz kik\u00e9pz\u00e9st szerzett, osztr\u00e1k ezredn\u00e9l volt f\u00fav\u00f3szenekarvezet\u0151. A P\u00e1rizsi Vil\u00e1gki\u00e1ll\u00edt\u00e1sra ki\u00edrt katonai zenekarok versenyen els\u0151 helyez\u00e9st \u00e9rt el (1867), III. Nap\u00f3leon cs\u00e1sz\u00e1r a Becs\u00fcletl\u00e9gi\u00f3 Lovagj\u00e1v\u00e1 \u00fct\u00f6tte, Ferenc J\u00f3zsef cs\u00e1sz\u00e1rt\u00f3l Arany\u00e9rdemkereszt Koron\u00e1val kit\u00fcntet\u00e9st kapott. A brass\u00f3i v\u00e1ros f\u00fav\u00f3szenekar\u00e1nak [&hellip;]<\/p>\n","protected":false},"featured_media":0,"comment_status":"open","ping_status":"closed","template":"","meta":[],"product_brand":[],"product_cat":[137],"product_tag":[],"class_list":{"0":"post-25144","1":"product","2":"type-product","3":"status-publish","5":"product_cat-maros-megyei-eletrajzi-lexikon","7":"first","8":"instock","9":"shipping-taxable","10":"product-type-simple"},"_links":{"self":[{"href":"https:\/\/uj.adatbank.ro\/lexikon\/wp-json\/wp\/v2\/product\/25144","targetHints":{"allow":["GET"]}}],"collection":[{"href":"https:\/\/uj.adatbank.ro\/lexikon\/wp-json\/wp\/v2\/product"}],"about":[{"href":"https:\/\/uj.adatbank.ro\/lexikon\/wp-json\/wp\/v2\/types\/product"}],"replies":[{"embeddable":true,"href":"https:\/\/uj.adatbank.ro\/lexikon\/wp-json\/wp\/v2\/comments?post=25144"}],"wp:attachment":[{"href":"https:\/\/uj.adatbank.ro\/lexikon\/wp-json\/wp\/v2\/media?parent=25144"}],"wp:term":[{"taxonomy":"product_brand","embeddable":true,"href":"https:\/\/uj.adatbank.ro\/lexikon\/wp-json\/wp\/v2\/product_brand?post=25144"},{"taxonomy":"product_cat","embeddable":true,"href":"https:\/\/uj.adatbank.ro\/lexikon\/wp-json\/wp\/v2\/product_cat?post=25144"},{"taxonomy":"product_tag","embeddable":true,"href":"https:\/\/uj.adatbank.ro\/lexikon\/wp-json\/wp\/v2\/product_tag?post=25144"}],"curies":[{"name":"wp","href":"https:\/\/api.w.org\/{rel}","templated":true}]}}

<p>Jövedics, 1834, † Teplitz-Schönau, 1907. dec. 8.: karmester, zeneszerző. – Először egy magyar katonai fúvószenekarban tanult, majd Párágában katonai-zenész kiképzést szerzett, osztrák ezrednél volt fúvószenekarvezető. A Párizsi Világkiállításra kiírt katonai zenekarok versenyen első helyezést ért el (1867), III. Napóleon császár a Becsületlégió Lovagjává ütötte, Ferenc József császártól Aranyérdemkereszt Koronával kitüntetést kapott. A brassói város fúvószenekarának karmestere volt (1868–), megalapította a helyi Zenebarátok Egyesületét (1869), további terveit nem tudta megvalósítani, ezért Bécsbe ment karmesternek nyugdíjazásáig (1869–), majd marienbadi, teplitzi zenekarokat vezetett. Írt és közzétett fúvószenekari műveket. <br /><strong>– Irod.:</strong> LSS.</br></p>

<p>Jövedics, 1834, † Teplitz-Schönau, 1907. dec. 8.: karmester, zeneszerző. – Először egy magyar katonai fúvószenekarban tanult, majd Párágában katonai-zenész kiképzést szerzett, osztrák ezrednél volt fúvószenekarvezető. A Párizsi Világkiállításra kiírt katonai zenekarok versenyen első helyezést ért el (1867), III. Napóleon császár a Becsületlégió Lovagjává ütötte, Ferenc József császártól Aranyérdemkereszt Koronával kitüntetést kapott. A brassói város fúvószenekarának [&hellip;]</p>
