{"id":25147,"date":"2025-08-01T18:34:50","date_gmt":"2025-08-01T16:34:50","guid":{"rendered":"https:\/\/uj.adatbank.ro\/lexikon\/termek\/zipser-andreas-christian\/"},"modified":"2025-08-01T18:34:50","modified_gmt":"2025-08-01T16:34:50","slug":"zipser-andreas-christian","status":"publish","type":"product","link":"https:\/\/uj.adatbank.ro\/lexikon\/termek\/zipser-andreas-christian\/","title":{"rendered":"ZIPSER, Andreas Christian"},"content":{"rendered":"<p>? \u2020\u00a0?: ?. <br \/><strong>\u2013 Irod.:<\/strong> A M. Orvosok \u00e9s Term\u00e9szetvizsg\u00e1l\u00f3k 1856 aug. 28-szept. 2. Pozsonyban tartott XI. Nagygy\u0171l\u00e9s\u00e9nek t\u00f6rt\u00e9neti v\u00e1zlata \u00e9s munk\u00e1i = Kn\u00f6pfler Vilmos eml\u00e9kbesz\u00e9de (Pozsony, 1866).<\/br><\/p>\n","protected":false},"excerpt":{"rendered":"<p>? \u2020\u00a0?: ?. \u2013 Irod.: A M. Orvosok \u00e9s Term\u00e9szetvizsg\u00e1l\u00f3k 1856 aug. 28-szept. 2. Pozsonyban tartott XI. Nagygy\u0171l\u00e9s\u00e9nek t\u00f6rt\u00e9neti v\u00e1zlata \u00e9s munk\u00e1i = Kn\u00f6pfler Vilmos eml\u00e9kbesz\u00e9de (Pozsony, 1866).<\/p>\n","protected":false},"featured_media":0,"comment_status":"open","ping_status":"closed","template":"","meta":[],"product_brand":[],"product_cat":[137],"product_tag":[],"class_list":{"0":"post-25147","1":"product","2":"type-product","3":"status-publish","5":"product_cat-maros-megyei-eletrajzi-lexikon","7":"first","8":"instock","9":"shipping-taxable","10":"product-type-simple"},"_links":{"self":[{"href":"https:\/\/uj.adatbank.ro\/lexikon\/wp-json\/wp\/v2\/product\/25147","targetHints":{"allow":["GET"]}}],"collection":[{"href":"https:\/\/uj.adatbank.ro\/lexikon\/wp-json\/wp\/v2\/product"}],"about":[{"href":"https:\/\/uj.adatbank.ro\/lexikon\/wp-json\/wp\/v2\/types\/product"}],"replies":[{"embeddable":true,"href":"https:\/\/uj.adatbank.ro\/lexikon\/wp-json\/wp\/v2\/comments?post=25147"}],"wp:attachment":[{"href":"https:\/\/uj.adatbank.ro\/lexikon\/wp-json\/wp\/v2\/media?parent=25147"}],"wp:term":[{"taxonomy":"product_brand","embeddable":true,"href":"https:\/\/uj.adatbank.ro\/lexikon\/wp-json\/wp\/v2\/product_brand?post=25147"},{"taxonomy":"product_cat","embeddable":true,"href":"https:\/\/uj.adatbank.ro\/lexikon\/wp-json\/wp\/v2\/product_cat?post=25147"},{"taxonomy":"product_tag","embeddable":true,"href":"https:\/\/uj.adatbank.ro\/lexikon\/wp-json\/wp\/v2\/product_tag?post=25147"}],"curies":[{"name":"wp","href":"https:\/\/api.w.org\/{rel}","templated":true}]}}