{"id":25150,"date":"2025-08-01T18:34:59","date_gmt":"2025-08-01T16:34:59","guid":{"rendered":"https:\/\/uj.adatbank.ro\/lexikon\/termek\/zolcsak-sandor\/"},"modified":"2025-08-01T18:34:59","modified_gmt":"2025-08-01T16:34:59","slug":"zolcsak-sandor","status":"publish","type":"product","link":"https:\/\/uj.adatbank.ro\/lexikon\/termek\/zolcsak-sandor\/","title":{"rendered":"ZOLCS\u00c1K S\u00e1ndor"},"content":{"rendered":"<p>S\u00e1ndorhomok, 1934. j\u00fan. 14., \u2020 Mv., 2016. aug.28.: fest\u0151m\u0171v\u00e9sz. \u2013 Z. S\u00e1ndor, f\u00f6ldm\u0171ves \u00e9s Schultz Erzs\u00e9bet fia. Feles\u00e9ge: Porzsolt Borb\u00e1la, fest\u0151m\u0171v\u00e9sz (1958). Gyermekeik: P\u00e9ter (1962) \u00e9p\u00edt\u00e9sz, bels\u0151\u00e9p\u00edt\u00e9sz; Katalin (1963) textilm\u00e9rn\u00f6k. \u2013 Kv.-on v\u00e9gezte a I. Andreescu K\u00e9pz\u0151m\u0171v. Int\u00e9zetben. Szabadfoglalkoz\u00e1s\u00fa \u00fcveg- \u00e9s iparm\u0171v\u00e9sz. Ki\u00e1ll\u00edt\u00e1sai: Stuttgart (1987), Mo. (1991), Braz\u00edlia (1993), Bp. (1993, 1995), \u00dajpest (1994). A kv.-i Barab\u00e1s Mikl\u00f3s c\u00e9h vezet\u0151s\u00e9gi tagja. <br \/><strong>\u2013 Irod.:<\/strong> EMKK 2010; Korunk gal\u00e9ria; Z.S. = Fodor \u2013T\u00f3falvi; Nagy M. K. M\u0171terem.<\/br><\/p>\n","protected":false},"excerpt":{"rendered":"<p>S\u00e1ndorhomok, 1934. j\u00fan. 14., \u2020 Mv., 2016. aug.28.: fest\u0151m\u0171v\u00e9sz. \u2013 Z. S\u00e1ndor, f\u00f6ldm\u0171ves \u00e9s Schultz Erzs\u00e9bet fia. Feles\u00e9ge: Porzsolt Borb\u00e1la, fest\u0151m\u0171v\u00e9sz (1958). Gyermekeik: P\u00e9ter (1962) \u00e9p\u00edt\u00e9sz, bels\u0151\u00e9p\u00edt\u00e9sz; Katalin (1963) textilm\u00e9rn\u00f6k. \u2013 Kv.-on v\u00e9gezte a I. Andreescu K\u00e9pz\u0151m\u0171v. Int\u00e9zetben. Szabadfoglalkoz\u00e1s\u00fa \u00fcveg- \u00e9s iparm\u0171v\u00e9sz. Ki\u00e1ll\u00edt\u00e1sai: Stuttgart (1987), Mo. (1991), Braz\u00edlia (1993), Bp. (1993, 1995), \u00dajpest (1994). A [&hellip;]<\/p>\n","protected":false},"featured_media":0,"comment_status":"open","ping_status":"closed","template":"","meta":[],"product_brand":[],"product_cat":[137],"product_tag":[],"class_list":{"0":"post-25150","1":"product","2":"type-product","3":"status-publish","5":"product_cat-maros-megyei-eletrajzi-lexikon","7":"first","8":"instock","9":"shipping-taxable","10":"product-type-simple"},"_links":{"self":[{"href":"https:\/\/uj.adatbank.ro\/lexikon\/wp-json\/wp\/v2\/product\/25150","targetHints":{"allow":["GET"]}}],"collection":[{"href":"https:\/\/uj.adatbank.ro\/lexikon\/wp-json\/wp\/v2\/product"}],"about":[{"href":"https:\/\/uj.adatbank.ro\/lexikon\/wp-json\/wp\/v2\/types\/product"}],"replies":[{"embeddable":true,"href":"https:\/\/uj.adatbank.ro\/lexikon\/wp-json\/wp\/v2\/comments?post=25150"}],"wp:attachment":[{"href":"https:\/\/uj.adatbank.ro\/lexikon\/wp-json\/wp\/v2\/media?parent=25150"}],"wp:term":[{"taxonomy":"product_brand","embeddable":true,"href":"https:\/\/uj.adatbank.ro\/lexikon\/wp-json\/wp\/v2\/product_brand?post=25150"},{"taxonomy":"product_cat","embeddable":true,"href":"https:\/\/uj.adatbank.ro\/lexikon\/wp-json\/wp\/v2\/product_cat?post=25150"},{"taxonomy":"product_tag","embeddable":true,"href":"https:\/\/uj.adatbank.ro\/lexikon\/wp-json\/wp\/v2\/product_tag?post=25150"}],"curies":[{"name":"wp","href":"https:\/\/api.w.org\/{rel}","templated":true}]}}

ZOLCSÁK Sándor

<p>Sándorhomok, 1934. jún. 14., † Mv., 2016. aug.28.: festőművész. – Z. Sándor, földműves és Schultz Erzsébet fia. Felesége: Porzsolt Borbála, festőművész (1958). Gyermekeik: Péter (1962) építész, belsőépítész; Katalin (1963) textilmérnök. – Kv.-on végezte a I. Andreescu Képzőműv. Intézetben. Szabadfoglalkozású üveg- és iparművész. Kiállításai: Stuttgart (1987), Mo. (1991), Brazília (1993), Bp. (1993, 1995), Újpest (1994). A kv.-i Barabás Miklós céh vezetőségi tagja. <br /><strong>– Irod.:</strong> EMKK 2010; Korunk galéria; Z.S. = Fodor –Tófalvi; Nagy M. K. Műterem.</br></p>

<p>Sándorhomok, 1934. jún. 14., † Mv., 2016. aug.28.: festőművész. – Z. Sándor, földműves és Schultz Erzsébet fia. Felesége: Porzsolt Borbála, festőművész (1958). Gyermekeik: Péter (1962) építész, belsőépítész; Katalin (1963) textilmérnök. – Kv.-on végezte a I. Andreescu Képzőműv. Intézetben. Szabadfoglalkozású üveg- és iparművész. Kiállításai: Stuttgart (1987), Mo. (1991), Brazília (1993), Bp. (1993, 1995), Újpest (1994). A [&hellip;]</p>
