{"id":25155,"date":"2025-08-01T18:35:09","date_gmt":"2025-08-01T16:35:09","guid":{"rendered":"https:\/\/uj.adatbank.ro\/lexikon\/termek\/zold-karoly\/"},"modified":"2025-08-01T18:35:09","modified_gmt":"2025-08-01T16:35:09","slug":"zold-karoly","status":"publish","type":"product","link":"https:\/\/uj.adatbank.ro\/lexikon\/termek\/zold-karoly\/","title":{"rendered":"Z\u00d6LD K\u00e1roly"},"content":{"rendered":"<p>Csittszentiv\u00e1ny, 1898., \u2020\u00a0?: gazd\u00e1lkod\u00f3. \u2013 Apja mellett tanult gazd\u00e1lkodni, majd \u00f6n\u00e1ll\u00f3 lett (1923\u2013), az EGE gazdas\u00e1gi tanfolyam\u00e1t hallgatta. Az egyh\u00e1z presbitere, a Tejsz\u00f6v. eln\u00f6ke, a MP \u00e9s az EGE tagja, k\u00f6zs\u00e9gi b\u00edr\u00f3 (1940\u2013) volt. <br \/><strong>\u2013 Irod.:<\/strong> Sz\u00e9kelyf\u00f6ld \u00ed. k.<\/br><\/p>\n","protected":false},"excerpt":{"rendered":"<p>Csittszentiv\u00e1ny, 1898., \u2020\u00a0?: gazd\u00e1lkod\u00f3. \u2013 Apja mellett tanult gazd\u00e1lkodni, majd \u00f6n\u00e1ll\u00f3 lett (1923\u2013), az EGE gazdas\u00e1gi tanfolyam\u00e1t hallgatta. Az egyh\u00e1z presbitere, a Tejsz\u00f6v. eln\u00f6ke, a MP \u00e9s az EGE tagja, k\u00f6zs\u00e9gi b\u00edr\u00f3 (1940\u2013) volt. \u2013 Irod.: Sz\u00e9kelyf\u00f6ld \u00ed. k.<\/p>\n","protected":false},"featured_media":0,"comment_status":"open","ping_status":"closed","template":"","meta":[],"product_brand":[],"product_cat":[137],"product_tag":[],"class_list":{"0":"post-25155","1":"product","2":"type-product","3":"status-publish","5":"product_cat-maros-megyei-eletrajzi-lexikon","7":"first","8":"instock","9":"shipping-taxable","10":"product-type-simple"},"_links":{"self":[{"href":"https:\/\/uj.adatbank.ro\/lexikon\/wp-json\/wp\/v2\/product\/25155","targetHints":{"allow":["GET"]}}],"collection":[{"href":"https:\/\/uj.adatbank.ro\/lexikon\/wp-json\/wp\/v2\/product"}],"about":[{"href":"https:\/\/uj.adatbank.ro\/lexikon\/wp-json\/wp\/v2\/types\/product"}],"replies":[{"embeddable":true,"href":"https:\/\/uj.adatbank.ro\/lexikon\/wp-json\/wp\/v2\/comments?post=25155"}],"wp:attachment":[{"href":"https:\/\/uj.adatbank.ro\/lexikon\/wp-json\/wp\/v2\/media?parent=25155"}],"wp:term":[{"taxonomy":"product_brand","embeddable":true,"href":"https:\/\/uj.adatbank.ro\/lexikon\/wp-json\/wp\/v2\/product_brand?post=25155"},{"taxonomy":"product_cat","embeddable":true,"href":"https:\/\/uj.adatbank.ro\/lexikon\/wp-json\/wp\/v2\/product_cat?post=25155"},{"taxonomy":"product_tag","embeddable":true,"href":"https:\/\/uj.adatbank.ro\/lexikon\/wp-json\/wp\/v2\/product_tag?post=25155"}],"curies":[{"name":"wp","href":"https:\/\/api.w.org\/{rel}","templated":true}]}}