{"id":25162,"date":"2025-08-01T18:35:26","date_gmt":"2025-08-01T16:35:26","guid":{"rendered":"https:\/\/uj.adatbank.ro\/lexikon\/termek\/zoldi-sandor\/"},"modified":"2025-08-01T18:35:26","modified_gmt":"2025-08-01T16:35:26","slug":"zoldi-sandor","status":"publish","type":"product","link":"https:\/\/uj.adatbank.ro\/lexikon\/termek\/zoldi-sandor\/","title":{"rendered":"Z\u00d6LDI S\u00e1ndor"},"content":{"rendered":"<p>Mv., 1915. j\u00fan. 15., \u2020\u00a0Mv., 1952. aug.27.: v\u00e1rosi tisztvisel\u0151. \u2013 Z. S\u00e1ndor \u00e9s M\u00f3ricz Zsuzsa fia. Az MSE tagja (1931\u2013), a labdar\u00fag\u00f3 szakoszt\u00e1ly vezet\u0151je. Akt\u00edv j\u00e1t\u00e9kos is volt, sz\u00e9ls\u0151 fedezetet j\u00e1tszott. Minden erej\u00e9vel \u00e9s tud\u00e1s\u00e1val azon volt, hogy csapat\u00e1t az NB I-be felvigye. A II. vh.-ban tart. z\u00e1szl\u00f3si rangban vett r\u00e9szt. A keleti hadsz\u00ednt\u00e9rre a mv.-i 27\/ III. z\u00e1szl\u00f3alj k\u00f6tel\u00e9k\u00e9ben mint aknavet\u0151-szakaszparancsnok ker\u00fclt ki. Megs\u00e9r\u00fclt (1944. j\u00fan. 26.). <br \/><strong>\u2013 Irod.:<\/strong> Berekm\u00e9ri; Berekm\u00e9ri: A mv.-i 27 hadoszt\u00e1ly; Pluh\u00e1r.<\/br><\/p>\n","protected":false},"excerpt":{"rendered":"<p>Mv., 1915. j\u00fan. 15., \u2020\u00a0Mv., 1952. aug.27.: v\u00e1rosi tisztvisel\u0151. \u2013 Z. S\u00e1ndor \u00e9s M\u00f3ricz Zsuzsa fia. Az MSE tagja (1931\u2013), a labdar\u00fag\u00f3 szakoszt\u00e1ly vezet\u0151je. Akt\u00edv j\u00e1t\u00e9kos is volt, sz\u00e9ls\u0151 fedezetet j\u00e1tszott. Minden erej\u00e9vel \u00e9s tud\u00e1s\u00e1val azon volt, hogy csapat\u00e1t az NB I-be felvigye. A II. vh.-ban tart. z\u00e1szl\u00f3si rangban vett r\u00e9szt. A keleti hadsz\u00ednt\u00e9rre a [&hellip;]<\/p>\n","protected":false},"featured_media":0,"comment_status":"open","ping_status":"closed","template":"","meta":[],"product_brand":[],"product_cat":[137],"product_tag":[],"class_list":{"0":"post-25162","1":"product","2":"type-product","3":"status-publish","5":"product_cat-maros-megyei-eletrajzi-lexikon","7":"first","8":"instock","9":"shipping-taxable","10":"product-type-simple"},"_links":{"self":[{"href":"https:\/\/uj.adatbank.ro\/lexikon\/wp-json\/wp\/v2\/product\/25162","targetHints":{"allow":["GET"]}}],"collection":[{"href":"https:\/\/uj.adatbank.ro\/lexikon\/wp-json\/wp\/v2\/product"}],"about":[{"href":"https:\/\/uj.adatbank.ro\/lexikon\/wp-json\/wp\/v2\/types\/product"}],"replies":[{"embeddable":true,"href":"https:\/\/uj.adatbank.ro\/lexikon\/wp-json\/wp\/v2\/comments?post=25162"}],"wp:attachment":[{"href":"https:\/\/uj.adatbank.ro\/lexikon\/wp-json\/wp\/v2\/media?parent=25162"}],"wp:term":[{"taxonomy":"product_brand","embeddable":true,"href":"https:\/\/uj.adatbank.ro\/lexikon\/wp-json\/wp\/v2\/product_brand?post=25162"},{"taxonomy":"product_cat","embeddable":true,"href":"https:\/\/uj.adatbank.ro\/lexikon\/wp-json\/wp\/v2\/product_cat?post=25162"},{"taxonomy":"product_tag","embeddable":true,"href":"https:\/\/uj.adatbank.ro\/lexikon\/wp-json\/wp\/v2\/product_tag?post=25162"}],"curies":[{"name":"wp","href":"https:\/\/api.w.org\/{rel}","templated":true}]}}

ZÖLDI Sándor

<p>Mv., 1915. jún. 15., † Mv., 1952. aug.27.: városi tisztviselő. – Z. Sándor és Móricz Zsuzsa fia. Az MSE tagja (1931–), a labdarúgó szakosztály vezetője. Aktív játékos is volt, szélső fedezetet játszott. Minden erejével és tudásával azon volt, hogy csapatát az NB I-be felvigye. A II. vh.-ban tart. zászlósi rangban vett részt. A keleti hadszíntérre a mv.-i 27/ III. zászlóalj kötelékében mint aknavető-szakaszparancsnok került ki. Megsérült (1944. jún. 26.). <br /><strong>– Irod.:</strong> Berekméri; Berekméri: A mv.-i 27 hadosztály; Pluhár.</br></p>

<p>Mv., 1915. jún. 15., † Mv., 1952. aug.27.: városi tisztviselő. – Z. Sándor és Móricz Zsuzsa fia. Az MSE tagja (1931–), a labdarúgó szakosztály vezetője. Aktív játékos is volt, szélső fedezetet játszott. Minden erejével és tudásával azon volt, hogy csapatát az NB I-be felvigye. A II. vh.-ban tart. zászlósi rangban vett részt. A keleti hadszíntérre a [&hellip;]</p>
