{"id":25169,"date":"2025-08-01T18:35:43","date_gmt":"2025-08-01T16:35:43","guid":{"rendered":"https:\/\/uj.adatbank.ro\/lexikon\/termek\/zoltan-imre\/"},"modified":"2025-08-01T18:35:43","modified_gmt":"2025-08-01T16:35:43","slug":"zoltan-imre","status":"publish","type":"product","link":"https:\/\/uj.adatbank.ro\/lexikon\/termek\/zoltan-imre\/","title":{"rendered":"ZOLT\u00c1N Imre"},"content":{"rendered":"<p>Zolt\u00e1n, 1842. jan. 1., \u2020\u00a0S\u00e1romberke, 1919. aug. 11.: ref. lelk\u00e9sz, tan\u00edt\u00f3. \u2013 Feles\u00e9ge: Cs\u00fasz Ilona. Gyermekeik: Z. Margit (1891? -Mv., 1937. jan. 28.) postatisztvisel\u0151n\u0151; Z. K\u00e1lm\u00e1n; Jenei S\u00e1ndorn\u00e9; Z. P\u00e1l; Z. L\u00e1szl\u00f3. \u2013 \u00c9tfalvazolt\u00e1non v\u00e9gezte az elemi iskol\u00e1t, majd Sz\u00e9kelyudvarhelyen a ref. koll.-ban tanult, mint szolgatanul\u00f3. Nagyenyeden v\u00e9gezte a f\u0151iskol\u00e1t, ahol filoz\u00f3fi\u00e1t, jogot \u00e9s teol\u00f3gi\u00e1t tanult. Enyeden maradt oszt\u00e1lytan\u00edt\u00f3nak, majd Szil\u00e1gysomly\u00f3n volt pap \u00e9s tan\u00edt\u00f3 \u00f6t \u00e9vig. S\u00e1romberk\u00e9n lett lp. (1872. j\u00fan. \u2013 1912. j\u00fan.), Garda M\u00e1rtont k\u00f6vette. \u0150t k\u00f6vette fia Z. P\u00e1l. Ifj\u00fas\u00e1gi \u00e9s n\u00e9pk\u00f6nyvt\u00e1rat l\u00e9tes\u00edtett. Megind\u00edtotta a sz\u00f6vetkezeti mozgalmat. <br \/><strong>\u2013 Irod.:<\/strong> B\u00f6jthe Andor; Gy\u00e1szjelent\u0151; S\u00e1romberke.<\/br><\/p>\n","protected":false},"excerpt":{"rendered":"<p>Zolt\u00e1n, 1842. jan. 1., \u2020\u00a0S\u00e1romberke, 1919. aug. 11.: ref. lelk\u00e9sz, tan\u00edt\u00f3. \u2013 Feles\u00e9ge: Cs\u00fasz Ilona. Gyermekeik: Z. Margit (1891? -Mv., 1937. jan. 28.) postatisztvisel\u0151n\u0151; Z. K\u00e1lm\u00e1n; Jenei S\u00e1ndorn\u00e9; Z. P\u00e1l; Z. L\u00e1szl\u00f3. \u2013 \u00c9tfalvazolt\u00e1non v\u00e9gezte az elemi iskol\u00e1t, majd Sz\u00e9kelyudvarhelyen a ref. koll.-ban tanult, mint szolgatanul\u00f3. Nagyenyeden v\u00e9gezte a f\u0151iskol\u00e1t, ahol filoz\u00f3fi\u00e1t, jogot \u00e9s teol\u00f3gi\u00e1t [&hellip;]<\/p>\n","protected":false},"featured_media":0,"comment_status":"open","ping_status":"closed","template":"","meta":[],"product_brand":[],"product_cat":[137],"product_tag":[],"class_list":{"0":"post-25169","1":"product","2":"type-product","3":"status-publish","5":"product_cat-maros-megyei-eletrajzi-lexikon","7":"first","8":"instock","9":"shipping-taxable","10":"product-type-simple"},"_links":{"self":[{"href":"https:\/\/uj.adatbank.ro\/lexikon\/wp-json\/wp\/v2\/product\/25169","targetHints":{"allow":["GET"]}}],"collection":[{"href":"https:\/\/uj.adatbank.ro\/lexikon\/wp-json\/wp\/v2\/product"}],"about":[{"href":"https:\/\/uj.adatbank.ro\/lexikon\/wp-json\/wp\/v2\/types\/product"}],"replies":[{"embeddable":true,"href":"https:\/\/uj.adatbank.ro\/lexikon\/wp-json\/wp\/v2\/comments?post=25169"}],"wp:attachment":[{"href":"https:\/\/uj.adatbank.ro\/lexikon\/wp-json\/wp\/v2\/media?parent=25169"}],"wp:term":[{"taxonomy":"product_brand","embeddable":true,"href":"https:\/\/uj.adatbank.ro\/lexikon\/wp-json\/wp\/v2\/product_brand?post=25169"},{"taxonomy":"product_cat","embeddable":true,"href":"https:\/\/uj.adatbank.ro\/lexikon\/wp-json\/wp\/v2\/product_cat?post=25169"},{"taxonomy":"product_tag","embeddable":true,"href":"https:\/\/uj.adatbank.ro\/lexikon\/wp-json\/wp\/v2\/product_tag?post=25169"}],"curies":[{"name":"wp","href":"https:\/\/api.w.org\/{rel}","templated":true}]}}