{"id":25173,"date":"2025-08-01T18:35:52","date_gmt":"2025-08-01T16:35:52","guid":{"rendered":"https:\/\/uj.adatbank.ro\/lexikon\/termek\/zoltani-pal-etfalvi\/"},"modified":"2025-08-01T18:35:52","modified_gmt":"2025-08-01T16:35:52","slug":"zoltani-pal-etfalvi","status":"publish","type":"product","link":"https:\/\/uj.adatbank.ro\/lexikon\/termek\/zoltani-pal-etfalvi\/","title":{"rendered":"ZOLT\u00c1NI P\u00e1l, \u00e9tfalvi"},"content":{"rendered":"<p>S\u00e1romberke, 1888, \u2020\u00a01958,: ref. lelk\u00e9sz. \u2013 Z. Imre \u00e9s Cs\u00fasz Ilona fia. \u2013 Tanulm\u00e1nyait Mv.-en \u00e9s Kv.-on v\u00e9gezte. S\u00e1romberk\u00e9n k\u00f6vette apj\u00e1t a papi sz\u00e9kben \u00e9s 46 \u00e9vig szolg\u00e1lt (1912\u20131958). Az I. vh. \u00e9s a hatalomv\u00e1lt\u00e1s ut\u00e1n ujj\u00e1szervezte S\u00e1romberke vall\u00e1si \u00e9s m\u0171vel\u0151d\u00e9si \u00e9let\u00e9t. A MP int\u00e9z\u0151bizotts\u00e1gi tagja, a Hitelsz\u00f6v. igazgat\u00f3s\u00e1gi tagja \u00e9s aleln\u00f6ke. T\u00f6bb m\u0171ve jelent meg nyomtat\u00e1sban, f\u0151leg vall\u00e1sos t\u00e1rgy\u00fa cikkek. <br \/><strong>\u2013 Irod.:<\/strong> B\u00f6jthe Andor; S\u00e1romberke; Sz\u00e9kelyf\u00f6ld \u00ed. k.<\/br><\/p>\n","protected":false},"excerpt":{"rendered":"<p>S\u00e1romberke, 1888, \u2020\u00a01958,: ref. lelk\u00e9sz. \u2013 Z. Imre \u00e9s Cs\u00fasz Ilona fia. \u2013 Tanulm\u00e1nyait Mv.-en \u00e9s Kv.-on v\u00e9gezte. S\u00e1romberk\u00e9n k\u00f6vette apj\u00e1t a papi sz\u00e9kben \u00e9s 46 \u00e9vig szolg\u00e1lt (1912\u20131958). Az I. vh. \u00e9s a hatalomv\u00e1lt\u00e1s ut\u00e1n ujj\u00e1szervezte S\u00e1romberke vall\u00e1si \u00e9s m\u0171vel\u0151d\u00e9si \u00e9let\u00e9t. A MP int\u00e9z\u0151bizotts\u00e1gi tagja, a Hitelsz\u00f6v. igazgat\u00f3s\u00e1gi tagja \u00e9s aleln\u00f6ke. T\u00f6bb m\u0171ve jelent [&hellip;]<\/p>\n","protected":false},"featured_media":0,"comment_status":"open","ping_status":"closed","template":"","meta":[],"product_brand":[],"product_cat":[137],"product_tag":[],"class_list":{"0":"post-25173","1":"product","2":"type-product","3":"status-publish","5":"product_cat-maros-megyei-eletrajzi-lexikon","7":"first","8":"instock","9":"shipping-taxable","10":"product-type-simple"},"_links":{"self":[{"href":"https:\/\/uj.adatbank.ro\/lexikon\/wp-json\/wp\/v2\/product\/25173","targetHints":{"allow":["GET"]}}],"collection":[{"href":"https:\/\/uj.adatbank.ro\/lexikon\/wp-json\/wp\/v2\/product"}],"about":[{"href":"https:\/\/uj.adatbank.ro\/lexikon\/wp-json\/wp\/v2\/types\/product"}],"replies":[{"embeddable":true,"href":"https:\/\/uj.adatbank.ro\/lexikon\/wp-json\/wp\/v2\/comments?post=25173"}],"wp:attachment":[{"href":"https:\/\/uj.adatbank.ro\/lexikon\/wp-json\/wp\/v2\/media?parent=25173"}],"wp:term":[{"taxonomy":"product_brand","embeddable":true,"href":"https:\/\/uj.adatbank.ro\/lexikon\/wp-json\/wp\/v2\/product_brand?post=25173"},{"taxonomy":"product_cat","embeddable":true,"href":"https:\/\/uj.adatbank.ro\/lexikon\/wp-json\/wp\/v2\/product_cat?post=25173"},{"taxonomy":"product_tag","embeddable":true,"href":"https:\/\/uj.adatbank.ro\/lexikon\/wp-json\/wp\/v2\/product_tag?post=25173"}],"curies":[{"name":"wp","href":"https:\/\/api.w.org\/{rel}","templated":true}]}}

ZOLTÁNI Pál, étfalvi

<p>Sáromberke, 1888, † 1958,: ref. lelkész. – Z. Imre és Csúsz Ilona fia. – Tanulmányait Mv.-en és Kv.-on végezte. Sáromberkén követte apját a papi székben és 46 évig szolgált (1912–1958). Az I. vh. és a hatalomváltás után ujjászervezte Sáromberke vallási és művelődési életét. A MP intézőbizottsági tagja, a Hitelszöv. igazgatósági tagja és alelnöke. Több műve jelent meg nyomtatásban, főleg vallásos tárgyú cikkek. <br /><strong>– Irod.:</strong> Böjthe Andor; Sáromberke; Székelyföld í. k.</br></p>

<p>Sáromberke, 1888, † 1958,: ref. lelkész. – Z. Imre és Csúsz Ilona fia. – Tanulmányait Mv.-en és Kv.-on végezte. Sáromberkén követte apját a papi székben és 46 évig szolgált (1912–1958). Az I. vh. és a hatalomváltás után ujjászervezte Sáromberke vallási és művelődési életét. A MP intézőbizottsági tagja, a Hitelszöv. igazgatósági tagja és alelnöke. Több műve jelent [&hellip;]</p>
