{"id":25177,"date":"2025-08-01T18:36:03","date_gmt":"2025-08-01T16:36:03","guid":{"rendered":"https:\/\/uj.adatbank.ro\/lexikon\/termek\/zolyomi-jeno\/"},"modified":"2025-08-01T18:36:03","modified_gmt":"2025-08-01T16:36:03","slug":"zolyomi-jeno","status":"publish","type":"product","link":"https:\/\/uj.adatbank.ro\/lexikon\/termek\/zolyomi-jeno\/","title":{"rendered":"ZOLYOMI Jen\u0151"},"content":{"rendered":"<p>1900., \u2020 1972.: ref. lelk\u00e9sz. \u2013 A kv.-i ref. teol\u00f3gi\u00e1n tanult, tan\u00e1ri oklevelet is szerzett \u00e9s a kereskedelmi akad. is elv\u00e9gezte. A teol\u00f3gia elv\u00e9gz\u00e9se ut\u00e1n Rockefeller-\u00f6szt\u00f6nd\u00edjjal Z\u00fcrichben tanult. Mv.-en seg\u00e9dlelk\u00e9sz (1923\u201326). Megv\u00e1lasztott\u00e1k az abaf\u00e1ji egyh\u00e1zk\u00f6zs\u00e9g papj\u00e1nak, s 44 \u00e9vi szolg\u00e1lat ut\u00e1n ment nyugd\u00edjba (1926\u20131970). A Dsida Jen\u0151 k\u00e9t \u00e9ves abaf\u00e1ji \u00e9lete alatt gyakran tal\u00e1lkoztak, bar\u00e1tok lettek. A securitate megfigyeltette (1964 k.). <br \/><strong>\u2013 Irod.:<\/strong> Abaf\u00e1ja; Bartos 2012; Cs\u00e1ky; Dsida.<\/br><\/p>\n","protected":false},"excerpt":{"rendered":"<p>1900., \u2020 1972.: ref. lelk\u00e9sz. \u2013 A kv.-i ref. teol\u00f3gi\u00e1n tanult, tan\u00e1ri oklevelet is szerzett \u00e9s a kereskedelmi akad. is elv\u00e9gezte. A teol\u00f3gia elv\u00e9gz\u00e9se ut\u00e1n Rockefeller-\u00f6szt\u00f6nd\u00edjjal Z\u00fcrichben tanult. Mv.-en seg\u00e9dlelk\u00e9sz (1923\u201326). Megv\u00e1lasztott\u00e1k az abaf\u00e1ji egyh\u00e1zk\u00f6zs\u00e9g papj\u00e1nak, s 44 \u00e9vi szolg\u00e1lat ut\u00e1n ment nyugd\u00edjba (1926\u20131970). A Dsida Jen\u0151 k\u00e9t \u00e9ves abaf\u00e1ji \u00e9lete alatt gyakran tal\u00e1lkoztak, bar\u00e1tok [&hellip;]<\/p>\n","protected":false},"featured_media":0,"comment_status":"open","ping_status":"closed","template":"","meta":[],"product_brand":[],"product_cat":[137],"product_tag":[],"class_list":{"0":"post-25177","1":"product","2":"type-product","3":"status-publish","5":"product_cat-maros-megyei-eletrajzi-lexikon","7":"first","8":"instock","9":"shipping-taxable","10":"product-type-simple"},"_links":{"self":[{"href":"https:\/\/uj.adatbank.ro\/lexikon\/wp-json\/wp\/v2\/product\/25177","targetHints":{"allow":["GET"]}}],"collection":[{"href":"https:\/\/uj.adatbank.ro\/lexikon\/wp-json\/wp\/v2\/product"}],"about":[{"href":"https:\/\/uj.adatbank.ro\/lexikon\/wp-json\/wp\/v2\/types\/product"}],"replies":[{"embeddable":true,"href":"https:\/\/uj.adatbank.ro\/lexikon\/wp-json\/wp\/v2\/comments?post=25177"}],"wp:attachment":[{"href":"https:\/\/uj.adatbank.ro\/lexikon\/wp-json\/wp\/v2\/media?parent=25177"}],"wp:term":[{"taxonomy":"product_brand","embeddable":true,"href":"https:\/\/uj.adatbank.ro\/lexikon\/wp-json\/wp\/v2\/product_brand?post=25177"},{"taxonomy":"product_cat","embeddable":true,"href":"https:\/\/uj.adatbank.ro\/lexikon\/wp-json\/wp\/v2\/product_cat?post=25177"},{"taxonomy":"product_tag","embeddable":true,"href":"https:\/\/uj.adatbank.ro\/lexikon\/wp-json\/wp\/v2\/product_tag?post=25177"}],"curies":[{"name":"wp","href":"https:\/\/api.w.org\/{rel}","templated":true}]}}

ZOLYOMI Jenő

<p>1900., † 1972.: ref. lelkész. – A kv.-i ref. teológián tanult, tanári oklevelet is szerzett és a kereskedelmi akad. is elvégezte. A teológia elvégzése után Rockefeller-ösztöndíjjal Zürichben tanult. Mv.-en segédlelkész (1923–26). Megválasztották az abafáji egyházközség papjának, s 44 évi szolgálat után ment nyugdíjba (1926–1970). A Dsida Jenő két éves abafáji élete alatt gyakran találkoztak, barátok lettek. A securitate megfigyeltette (1964 k.). <br /><strong>– Irod.:</strong> Abafája; Bartos 2012; Csáky; Dsida.</br></p>

<p>1900., † 1972.: ref. lelkész. – A kv.-i ref. teológián tanult, tanári oklevelet is szerzett és a kereskedelmi akad. is elvégezte. A teológia elvégzése után Rockefeller-ösztöndíjjal Zürichben tanult. Mv.-en segédlelkész (1923–26). Megválasztották az abafáji egyházközség papjának, s 44 évi szolgálat után ment nyugdíjba (1926–1970). A Dsida Jenő két éves abafáji élete alatt gyakran találkoztak, barátok [&hellip;]</p>
