{"id":25182,"date":"2025-08-01T18:36:15","date_gmt":"2025-08-01T16:36:15","guid":{"rendered":"https:\/\/uj.adatbank.ro\/lexikon\/termek\/zombory-gedo-zombori-zomborich-gedeon\/"},"modified":"2025-08-01T18:36:15","modified_gmt":"2025-08-01T16:36:15","slug":"zombory-gedo-zombori-zomborich-gedeon","status":"publish","type":"product","link":"https:\/\/uj.adatbank.ro\/lexikon\/termek\/zombory-gedo-zombori-zomborich-gedeon\/","title":{"rendered":"ZOMBORY Ged\u0151, Zombori; Zomborich Gedeon"},"content":{"rendered":"<p>Mv., 1836. m\u00e1rc. 31., 23 \u2020 Szerencs, 1913. szept. 13.: ref. lelk\u00e9sz, \u00edr\u00f3. \u2013 Apja, Mih\u00e1ly keresked\u0151 jelent\u0151s szerepet j\u00e1tszott a szabads\u00e1gharcban, egyike volt azoknak, akik Berzenczey L\u00e1szl\u00f3val az agyagfalvi n\u00e9pgy\u0171l\u00e9sen a sz\u00e9kelys\u00e9get felkel\u00e9sre buzd\u00edtotta. Gedeon osztr\u00e1k t\u00e1bornok, megostromolva Mv.-t, \u0151t mint l\u00e1z\u00edt\u00f3t elfogta. B\u00e1r 3 h\u00f3nap m\u00falva Bem t\u00e1bornok a fogs\u00e1gb\u00f3l kiszabad\u00edtotta \u00e9s tiszti ranggal l\u00e9pett a honv\u00e9dek k\u00f6z\u00e9, anyagilag t\u00f6nkrement, a csal\u00e1d a hegyekbe menek\u00fclt. Tanulm\u00e1nyait Mv.-en kezdte, a szabads\u00e1gharc ut\u00e1n k\u00e9t \u00e9vig Sz\u00e9kelyudvarhelyen, majd ism\u00e9t Mv.-en, apja \u00fajb\u00f3li el\u00edt\u00e9l\u00e9se ut\u00e1n lelkes hazafiak t\u00e1mogat\u00e1s\u00e1val a kv.-i ref. papnevel\u0151ben tanult (\u20131856). Nagyenyedre ment a ref. f\u0151iskol\u00e1ba t\u00f6rt\u00e9nelmet tan\u00edtani, majd papi vizsg\u00e1it let\u00e9ve k\u00fclf\u00f6ld\u00f6n tanult. Megfordult a marburgi (1859), giesseni, baseli (1859\u201360) \u00e9s genfi, z\u00fcrichi egyetemeken (1859\u2013). J\u00e1rt Londonban, P\u00e1rizsban, Br\u00fcsszelben \u00e9s Hollandi\u00e1ban, ahol kikutatta a feled\u00e9sbe mer\u00fclt egyetemi alap\u00edtv\u00e1nyokat. Hazat\u00e9rve, Pesten politikai lapokn\u00e1l dolgozott, majd Szalay L\u00e1szl\u00f3 aj\u00e1nlat\u00e1ra, kinek l\u00e1ny\u00e1t sz\u00e1mtanra tan\u00edtotta, a szatm\u00e1ri ref. f\u0151gimn\u00e1ziumba h\u00edvt\u00e1k meg a sz\u00e1mtan \u00e9s a term\u00e9szettudom\u00e1nyok tan\u00e1r\u00e1nak (1861), valamint seg\u00e9dlelk\u00e9sz is. Itt \u00c1bray K\u00e1roly tan\u00e1rt\u00e1rs\u00e1val egy\u00fctt szerkesztette a T\u00e1rogat\u00f3 c. lapot, majd \u00c1bray t\u00e1vozt\u00e1val a Szatm\u00e1ri K\u00f6zl\u00f6nyt, s megalap\u00edtotta a K\u00f6lcsey-T\u00e1rsas\u00e1got. Az \u0151 eszm\u00e9je volt a K\u00f6lcsey-szobor fel\u00e1ll\u00edt\u00e1sa, a prot. n\u0151nevelde l\u00e9tes\u00edt\u00e9se. Megyasz\u00f3ra ment papnak (1867\u2013) s ett\u0151l kezdve csak h\u00edveinek \u00e9s az irodalomnak \u00e9lt. A tisz\u00e1ninneni egyh\u00e1zker\u00fclet tan\u00e1csb\u00edr\u00e1j\u00e1v\u00e1 v\u00e1lasztotta (1887). Cikkei \u00e9s kisebb dolgozatai: Gir\u00f3k\u00fati K\u00e9pes Napt\u00e1r, Orsz. Nagy K\u00e9pes Napt\u00e1r, S\u00e1rospataki f\u00fczetek, H\u00f6lgyfut\u00e1r, Pesti Napl\u00f3, Orsz\u00e1g, Hon, Prot. Szemle, K\u00e9pes Csal. Lapok, T\u00e1rogat\u00f3ban s a Szatm\u00e1ri K\u00f6zl\u00f6nyben. \u2013  <strong>F. m..:<\/strong> \u00dati rajzok (k\u00e9t k\u00f6tet) (Kv, 1861\u201362); Fichte J\u00e1nos T\u00f3dor \u00e9lete \u00e9s munk\u00e1ss\u00e1ga (S\u00e1rospatak, 1863.); F\u00e9ny \u00e9s \u00e1rny (t\u00f6rt. besz\u00e9lyek, k\u00e9t k\u00f6tet, Pest, 1862, 1866); Magyar- \u00e9s Erd\u00e9lyorsz\u00e1g s ezzel kapcsolatban az ausztr. tartom\u00e1nyok f\u00f6ldle\u00edr\u00e1sa (Debreczen, 1863); A heidelbergi k\u00e1t\u00e9 \u00e9rtelmez\u00e9se (Kv., 1864); \u00datt\u00f6r\u0151k (Reg\u00e9nyes korrajz a magyar prot. egyh\u00e1zt\u00f6rt\u00e9nelemb\u0151l 2 k., S\u00e1rospatak, 1866); A kereszty\u00e9n egyh\u00e1z multja. Egyh\u00e1zt\u00f6rt\u00e9nelem (S\u00e1rospatak, 1867); Korszer\u0171 egyh\u00e1zi besz\u00e9dek (2 f\u00fczet, Miskolcz, 1869\u20131870); . Egyh\u00e1zi besz\u00e9dek. I. f\u00fczet (Budapest, 1880); <strong>antol\u00f3g.:<\/strong> Sz\u00ednes <strong>k\u00f6nyv:<\/strong> Diszlem\u00e9nyek (Brass\u00f3, 1861). <br \/><strong>\u2013 Irod.:<\/strong> Kiss\u2013K\u00e1lm\u00e1n\u2013Bierbrunner; Rugonfalvi-Kiss, Szab\u00f3\u2013Simon\u2013Sz\u00f6gi; Szinnyei; Szinnyei J; Szinnyei J\u00f3zsef; \u00daMIL; Zov\u00e1nyi.<\/br><\/p>\n","protected":false},"excerpt":{"rendered":"<p>Mv., 1836. m\u00e1rc. 31., 23 \u2020 Szerencs, 1913. szept. 13.: ref. lelk\u00e9sz, \u00edr\u00f3. \u2013 Apja, Mih\u00e1ly keresked\u0151 jelent\u0151s szerepet j\u00e1tszott a szabads\u00e1gharcban, egyike volt azoknak, akik Berzenczey L\u00e1szl\u00f3val az agyagfalvi n\u00e9pgy\u0171l\u00e9sen a sz\u00e9kelys\u00e9get felkel\u00e9sre buzd\u00edtotta. Gedeon osztr\u00e1k t\u00e1bornok, megostromolva Mv.-t, \u0151t mint l\u00e1z\u00edt\u00f3t elfogta. B\u00e1r 3 h\u00f3nap m\u00falva Bem t\u00e1bornok a fogs\u00e1gb\u00f3l kiszabad\u00edtotta \u00e9s tiszti [&hellip;]<\/p>\n","protected":false},"featured_media":0,"comment_status":"open","ping_status":"closed","template":"","meta":[],"product_brand":[],"product_cat":[137],"product_tag":[],"class_list":{"0":"post-25182","1":"product","2":"type-product","3":"status-publish","5":"product_cat-maros-megyei-eletrajzi-lexikon","7":"first","8":"instock","9":"shipping-taxable","10":"product-type-simple"},"_links":{"self":[{"href":"https:\/\/uj.adatbank.ro\/lexikon\/wp-json\/wp\/v2\/product\/25182","targetHints":{"allow":["GET"]}}],"collection":[{"href":"https:\/\/uj.adatbank.ro\/lexikon\/wp-json\/wp\/v2\/product"}],"about":[{"href":"https:\/\/uj.adatbank.ro\/lexikon\/wp-json\/wp\/v2\/types\/product"}],"replies":[{"embeddable":true,"href":"https:\/\/uj.adatbank.ro\/lexikon\/wp-json\/wp\/v2\/comments?post=25182"}],"wp:attachment":[{"href":"https:\/\/uj.adatbank.ro\/lexikon\/wp-json\/wp\/v2\/media?parent=25182"}],"wp:term":[{"taxonomy":"product_brand","embeddable":true,"href":"https:\/\/uj.adatbank.ro\/lexikon\/wp-json\/wp\/v2\/product_brand?post=25182"},{"taxonomy":"product_cat","embeddable":true,"href":"https:\/\/uj.adatbank.ro\/lexikon\/wp-json\/wp\/v2\/product_cat?post=25182"},{"taxonomy":"product_tag","embeddable":true,"href":"https:\/\/uj.adatbank.ro\/lexikon\/wp-json\/wp\/v2\/product_tag?post=25182"}],"curies":[{"name":"wp","href":"https:\/\/api.w.org\/{rel}","templated":true}]}}

ZOMBORY Gedő, Zombori; Zomborich Gedeon

<p>Mv., 1836. márc. 31., 23 † Szerencs, 1913. szept. 13.: ref. lelkész, író. – Apja, Mihály kereskedő jelentős szerepet játszott a szabadságharcban, egyike volt azoknak, akik Berzenczey Lászlóval az agyagfalvi népgyűlésen a székelységet felkelésre buzdította. Gedeon osztrák tábornok, megostromolva Mv.-t, őt mint lázítót elfogta. Bár 3 hónap múlva Bem tábornok a fogságból kiszabadította és tiszti ranggal lépett a honvédek közé, anyagilag tönkrement, a család a hegyekbe menekült. Tanulmányait Mv.-en kezdte, a szabadságharc után két évig Székelyudvarhelyen, majd ismét Mv.-en, apja újbóli elítélése után lelkes hazafiak támogatásával a kv.-i ref. papnevelőben tanult (–1856). Nagyenyedre ment a ref. főiskolába történelmet tanítani, majd papi vizsgáit letéve külföldön tanult. Megfordult a marburgi (1859), giesseni, baseli (1859–60) és genfi, zürichi egyetemeken (1859–). Járt Londonban, Párizsban, Brüsszelben és Hollandiában, ahol kikutatta a feledésbe merült egyetemi alapítványokat. Hazatérve, Pesten politikai lapoknál dolgozott, majd Szalay László ajánlatára, kinek lányát számtanra tanította, a szatmári ref. főgimnáziumba hívták meg a számtan és a természettudományok tanárának (1861), valamint segédlelkész is. Itt Ábray Károly tanártársával együtt szerkesztette a Tárogató c. lapot, majd Ábray távoztával a Szatmári Közlönyt, s megalapította a Kölcsey-Társaságot. Az ő eszméje volt a Kölcsey-szobor felállítása, a prot. nőnevelde létesítése. Megyaszóra ment papnak (1867–) s ettől kezdve csak híveinek és az irodalomnak élt. A tiszáninneni egyházkerület tanácsbírájává választotta (1887). Cikkei és kisebb dolgozatai: Girókúti Képes Naptár, Orsz. Nagy Képes Naptár, Sárospataki füzetek, Hölgyfutár, Pesti Napló, Ország, Hon, Prot. Szemle, Képes Csal. Lapok, Tárogatóban s a Szatmári Közlönyben. –  <strong>F. m..:</strong> Úti rajzok (két kötet) (Kv, 1861–62); Fichte János Tódor élete és munkássága (Sárospatak, 1863.); Fény és árny (tört. beszélyek, két kötet, Pest, 1862, 1866); Magyar- és Erdélyország s ezzel kapcsolatban az ausztr. tartományok földleírása (Debreczen, 1863); A heidelbergi káté értelmezése (Kv., 1864); Úttörők (Regényes korrajz a magyar prot. egyháztörténelemből 2 k., Sárospatak, 1866); A keresztyén egyház multja. Egyháztörténelem (Sárospatak, 1867); Korszerű egyházi beszédek (2 füzet, Miskolcz, 1869–1870); . Egyházi beszédek. I. füzet (Budapest, 1880); <strong>antológ.:</strong> Színes <strong>könyv:</strong> Diszlemények (Brassó, 1861). <br /><strong>– Irod.:</strong> Kiss–Kálmán–Bierbrunner; Rugonfalvi-Kiss, Szabó–Simon–Szögi; Szinnyei; Szinnyei J; Szinnyei József; ÚMIL; Zoványi.</br></p>

<p>Mv., 1836. márc. 31., 23 † Szerencs, 1913. szept. 13.: ref. lelkész, író. – Apja, Mihály kereskedő jelentős szerepet játszott a szabadságharcban, egyike volt azoknak, akik Berzenczey Lászlóval az agyagfalvi népgyűlésen a székelységet felkelésre buzdította. Gedeon osztrák tábornok, megostromolva Mv.-t, őt mint lázítót elfogta. Bár 3 hónap múlva Bem tábornok a fogságból kiszabadította és tiszti [&hellip;]</p>
