{"id":25184,"date":"2025-08-01T18:36:19","date_gmt":"2025-08-01T16:36:19","guid":{"rendered":"https:\/\/uj.adatbank.ro\/lexikon\/termek\/zonda-attila-%c2%a7\/"},"modified":"2025-08-01T18:36:19","modified_gmt":"2025-08-01T16:36:19","slug":"zonda-attila-%c2%a7","status":"publish","type":"product","link":"https:\/\/uj.adatbank.ro\/lexikon\/termek\/zonda-attila-%c2%a7\/","title":{"rendered":"ZONDA Attila, \u00a7"},"content":{"rendered":"<p>Mv., 1950. aug. 2., \u2020 Mv., 1997. \u00e1pr. 4.: tan\u00e1r, politikus. \u2013 Mv.-en a 4. sz \u00e1ltal\u00e1nos iskol\u00e1ban tanult, majd a zeneiskol\u00e1ban tanul, a Bolyai Farkas L\u00edc.-ban \u00e9retts\u00e9gizett (1969), a mv.-i Pedag\u00f3gia F\u0151iskol\u00e1n zenetan\u00e1ri oklevelet szerzett (1972). Tan\u00e1rai voltak Sz\u00e1sz K\u00e1roly, Kozma M\u00e1ty\u00e1s, Brandner N\u00f3ra, Birtalan J\u00f3zsef. M\u00e1ramaros megy\u00e9ben, Hossz\u00famez\u0151n volt zenetan\u00e1r 18 \u00e9ven \u00e1t, ugyanakkor a k\u00f6rny\u00e9k akt\u00edv kultur\u00e1lis szervez\u0151je volt, Ki mit tud? vet\u00e9lked\u0151t rendezett, k\u00f6zben a m\u00e1ramarosszigeti N\u00e9pi M\u0171v\u00e9szeti Iskol\u00e1ban is tan\u00edtott (1974\u201376). T\u00edz \u00e9vig vezette a Ricercar renesz\u00e1nsz \u00e9s kora barokk zen\u00e9t j\u00e1tsz\u00f3 gyermekegy\u00fcttest, mely t\u00f6bbsz\u00f6r is nyert orsz\u00e1gos versenyeken; feln\u0151tt vegyes k\u00f3rust alak\u00edtott \u00e9s vez\u00e9nyelt. Szaktan\u00e1ri II. fokozati vizsg\u00e1t tett (1980). Alap\u00edt\u00f3tagja volt a m\u00e1ramarosszigeti RMDSZ szervezetnek (1989. dec. 25.), a Gutinon t\u00fali ter\u00fcleti szervezet eln\u00f6ke. Tagja az RMDSZ Orsz\u00e1gos Ideiglenes Int\u00e9z\u0151bizotts\u00e1g\u00e1nak (1990\u2013), majd az orsz\u00e1gos vezet\u0151s\u00e9gnek mint \u00fcgyvezet\u0151-szervez\u0151 aleln\u00f6k. K\u00e9pvisel\u0151 a rom\u00e1n parlamentben (1990. m\u00e1j. 20. \u2013 1992. okt. 16.), kezdetben a tan\u00fcgyi bizotts\u00e1gban dolgozott, majd az RMDSZ k\u00f6zponti sajt\u00f3- \u00e9s propaganda tev\u00e9kenys\u00e9g\u00e9t ir\u00e1ny\u00edtotta \u00e9s a RTV Puncte de vedere \u00e9s Partidele \u00een fa\u0163a na\u0163iunii c\u00edm\u0171 politikai m\u0171sorait szerkesztette \u00e9s vezette (1992. febr.-ig) \u00e9s a buk.-i r\u00e1di\u00f3 m. ad\u00e1s\u00e1nak parlamenti tud\u00f3s\u00edt\u00f3ja volt: B\u00e1rsonysz\u00e9kek \u00e9s hangulatok c. m\u0171sora nagy n\u00e9pszer\u0171s\u00e9gnek \u00f6rvendett. Mv.-re k\u00f6lt\u00f6z\u00f6tt (1992. \u0151sz\u00e9n), Frunda Gy\u00f6rgy szen\u00e1tor kabinetf\u0151n\u00f6ke lett, majd az RMDSZ megyei szervezet\u00e9nek aleln\u00f6ke (1992. nov. 7. \u2013), eln\u00f6ke (1994\u201397). Sz\u00e1mos zenepedag\u00f3giai cikket \u00edrt. MURE-tag. Cikkei a N\u00fa.-ban. \u2013 Fm.: B\u00e1rsonysz\u00e9kek \u00e9s hangulatok (Cs\u00edkszereda, 1998). <br \/><strong>\u2013 Irod.:<\/strong> Beke Gy\u00f6rgy: Bolt\u00edvek teherb\u00edr\u00e1sa (?); Izs\u00e1k Bal\u00e1zs: Eml\u00e9kez\u00fcnk (N\u00fa., 1998. \u00e1pr. 4.); MMK; Z. A. &#8230; \u00d6n\u00e9letrajz (N\u00fa., 1994. nov. 30.); [Nekrol\u00f3g] (N\u00fa., 1997. \u00e1pr. 5., 8.); Sz\u00e9kely Szab\u00f3 Z. 2016; Todea 2013; Z. A. eml\u00e9ksz\u00e1m (N\u00fa., 1997. \u00e1pr. 17.).<\/br><\/p>\n","protected":false},"excerpt":{"rendered":"<p>Mv., 1950. aug. 2., \u2020 Mv., 1997. \u00e1pr. 4.: tan\u00e1r, politikus. \u2013 Mv.-en a 4. sz \u00e1ltal\u00e1nos iskol\u00e1ban tanult, majd a zeneiskol\u00e1ban tanul, a Bolyai Farkas L\u00edc.-ban \u00e9retts\u00e9gizett (1969), a mv.-i Pedag\u00f3gia F\u0151iskol\u00e1n zenetan\u00e1ri oklevelet szerzett (1972). Tan\u00e1rai voltak Sz\u00e1sz K\u00e1roly, Kozma M\u00e1ty\u00e1s, Brandner N\u00f3ra, Birtalan J\u00f3zsef. M\u00e1ramaros megy\u00e9ben, Hossz\u00famez\u0151n volt zenetan\u00e1r 18 \u00e9ven \u00e1t, [&hellip;]<\/p>\n","protected":false},"featured_media":0,"comment_status":"open","ping_status":"closed","template":"","meta":[],"product_brand":[],"product_cat":[137],"product_tag":[],"class_list":{"0":"post-25184","1":"product","2":"type-product","3":"status-publish","5":"product_cat-maros-megyei-eletrajzi-lexikon","7":"first","8":"instock","9":"shipping-taxable","10":"product-type-simple"},"_links":{"self":[{"href":"https:\/\/uj.adatbank.ro\/lexikon\/wp-json\/wp\/v2\/product\/25184","targetHints":{"allow":["GET"]}}],"collection":[{"href":"https:\/\/uj.adatbank.ro\/lexikon\/wp-json\/wp\/v2\/product"}],"about":[{"href":"https:\/\/uj.adatbank.ro\/lexikon\/wp-json\/wp\/v2\/types\/product"}],"replies":[{"embeddable":true,"href":"https:\/\/uj.adatbank.ro\/lexikon\/wp-json\/wp\/v2\/comments?post=25184"}],"wp:attachment":[{"href":"https:\/\/uj.adatbank.ro\/lexikon\/wp-json\/wp\/v2\/media?parent=25184"}],"wp:term":[{"taxonomy":"product_brand","embeddable":true,"href":"https:\/\/uj.adatbank.ro\/lexikon\/wp-json\/wp\/v2\/product_brand?post=25184"},{"taxonomy":"product_cat","embeddable":true,"href":"https:\/\/uj.adatbank.ro\/lexikon\/wp-json\/wp\/v2\/product_cat?post=25184"},{"taxonomy":"product_tag","embeddable":true,"href":"https:\/\/uj.adatbank.ro\/lexikon\/wp-json\/wp\/v2\/product_tag?post=25184"}],"curies":[{"name":"wp","href":"https:\/\/api.w.org\/{rel}","templated":true}]}}

<p>Mv., 1950. aug. 2., † Mv., 1997. ápr. 4.: tanár, politikus. – Mv.-en a 4. sz általános iskolában tanult, majd a zeneiskolában tanul, a Bolyai Farkas Líc.-ban érettségizett (1969), a mv.-i Pedagógia Főiskolán zenetanári oklevelet szerzett (1972). Tanárai voltak Szász Károly, Kozma Mátyás, Brandner Nóra, Birtalan József. Máramaros megyében, Hosszúmezőn volt zenetanár 18 éven át, ugyanakkor a környék aktív kulturális szervezője volt, Ki mit tud? vetélkedőt rendezett, közben a máramarosszigeti Népi Művészeti Iskolában is tanított (1974–76). Tíz évig vezette a Ricercar reneszánsz és kora barokk zenét játszó gyermekegyüttest, mely többször is nyert országos versenyeken; felnőtt vegyes kórust alakított és vezényelt. Szaktanári II. fokozati vizsgát tett (1980). Alapítótagja volt a máramarosszigeti RMDSZ szervezetnek (1989. dec. 25.), a Gutinon túli területi szervezet elnöke. Tagja az RMDSZ Országos Ideiglenes Intézőbizottságának (1990–), majd az országos vezetőségnek mint ügyvezető-szervező alelnök. Képviselő a román parlamentben (1990. máj. 20. – 1992. okt. 16.), kezdetben a tanügyi bizottságban dolgozott, majd az RMDSZ központi sajtó- és propaganda tevékenységét irányította és a RTV Puncte de vedere és Partidele în faţa naţiunii című politikai műsorait szerkesztette és vezette (1992. febr.-ig) és a buk.-i rádió m. adásának parlamenti tudósítója volt: Bársonyszékek és hangulatok c. műsora nagy népszerűségnek örvendett. Mv.-re költözött (1992. őszén), Frunda György szenátor kabinetfőnöke lett, majd az RMDSZ megyei szervezetének alelnöke (1992. nov. 7. –), elnöke (1994–97). Számos zenepedagógiai cikket írt. MURE-tag. Cikkei a Nú.-ban. – Fm.: Bársonyszékek és hangulatok (Csíkszereda, 1998). <br /><strong>– Irod.:</strong> Beke György: Boltívek teherbírása (?); Izsák Balázs: Emlékezünk (Nú., 1998. ápr. 4.); MMK; Z. A. &#8230; Önéletrajz (Nú., 1994. nov. 30.); [Nekrológ] (Nú., 1997. ápr. 5., 8.); Székely Szabó Z. 2016; Todea 2013; Z. A. emlékszám (Nú., 1997. ápr. 17.).</br></p>

<p>Mv., 1950. aug. 2., † Mv., 1997. ápr. 4.: tanár, politikus. – Mv.-en a 4. sz általános iskolában tanult, majd a zeneiskolában tanul, a Bolyai Farkas Líc.-ban érettségizett (1969), a mv.-i Pedagógia Főiskolán zenetanári oklevelet szerzett (1972). Tanárai voltak Szász Károly, Kozma Mátyás, Brandner Nóra, Birtalan József. Máramaros megyében, Hosszúmezőn volt zenetanár 18 éven át, [&hellip;]</p>
