{"id":25186,"date":"2025-08-01T18:36:22","date_gmt":"2025-08-01T16:36:22","guid":{"rendered":"https:\/\/uj.adatbank.ro\/lexikon\/termek\/zongor-arpad\/"},"modified":"2025-08-01T18:36:22","modified_gmt":"2025-08-01T16:36:22","slug":"zongor-arpad","status":"publish","type":"product","link":"https:\/\/uj.adatbank.ro\/lexikon\/termek\/zongor-arpad\/","title":{"rendered":"ZONGOR \u00c1rp\u00e1d"},"content":{"rendered":"<p>Mv., 1942. m\u00e1j. 24., \u2020\u00a0?: \u00e9nektan\u00e1r, karvezet\u0151. \u2013 A Debreceni Kod\u00e1ly Zolt\u00e1n Zenem\u0171v\u00e9szeti Szakiskola \u00e9s Tan\u00e1rk\u00e9pz\u0151 oboa-szolf\u00e9zs szak\u00e1n tanult (1956\u201363), folytatta tanulm\u00e1nyait a bp.-i Liszt Ferenc Zenem\u0171v\u00e9szeti F\u0151iskol\u00e1ban (1964\u201367) az \u00e9nektan\u00e1r- \u00e9s karvezet\u0151k\u00e9pz\u0151ben Sz\u0151nyi Erzs\u00e9bet \u00e9s V\u00e1s\u00e1rhelyi Zolt\u00e1n vezet\u00e9s\u00e9vel. Az \u00c1llami Zeneiskol\u00e1ban Ny\u00edregyh\u00e1z\u00e1n oboa- \u00e9s szolf\u00e9zstan\u00e1r (1962\u201364). Hatvanban is oboa- \u00e9s szolf\u00e9zstan\u00e1r (1966\u201367). Bp.-en a Liszt F. Zenem\u0171v\u00e9szeti F\u0151iskol\u00e1ban tanulm\u00e1nyi oszt\u00e1lyvezet\u0151 (1968\u201374). Oszt\u00e1lyvezet\u0151 a Szerz\u0151i Jogv\u00e9d\u0151 Hivatalban (1974\u2013). Karnagy, k\u00f3russzeml\u00e9ken zs\u0171ritag, sanzon \u00e9s t\u00e1ncdalbizotts\u00e1gi tag, a V\u00e1ndor S\u00e1ndor Szemle titk\u00e1ra. Karnagyk\u00e9nt vend\u00e9gszerepelt t\u00f6bb orsz\u00e1gban: Ausztria, Bulg\u00e1ria, Sv\u00e1jc, Kuba. <br \/><strong>\u2013 Irod.:<\/strong> Zenei ki kicsoda.<\/br><\/p>\n","protected":false},"excerpt":{"rendered":"<p>Mv., 1942. m\u00e1j. 24., \u2020\u00a0?: \u00e9nektan\u00e1r, karvezet\u0151. \u2013 A Debreceni Kod\u00e1ly Zolt\u00e1n Zenem\u0171v\u00e9szeti Szakiskola \u00e9s Tan\u00e1rk\u00e9pz\u0151 oboa-szolf\u00e9zs szak\u00e1n tanult (1956\u201363), folytatta tanulm\u00e1nyait a bp.-i Liszt Ferenc Zenem\u0171v\u00e9szeti F\u0151iskol\u00e1ban (1964\u201367) az \u00e9nektan\u00e1r- \u00e9s karvezet\u0151k\u00e9pz\u0151ben Sz\u0151nyi Erzs\u00e9bet \u00e9s V\u00e1s\u00e1rhelyi Zolt\u00e1n vezet\u00e9s\u00e9vel. Az \u00c1llami Zeneiskol\u00e1ban Ny\u00edregyh\u00e1z\u00e1n oboa- \u00e9s szolf\u00e9zstan\u00e1r (1962\u201364). Hatvanban is oboa- \u00e9s szolf\u00e9zstan\u00e1r (1966\u201367). Bp.-en a [&hellip;]<\/p>\n","protected":false},"featured_media":0,"comment_status":"open","ping_status":"closed","template":"","meta":[],"product_brand":[],"product_cat":[137],"product_tag":[],"class_list":{"0":"post-25186","1":"product","2":"type-product","3":"status-publish","5":"product_cat-maros-megyei-eletrajzi-lexikon","7":"first","8":"instock","9":"shipping-taxable","10":"product-type-simple"},"_links":{"self":[{"href":"https:\/\/uj.adatbank.ro\/lexikon\/wp-json\/wp\/v2\/product\/25186","targetHints":{"allow":["GET"]}}],"collection":[{"href":"https:\/\/uj.adatbank.ro\/lexikon\/wp-json\/wp\/v2\/product"}],"about":[{"href":"https:\/\/uj.adatbank.ro\/lexikon\/wp-json\/wp\/v2\/types\/product"}],"replies":[{"embeddable":true,"href":"https:\/\/uj.adatbank.ro\/lexikon\/wp-json\/wp\/v2\/comments?post=25186"}],"wp:attachment":[{"href":"https:\/\/uj.adatbank.ro\/lexikon\/wp-json\/wp\/v2\/media?parent=25186"}],"wp:term":[{"taxonomy":"product_brand","embeddable":true,"href":"https:\/\/uj.adatbank.ro\/lexikon\/wp-json\/wp\/v2\/product_brand?post=25186"},{"taxonomy":"product_cat","embeddable":true,"href":"https:\/\/uj.adatbank.ro\/lexikon\/wp-json\/wp\/v2\/product_cat?post=25186"},{"taxonomy":"product_tag","embeddable":true,"href":"https:\/\/uj.adatbank.ro\/lexikon\/wp-json\/wp\/v2\/product_tag?post=25186"}],"curies":[{"name":"wp","href":"https:\/\/api.w.org\/{rel}","templated":true}]}}

ZONGOR Árpád

<p>Mv., 1942. máj. 24., † ?: énektanár, karvezető. – A Debreceni Kodály Zoltán Zeneművészeti Szakiskola és Tanárképző oboa-szolfézs szakán tanult (1956–63), folytatta tanulmányait a bp.-i Liszt Ferenc Zeneművészeti Főiskolában (1964–67) az énektanár- és karvezetőképzőben Szőnyi Erzsébet és Vásárhelyi Zoltán vezetésével. Az Állami Zeneiskolában Nyíregyházán oboa- és szolfézstanár (1962–64). Hatvanban is oboa- és szolfézstanár (1966–67). Bp.-en a Liszt F. Zeneművészeti Főiskolában tanulmányi osztályvezető (1968–74). Osztályvezető a Szerzői Jogvédő Hivatalban (1974–). Karnagy, kórusszemléken zsűritag, sanzon és táncdalbizottsági tag, a Vándor Sándor Szemle titkára. Karnagyként vendégszerepelt több országban: Ausztria, Bulgária, Svájc, Kuba. <br /><strong>– Irod.:</strong> Zenei ki kicsoda.</br></p>

<p>Mv., 1942. máj. 24., † ?: énektanár, karvezető. – A Debreceni Kodály Zoltán Zeneművészeti Szakiskola és Tanárképző oboa-szolfézs szakán tanult (1956–63), folytatta tanulmányait a bp.-i Liszt Ferenc Zeneművészeti Főiskolában (1964–67) az énektanár- és karvezetőképzőben Szőnyi Erzsébet és Vásárhelyi Zoltán vezetésével. Az Állami Zeneiskolában Nyíregyházán oboa- és szolfézstanár (1962–64). Hatvanban is oboa- és szolfézstanár (1966–67). Bp.-en a [&hellip;]</p>
