{"id":25189,"date":"2025-08-01T18:36:29","date_gmt":"2025-08-01T16:36:29","guid":{"rendered":"https:\/\/uj.adatbank.ro\/lexikon\/termek\/zongor-gyula-2\/"},"modified":"2026-02-18T07:34:15","modified_gmt":"2026-02-18T06:34:15","slug":"zongor-gyula-2","status":"publish","type":"product","link":"https:\/\/uj.adatbank.ro\/lexikon\/termek\/zongor-gyula-2\/","title":{"rendered":"ZONGOR Gyula"},"content":{"rendered":"<p>Mez\u0151s\u00e1msondi f\u00f6ldbirtokos, aki megszervezte \u00e9s vezette EMGE keret\u00e9ben a gazdak\u00f6rt. \u2013 Maros\u2013Torda megy\u00e9ben els\u0151k\u00e9nt alap\u00edtott hitelsz\u00f6vetkezetet (1891); sokat tett a n\u00f6v\u00e9nytermeszt\u00e9s korszer\u0171s\u00edt\u00e9se \u00e9rdek\u00e9ben, mez\u0151gazdas\u00e1gi g\u00e9peket \u00e9s felszerel\u00e9seket adott a falu lak\u00f3inak rendelkez\u00e9s\u00e9re, mez\u0151gazdas\u00e1gi ki\u00e1ll\u00edt\u00e1sokat \u00e9s tapasztalatcser\u00e9ket szervezett. A gazdak\u00f6r\u00f6ket elv\u00e9gz\u0151 f\u00f6ldm\u0171veseket arany- vagy ez\u00fcstkal\u00e1szos okl.-lel t\u00fcntette ki. Az \u00faj int\u00e9zm\u00e9nyek r\u00e9sz\u00e9re saj\u00e1t sz\u00e9kh\u00e1zat \u00e9p\u00edttetett (1941), k\u00f6nyvt\u00e1rat hozott l\u00e9tre; megrendelte az Erd\u00e9lyi Gazda c. lapot \u00e9s a gazdanapt\u00e1rt, hogy hasznos ismeretekkel l\u00e1ssa el falust\u00e1rsait. A II. vh. megzavarta \u00e1ld\u00e1sos tev\u00e9kenys\u00e9g\u00e9t, de azut\u00e1n a Hangya sz\u00f6vetkezet \u00e1talakult fogyaszt\u00e1si sz\u00f6vetkezett\u00e9, s \u00e1tvette a r\u00e9gi sz\u00f6vetkezet vagyon\u00e1t \u00e9s r\u00e9szv\u00e9nyeit. Ez a sz\u00f6vetkezeti forma m\u0171k\u00f6dik napjainkban is.<br \/>\n<strong>\u2013 Irod.:<\/strong> Mez\u0151s\u00e1msond.<\/p>\n","protected":false},"excerpt":{"rendered":"<p>Mez\u0151s\u00e1msondi f\u00f6ldbirtokos, aki megszervezte \u00e9s vezette EMGE keret\u00e9ben a gazdak\u00f6rt. \u2013 Maros\u2013Torda megy\u00e9ben els\u0151k\u00e9nt alap\u00edtott hitelsz\u00f6vetkezetet (1891); sokat tett a n\u00f6v\u00e9nytermeszt\u00e9s korszer\u0171s\u00edt\u00e9se \u00e9rdek\u00e9ben, mez\u0151gazdas\u00e1gi g\u00e9peket \u00e9s felszerel\u00e9seket adott a falu lak\u00f3inak rendelkez\u00e9s\u00e9re, mez\u0151gazdas\u00e1gi ki\u00e1ll\u00edt\u00e1sokat \u00e9s tapasztalatcser\u00e9ket szervezett. A gazdak\u00f6r\u00f6ket elv\u00e9gz\u0151 f\u00f6ldm\u0171veseket arany- vagy ez\u00fcstkal\u00e1szos okl.-lel t\u00fcntette ki. Az \u00faj int\u00e9zm\u00e9nyek r\u00e9sz\u00e9re saj\u00e1t sz\u00e9kh\u00e1zat \u00e9p\u00edttetett (1941), [&hellip;]<\/p>\n","protected":false},"featured_media":0,"comment_status":"open","ping_status":"closed","template":"","meta":[],"product_brand":[],"product_cat":[137],"product_tag":[],"class_list":{"0":"post-25189","1":"product","2":"type-product","3":"status-publish","5":"product_cat-maros-megyei-eletrajzi-lexikon","7":"first","8":"instock","9":"shipping-taxable","10":"product-type-simple"},"_links":{"self":[{"href":"https:\/\/uj.adatbank.ro\/lexikon\/wp-json\/wp\/v2\/product\/25189","targetHints":{"allow":["GET"]}}],"collection":[{"href":"https:\/\/uj.adatbank.ro\/lexikon\/wp-json\/wp\/v2\/product"}],"about":[{"href":"https:\/\/uj.adatbank.ro\/lexikon\/wp-json\/wp\/v2\/types\/product"}],"replies":[{"embeddable":true,"href":"https:\/\/uj.adatbank.ro\/lexikon\/wp-json\/wp\/v2\/comments?post=25189"}],"wp:attachment":[{"href":"https:\/\/uj.adatbank.ro\/lexikon\/wp-json\/wp\/v2\/media?parent=25189"}],"wp:term":[{"taxonomy":"product_brand","embeddable":true,"href":"https:\/\/uj.adatbank.ro\/lexikon\/wp-json\/wp\/v2\/product_brand?post=25189"},{"taxonomy":"product_cat","embeddable":true,"href":"https:\/\/uj.adatbank.ro\/lexikon\/wp-json\/wp\/v2\/product_cat?post=25189"},{"taxonomy":"product_tag","embeddable":true,"href":"https:\/\/uj.adatbank.ro\/lexikon\/wp-json\/wp\/v2\/product_tag?post=25189"}],"curies":[{"name":"wp","href":"https:\/\/api.w.org\/{rel}","templated":true}]}}

<p>Mezősámsondi földbirtokos, aki megszervezte és vezette EMGE keretében a gazdakört. – Maros–Torda megyében elsőként alapított hitelszövetkezetet (1891); sokat tett a növénytermesztés korszerűsítése érdekében, mezőgazdasági gépeket és felszereléseket adott a falu lakóinak rendelkezésére, mezőgazdasági kiállításokat és tapasztalatcseréket szervezett. A gazdaköröket elvégző földműveseket arany- vagy ezüstkalászos okl.-lel tüntette ki. Az új intézmények részére saját székházat építtetett (1941), könyvtárat hozott létre; megrendelte az Erdélyi Gazda c. lapot és a gazdanaptárt, hogy hasznos ismeretekkel lássa el falustársait. A II. vh. megzavarta áldásos tevékenységét, de azután a Hangya szövetkezet átalakult fogyasztási szövetkezetté, s átvette a régi szövetkezet vagyonát és részvényeit. Ez a szövetkezeti forma működik napjainkban is.<br />
<strong>– Irod.:</strong> Mezősámsond.</p>

<p>Mezősámsondi földbirtokos, aki megszervezte és vezette EMGE keretében a gazdakört. – Maros–Torda megyében elsőként alapított hitelszövetkezetet (1891); sokat tett a növénytermesztés korszerűsítése érdekében, mezőgazdasági gépeket és felszereléseket adott a falu lakóinak rendelkezésére, mezőgazdasági kiállításokat és tapasztalatcseréket szervezett. A gazdaköröket elvégző földműveseket arany- vagy ezüstkalászos okl.-lel tüntette ki. Az új intézmények részére saját székházat építtetett (1941), [&hellip;]</p>
