{"id":25192,"date":"2025-08-01T18:36:34","date_gmt":"2025-08-01T16:36:34","guid":{"rendered":"https:\/\/uj.adatbank.ro\/lexikon\/termek\/zongor-laszlo\/"},"modified":"2025-08-01T18:36:34","modified_gmt":"2025-08-01T16:36:34","slug":"zongor-laszlo","status":"publish","type":"product","link":"https:\/\/uj.adatbank.ro\/lexikon\/termek\/zongor-laszlo\/","title":{"rendered":"ZONGOR L\u00e1szl\u00f3"},"content":{"rendered":"<p>? 1898., \u2020\u00a0? 1956.: keresked\u0151. \u2013 Apja Z. Istv\u00e1n k\u00f6rjegyz\u0151. Z. L\u00e1szl\u00f3 l\u00e1tva, hogy az I. vh. ut\u00e1n tisztvisel\u0151 p\u00e1ly\u00e1ra menni nem volt lehet\u0151s\u00e9g, a Transsylvania Palot\u00e1ban bodeg\u00e1t, gy\u00fcm\u00f6lcs- \u00e9s tejterm\u00e9ket \u00e1rus\u00edt\u00f3 boltot nyitott. Feles\u00e9g\u00fcl vette Zintaller Matild fodr\u00e1szn\u0151t, a Franciao-ot is megj\u00e1rt Zintaller labdar\u00fag\u00f3 testv\u00e9rek n\u0151v\u00e9r\u00e9t. Az \u00fczlet j\u00f3l ment, h\u00e1zat vettek a Gecse utc\u00e1ban (1947) \u00e9s oda k\u00f6lt\u00f6ztek. Lelkes tagja volt az 1898-ban alap\u00edtott Marosv\u00e1s\u00e1rhelyi Sportegyes\u00fcletnek, az MSE-nek, \u00e9s hossz\u00fa \u00e9vekig j\u00e1tszott a labdar\u00fag\u00f3 csapat\u00e1ban. Beteges lett \u00e9s meghalt, feles\u00e9ge 1974-ben halt meg. <br \/><strong>\u2013 Irod.:<\/strong> Sipos.<\/br><\/p>\n","protected":false},"excerpt":{"rendered":"<p>? 1898., \u2020\u00a0? 1956.: keresked\u0151. \u2013 Apja Z. Istv\u00e1n k\u00f6rjegyz\u0151. Z. L\u00e1szl\u00f3 l\u00e1tva, hogy az I. vh. ut\u00e1n tisztvisel\u0151 p\u00e1ly\u00e1ra menni nem volt lehet\u0151s\u00e9g, a Transsylvania Palot\u00e1ban bodeg\u00e1t, gy\u00fcm\u00f6lcs- \u00e9s tejterm\u00e9ket \u00e1rus\u00edt\u00f3 boltot nyitott. Feles\u00e9g\u00fcl vette Zintaller Matild fodr\u00e1szn\u0151t, a Franciao-ot is megj\u00e1rt Zintaller labdar\u00fag\u00f3 testv\u00e9rek n\u0151v\u00e9r\u00e9t. Az \u00fczlet j\u00f3l ment, h\u00e1zat vettek a Gecse [&hellip;]<\/p>\n","protected":false},"featured_media":0,"comment_status":"open","ping_status":"closed","template":"","meta":[],"product_brand":[],"product_cat":[137],"product_tag":[],"class_list":{"0":"post-25192","1":"product","2":"type-product","3":"status-publish","5":"product_cat-maros-megyei-eletrajzi-lexikon","7":"first","8":"instock","9":"shipping-taxable","10":"product-type-simple"},"_links":{"self":[{"href":"https:\/\/uj.adatbank.ro\/lexikon\/wp-json\/wp\/v2\/product\/25192","targetHints":{"allow":["GET"]}}],"collection":[{"href":"https:\/\/uj.adatbank.ro\/lexikon\/wp-json\/wp\/v2\/product"}],"about":[{"href":"https:\/\/uj.adatbank.ro\/lexikon\/wp-json\/wp\/v2\/types\/product"}],"replies":[{"embeddable":true,"href":"https:\/\/uj.adatbank.ro\/lexikon\/wp-json\/wp\/v2\/comments?post=25192"}],"wp:attachment":[{"href":"https:\/\/uj.adatbank.ro\/lexikon\/wp-json\/wp\/v2\/media?parent=25192"}],"wp:term":[{"taxonomy":"product_brand","embeddable":true,"href":"https:\/\/uj.adatbank.ro\/lexikon\/wp-json\/wp\/v2\/product_brand?post=25192"},{"taxonomy":"product_cat","embeddable":true,"href":"https:\/\/uj.adatbank.ro\/lexikon\/wp-json\/wp\/v2\/product_cat?post=25192"},{"taxonomy":"product_tag","embeddable":true,"href":"https:\/\/uj.adatbank.ro\/lexikon\/wp-json\/wp\/v2\/product_tag?post=25192"}],"curies":[{"name":"wp","href":"https:\/\/api.w.org\/{rel}","templated":true}]}}

ZONGOR László

<p>? 1898., † ? 1956.: kereskedő. – Apja Z. István körjegyző. Z. László látva, hogy az I. vh. után tisztviselő pályára menni nem volt lehetőség, a Transsylvania Palotában bodegát, gyümölcs- és tejterméket árusító boltot nyitott. Feleségül vette Zintaller Matild fodrásznőt, a Franciao-ot is megjárt Zintaller labdarúgó testvérek nővérét. Az üzlet jól ment, házat vettek a Gecse utcában (1947) és oda költöztek. Lelkes tagja volt az 1898-ban alapított Marosvásárhelyi Sportegyesületnek, az MSE-nek, és hosszú évekig játszott a labdarúgó csapatában. Beteges lett és meghalt, felesége 1974-ben halt meg. <br /><strong>– Irod.:</strong> Sipos.</br></p>

<p>? 1898., † ? 1956.: kereskedő. – Apja Z. István körjegyző. Z. László látva, hogy az I. vh. után tisztviselő pályára menni nem volt lehetőség, a Transsylvania Palotában bodegát, gyümölcs- és tejterméket árusító boltot nyitott. Feleségül vette Zintaller Matild fodrásznőt, a Franciao-ot is megjárt Zintaller labdarúgó testvérek nővérét. Az üzlet jól ment, házat vettek a Gecse [&hellip;]</p>
