{"id":25193,"date":"2025-08-01T18:36:36","date_gmt":"2025-08-01T16:36:36","guid":{"rendered":"https:\/\/uj.adatbank.ro\/lexikon\/termek\/zongor-mate\/"},"modified":"2025-08-01T18:36:36","modified_gmt":"2025-08-01T16:36:36","slug":"zongor-mate","status":"publish","type":"product","link":"https:\/\/uj.adatbank.ro\/lexikon\/termek\/zongor-mate\/","title":{"rendered":"ZONGOR M\u00e1t\u00e9"},"content":{"rendered":"<p>? \u2020\u00a0?: mez\u0151k\u00f6lp\u00e9nyi sz\u00fclet\u00e9s\u0171 mez\u0151s\u00e1msondi f\u00f6ldbirtokos, aki Bocskai Istv\u00e1n fejedelemt\u0151l kapott birtoklevelet, amellyel a harcokban tan\u00fas\u00edtott vit\u00e9zs\u00e9g\u00e9t jutalmazta (1606). Ut\u00f3da, Zongor G\u00e1sp\u00e1r, R\u00e1k\u00f3czi Gy\u00f6rgy fejedelemt\u0151l primipiliusi levelet kapott (1800). <br \/><strong>\u2013 Irod.:<\/strong> Mez\u0151s\u00e1msond.<\/br><\/p>\n","protected":false},"excerpt":{"rendered":"<p>? \u2020\u00a0?: mez\u0151k\u00f6lp\u00e9nyi sz\u00fclet\u00e9s\u0171 mez\u0151s\u00e1msondi f\u00f6ldbirtokos, aki Bocskai Istv\u00e1n fejedelemt\u0151l kapott birtoklevelet, amellyel a harcokban tan\u00fas\u00edtott vit\u00e9zs\u00e9g\u00e9t jutalmazta (1606). Ut\u00f3da, Zongor G\u00e1sp\u00e1r, R\u00e1k\u00f3czi Gy\u00f6rgy fejedelemt\u0151l primipiliusi levelet kapott (1800). \u2013 Irod.: Mez\u0151s\u00e1msond.<\/p>\n","protected":false},"featured_media":0,"comment_status":"open","ping_status":"closed","template":"","meta":[],"product_brand":[],"product_cat":[137],"product_tag":[],"class_list":{"0":"post-25193","1":"product","2":"type-product","3":"status-publish","5":"product_cat-maros-megyei-eletrajzi-lexikon","7":"first","8":"instock","9":"shipping-taxable","10":"product-type-simple"},"_links":{"self":[{"href":"https:\/\/uj.adatbank.ro\/lexikon\/wp-json\/wp\/v2\/product\/25193","targetHints":{"allow":["GET"]}}],"collection":[{"href":"https:\/\/uj.adatbank.ro\/lexikon\/wp-json\/wp\/v2\/product"}],"about":[{"href":"https:\/\/uj.adatbank.ro\/lexikon\/wp-json\/wp\/v2\/types\/product"}],"replies":[{"embeddable":true,"href":"https:\/\/uj.adatbank.ro\/lexikon\/wp-json\/wp\/v2\/comments?post=25193"}],"wp:attachment":[{"href":"https:\/\/uj.adatbank.ro\/lexikon\/wp-json\/wp\/v2\/media?parent=25193"}],"wp:term":[{"taxonomy":"product_brand","embeddable":true,"href":"https:\/\/uj.adatbank.ro\/lexikon\/wp-json\/wp\/v2\/product_brand?post=25193"},{"taxonomy":"product_cat","embeddable":true,"href":"https:\/\/uj.adatbank.ro\/lexikon\/wp-json\/wp\/v2\/product_cat?post=25193"},{"taxonomy":"product_tag","embeddable":true,"href":"https:\/\/uj.adatbank.ro\/lexikon\/wp-json\/wp\/v2\/product_tag?post=25193"}],"curies":[{"name":"wp","href":"https:\/\/api.w.org\/{rel}","templated":true}]}}