{"id":25195,"date":"2025-08-01T18:36:39","date_gmt":"2025-08-01T16:36:39","guid":{"rendered":"https:\/\/uj.adatbank.ro\/lexikon\/termek\/zorlescu-camelia\/"},"modified":"2025-08-01T18:36:39","modified_gmt":"2025-08-01T16:36:39","slug":"zorlescu-camelia","status":"publish","type":"product","link":"https:\/\/uj.adatbank.ro\/lexikon\/termek\/zorlescu-camelia\/","title":{"rendered":"ZORLESCU Camelia"},"content":{"rendered":"<p>? \u2020 ?: sz\u00edn\u00e9szn\u0151. \u2013 A Mv. \u00c1llami Sz\u00ednh\u00e1z rom\u00e1n tagozat\u00e1n m\u0171k\u00f6d\u00f6tt (1962\u20131965), azut\u00e1n Buk.-be szerz\u0151d\u00f6tt. \u2013 <strong>F. sz.:<\/strong>: Ma\u015fa (Al.Stein: Oceanul), Corina (M. Sebastian: Jocul de-a vacan\u0163a), Olivia (Shakespeare: A dou\u0103sprezecea noapte), Olga (Eduardo de Filippo: Minciuna are picioare lungi), Lucietta (C. Goldoni: G\u00e2lcevile din Chioggia), Margot (Jean Cocteau: Ma\u015fina de scris), Tinca (Teodor Bo\u015fca: Judecata), Gittel (William Gibson: Doi pe un balansoar), Helena (John Osborne: Prive\u015fte \u00eenapoi cu m\u00e2nie). <br \/><strong>\u2013 Irod.:<\/strong> Fodor Zeno.<\/br><\/p>\n","protected":false},"excerpt":{"rendered":"<p>? \u2020 ?: sz\u00edn\u00e9szn\u0151. \u2013 A Mv. \u00c1llami Sz\u00ednh\u00e1z rom\u00e1n tagozat\u00e1n m\u0171k\u00f6d\u00f6tt (1962\u20131965), azut\u00e1n Buk.-be szerz\u0151d\u00f6tt. \u2013 F. sz.:: Ma\u015fa (Al.Stein: Oceanul), Corina (M. Sebastian: Jocul de-a vacan\u0163a), Olivia (Shakespeare: A dou\u0103sprezecea noapte), Olga (Eduardo de Filippo: Minciuna are picioare lungi), Lucietta (C. Goldoni: G\u00e2lcevile din Chioggia), Margot (Jean Cocteau: Ma\u015fina de scris), Tinca (Teodor [&hellip;]<\/p>\n","protected":false},"featured_media":0,"comment_status":"open","ping_status":"closed","template":"","meta":[],"product_brand":[],"product_cat":[137],"product_tag":[],"class_list":{"0":"post-25195","1":"product","2":"type-product","3":"status-publish","5":"product_cat-maros-megyei-eletrajzi-lexikon","7":"first","8":"instock","9":"shipping-taxable","10":"product-type-simple"},"_links":{"self":[{"href":"https:\/\/uj.adatbank.ro\/lexikon\/wp-json\/wp\/v2\/product\/25195","targetHints":{"allow":["GET"]}}],"collection":[{"href":"https:\/\/uj.adatbank.ro\/lexikon\/wp-json\/wp\/v2\/product"}],"about":[{"href":"https:\/\/uj.adatbank.ro\/lexikon\/wp-json\/wp\/v2\/types\/product"}],"replies":[{"embeddable":true,"href":"https:\/\/uj.adatbank.ro\/lexikon\/wp-json\/wp\/v2\/comments?post=25195"}],"wp:attachment":[{"href":"https:\/\/uj.adatbank.ro\/lexikon\/wp-json\/wp\/v2\/media?parent=25195"}],"wp:term":[{"taxonomy":"product_brand","embeddable":true,"href":"https:\/\/uj.adatbank.ro\/lexikon\/wp-json\/wp\/v2\/product_brand?post=25195"},{"taxonomy":"product_cat","embeddable":true,"href":"https:\/\/uj.adatbank.ro\/lexikon\/wp-json\/wp\/v2\/product_cat?post=25195"},{"taxonomy":"product_tag","embeddable":true,"href":"https:\/\/uj.adatbank.ro\/lexikon\/wp-json\/wp\/v2\/product_tag?post=25195"}],"curies":[{"name":"wp","href":"https:\/\/api.w.org\/{rel}","templated":true}]}}