{"id":25198,"date":"2025-08-01T18:36:48","date_gmt":"2025-08-01T16:36:48","guid":{"rendered":"https:\/\/uj.adatbank.ro\/lexikon\/termek\/zrinyi-endre\/"},"modified":"2025-08-01T18:36:48","modified_gmt":"2025-08-01T16:36:48","slug":"zrinyi-endre","status":"publish","type":"product","link":"https:\/\/uj.adatbank.ro\/lexikon\/termek\/zrinyi-endre\/","title":{"rendered":"ZR\u00cdNYI Endre"},"content":{"rendered":"<p>Mv., 1927. m\u00e1rc. 3., \u2020 Mv., 1998. m\u00e1rc. 26.: t\u00f6rt\u00e9n\u00e9sz, r\u00e9g\u00e9sz, muzeogr\u00e1fus. \u2013 Feles\u00e9ge: Z. Jol\u00e1n, nyomd\u00e1szkorrektor (1932 \u2013 Mv., 2001. nov. 22.). \u2013 A mv.-i Ref. Koll.-ban \u00e9retts\u00e9gizett (1946). Neh\u00e9z ifj\u00fakori \u00e9letk\u00f6r\u00fclm\u00e9nyei miatt csak k\u00e9s\u0151bb v\u00e9gezhetett fels\u0151bb iskol\u00e1kat. Tisztvisel\u0151 (1946\u201356); \u00e9s a mv.-i M\u00fazeum \u00f6nk\u00e9ntes k\u00fcls\u0151 munkat\u00e1rsa (1949\u2013), A mv.-i Pedag\u00f3giai F\u0151iskol\u00e1n rom\u00e1n-t\u00f6rt\u00e9nelem szakon (1972), ill. a kv.-i BBTE t\u00f6rt\u00e9nelemszak\u00e1n v\u00e9gzett (1981). A Mv.-i M\u00fazeum r\u00e9g\u00e9sze, f\u0151muzeol\u00f3gusa nyugd\u00edjaz\u00e1s\u00e1ig (1956. \u00e1pr. 15. \u2013 1989. jan. 1.). Szakter\u00fclete a r\u00e9g\u00e9szet \u00e9s a numizmatika. Rendszeres r\u00e9g\u00e9szeti \u00e1sat\u00e1sokat v\u00e9gzett Maros \u00e9s Hargita megy\u00e9ben: Maroskereszt\u00faron (1956, D. Protase \u00e9s Dankanits \u00c1d\u00e1m k\u00f6zrem\u0171k\u00f6d\u00e9s\u00e9vel: 1961; 1962, 1972); Mez\u0151b\u00e1ndon a Hidegv\u00f6lgyben (1960, 1973); a mv.-i v\u00e1rban (1960); Kenden (1961, 1979, 1980), \u00d3zdon (1964, 1965, 1966, 1968, 1970, 1971); Istv\u00e1nh\u00e1z\u00e1n (1967); B\u00e1tosban (1967, 1968), Dedr\u00e1dsz\u00e9plakon (1967), Kutyfalv\u00e1n (1967, 1969, 1977), Koronk\u00e1n (1967); S\u00f6v\u00e9nyfalv\u00e1n (1969); Homor\u00f3dalm\u00e1son (1969); Sz\u00e1rhegyen (1971); Harasztker\u00e9ken, Maroscsap\u00f3n, Marosszentkir\u00e1lyon, Mez\u0151cekeden, Sz\u00e1szbog\u00e1cson, M\u00e1rkodon (1973), Beresztelk\u00e9n, Mez\u0151kem\u00e9nytelk\u00e9n, Petel\u00e9n, Marosludason, Lib\u00e1nfalv\u00e1n, Mv.-en (1974); Mez\u0151s\u00e1msondon (1974\u201377), Mez\u0151z\u00e1hon (1979), Radn\u00f3ton (1980); D\u00e9d\u00e1n, Als\u00f3idecsen, Ny\u00e1r\u00e1dmagyar\u00f3son (1981); D\u00e9d\u00e1n, Fels\u0151r\u00e9p\u00e1n, Monoron (1984); Malomfalv\u00e1n (1985\u201387); Marosj\u00e1r\u00e1n (1987); Nagys\u00e1rm\u00e1son (1996); Gernyeszegen (1992\u201394, 1996); Marosv\u00e9csen (1970\u201387, 1997). A m\u00fazeumi anyag lelt\u00e1r\u00e1nak, szakkatal\u00f3gus\u00e1nak \u00f6ssze\u00e1ll\u00edt\u00e1s\u00e1val p\u00e1rhuzamosan r\u00f6vid k\u00f6zlem\u00e9nyekben ismertette a jelent\u0151sebb leleteket (jobb\u00e1gytelki bronzlelet, m\u00e1rkodi r\u00f3mai rakt\u00e1rlelet, a mv.-i fazekass\u00e1g eml\u00e9kei). A Sz\u00e9kelyf\u00f6ld \u00e9szaki fel\u00e9ben tett kutat\u00e1sai folyom\u00e1nyak\u00e9nt a t\u00e1jegys\u00e9g sz\u00e1mos feh\u00e9r foltj\u00e1t t\u00fcntette el. Elk\u00e9sz\u00edtette Maros megye n\u00e9pv\u00e1ndorl\u00e1skori leleteinek repert\u00f3rium\u00e1t (1976); t\u00f6bb r\u00e9g\u00e9szeti felt\u00e1r\u00e1snak volt a vezet\u0151je vagy munkat\u00e1rsa (dedr\u00e1dsz\u00e9plaki \u00fajk\u0151kori telep \u00e9s temet\u0151, magyar\u00f3zdi szk\u00edta temet\u0151, marosv\u00e9csi r\u00f3mai castrum, malomfalvi kora k\u00f6z\u00e9pkori telep\u00fcl\u00e9s, gyergy\u00f3sz\u00e1rhegyi renesz\u00e1nsz kast\u00e9ly). R\u00e9szt vett a maroskereszt\u00fari, marosv\u00e9csi r\u00f3mai eml\u00e9kek (\u00e9rm\u00e9k, feliratok, faragv\u00e1nyok) feldolgoz\u00e1s\u00e1ban. K\u00f6z\u00f6lt m\u00e9g az Acta Musei Napocensis, Apulum, Dacia, Epigraphica, Ephemeris Napocensis szaklapokban. T\u00e1rsszerz\u0151k\u00e9nt \u00f6n\u00e1ll\u00f3 k\u00f6tetben dolgozta fel a m\u00fazeum kincs- \u00e9s p\u00e9nzleleteit. Cikkeivel, ki\u00e1ll\u00edt\u00e1sok szervez\u00e9s\u00e9vel k\u00f6zvet\u00edtette szaktudom\u00e1nya eredm\u00e9nyeit a nagyk\u00f6z\u00f6ns\u00e9g fel\u00e9. A felt\u00e1rt leleteket feldolgozta, ki\u00e1ll\u00edt\u00e1sokon n\u00e9pszer\u0171s\u00edtette, tanulm\u00e1nyokat k\u00f6z\u00f6lt, el\u0151ad\u00e1sokon szerepelt tudom\u00e1nyos dolgozatokkal Pr\u00e1g\u00e1ban, Nizz\u00e1ban, Buk.-ben, Kv.-on. Ismerte a latin, n\u00e9met, francia \u00e9s olasz nyelvet. Alap\u00edt\u00f3tagja volt az els\u0151 mv.-i m\u00fazeumi kiadv\u00e1ny szerkeszt\u0151 bizotts\u00e1g\u00e1nak, a Studii \u015fi materiale (1\u20134. k\u00f6t., 1965\u201372) \u00e9s folytat\u00e1s\u00e1nak, a Marisia c. foly\u00f3iratnak a szerkeszt\u0151je (5\u201325. k\u00f6t., 1975\u201396). Kutat\u00e1si ter\u00fclete a r\u00f3mai h\u00f3d\u00edt\u00e1s \u00e9s a n\u00e9pv\u00e1ndorl\u00e1s kora. K\u00f6z\u00f6lt szaklapokban, n\u00e9pszer\u0171s\u00edt\u0151 \u00edr\u00e1sait k\u00f6z\u00f6lte a Korunk, Marisia, Acta Musei Napocensis, Dacia, File de istorie: Muzeul de istorie Bistri\u0163a, Acta Musei Porolissensis, Ephemeris Napocensis  foly\u00f3iratokban \u00e9s a mv.-i napilapokban V. Z., N\u00fa. \u2013  <strong>F. m..:<\/strong>  <strong>t\u00e1rssz.:<\/strong> Tezaure \u015fi descoperiri monetare din Muzeul jude\u0163ean Mure\u015f (Mv., 1980), Maros megyei p\u00e9nzleletek (Mv., 1981; rom\u00e1n \u00e9s n\u00e9met nyelven is); Castrul roman \u015fi a\u015fezarea civil\u0103 de la Br\u00e2ncovene\u015fti (jud. Mure\u015f): S\u0103p\u0103turile din anii 1970\u20131987 (Tg. M., 1994); A marosv\u00e9csi r\u00f3mai castrum (Mv., 1995); Mv. t\u00f6rt\u00e9net\u00e9b\u0151l. (Mv., 1999);  <strong> szerk.:<\/strong> V\u00e9dd a madarat (Szombath Z.-nal; Mv., 1973; Ocroti\u0163i p\u0103s\u0103rile; Tg. M., 1973). <br \/><strong>\u2013 Irod.:<\/strong> Bo\u00e9r Hunor: A Magyar Auton\u00f3m Tartom\u00e1ny M\u00fazeumainak Kollekt\u00edv Tan\u00e1csa (1956\u20131957) = Maros megyei m. 3.; B\u00f3nis Johanna: Eml\u00e9kez\u00e9s a r\u00e9g\u00e9sz Z. E.-re (N\u00fa. M\u00fazsa, 1998. \u00e1pr. 18., 340. sz.); In memoriam: Z. E. (Marisia, 2000, 26.); MMA; (N\u00e9p\u00fajs\u00e1g, 1998. \u00e1pr. 18.), Moln\u00e1r; [Nekrol\u00f3g] (N\u00fa., 1998. m\u00e1rc. 28.); P\u00e1l-Antal\u2013Simon; RMKK.; Sz\u00e9pr\u00e9ti: R\u00e9gi \u00e9s \u00faj vil\u00e1g; Todea 2013.<\/br><\/p>\n","protected":false},"excerpt":{"rendered":"<p>Mv., 1927. m\u00e1rc. 3., \u2020 Mv., 1998. m\u00e1rc. 26.: t\u00f6rt\u00e9n\u00e9sz, r\u00e9g\u00e9sz, muzeogr\u00e1fus. \u2013 Feles\u00e9ge: Z. Jol\u00e1n, nyomd\u00e1szkorrektor (1932 \u2013 Mv., 2001. nov. 22.). \u2013 A mv.-i Ref. Koll.-ban \u00e9retts\u00e9gizett (1946). Neh\u00e9z ifj\u00fakori \u00e9letk\u00f6r\u00fclm\u00e9nyei miatt csak k\u00e9s\u0151bb v\u00e9gezhetett fels\u0151bb iskol\u00e1kat. Tisztvisel\u0151 (1946\u201356); \u00e9s a mv.-i M\u00fazeum \u00f6nk\u00e9ntes k\u00fcls\u0151 munkat\u00e1rsa (1949\u2013), A mv.-i Pedag\u00f3giai F\u0151iskol\u00e1n rom\u00e1n-t\u00f6rt\u00e9nelem szakon [&hellip;]<\/p>\n","protected":false},"featured_media":0,"comment_status":"open","ping_status":"closed","template":"","meta":[],"product_brand":[],"product_cat":[137],"product_tag":[],"class_list":{"0":"post-25198","1":"product","2":"type-product","3":"status-publish","5":"product_cat-maros-megyei-eletrajzi-lexikon","7":"first","8":"instock","9":"shipping-taxable","10":"product-type-simple"},"_links":{"self":[{"href":"https:\/\/uj.adatbank.ro\/lexikon\/wp-json\/wp\/v2\/product\/25198","targetHints":{"allow":["GET"]}}],"collection":[{"href":"https:\/\/uj.adatbank.ro\/lexikon\/wp-json\/wp\/v2\/product"}],"about":[{"href":"https:\/\/uj.adatbank.ro\/lexikon\/wp-json\/wp\/v2\/types\/product"}],"replies":[{"embeddable":true,"href":"https:\/\/uj.adatbank.ro\/lexikon\/wp-json\/wp\/v2\/comments?post=25198"}],"wp:attachment":[{"href":"https:\/\/uj.adatbank.ro\/lexikon\/wp-json\/wp\/v2\/media?parent=25198"}],"wp:term":[{"taxonomy":"product_brand","embeddable":true,"href":"https:\/\/uj.adatbank.ro\/lexikon\/wp-json\/wp\/v2\/product_brand?post=25198"},{"taxonomy":"product_cat","embeddable":true,"href":"https:\/\/uj.adatbank.ro\/lexikon\/wp-json\/wp\/v2\/product_cat?post=25198"},{"taxonomy":"product_tag","embeddable":true,"href":"https:\/\/uj.adatbank.ro\/lexikon\/wp-json\/wp\/v2\/product_tag?post=25198"}],"curies":[{"name":"wp","href":"https:\/\/api.w.org\/{rel}","templated":true}]}}

ZRÍNYI Endre

<p>Mv., 1927. márc. 3., † Mv., 1998. márc. 26.: történész, régész, muzeográfus. – Felesége: Z. Jolán, nyomdászkorrektor (1932 – Mv., 2001. nov. 22.). – A mv.-i Ref. Koll.-ban érettségizett (1946). Nehéz ifjúkori életkörülményei miatt csak később végezhetett felsőbb iskolákat. Tisztviselő (1946–56); és a mv.-i Múzeum önkéntes külső munkatársa (1949–), A mv.-i Pedagógiai Főiskolán román-történelem szakon (1972), ill. a kv.-i BBTE történelemszakán végzett (1981). A Mv.-i Múzeum régésze, főmuzeológusa nyugdíjazásáig (1956. ápr. 15. – 1989. jan. 1.). Szakterülete a régészet és a numizmatika. Rendszeres régészeti ásatásokat végzett Maros és Hargita megyében: Maroskeresztúron (1956, D. Protase és Dankanits Ádám közreműködésével: 1961; 1962, 1972); Mezőbándon a Hidegvölgyben (1960, 1973); a mv.-i várban (1960); Kenden (1961, 1979, 1980), Ózdon (1964, 1965, 1966, 1968, 1970, 1971); Istvánházán (1967); Bátosban (1967, 1968), Dedrádszéplakon (1967), Kutyfalván (1967, 1969, 1977), Koronkán (1967); Sövényfalván (1969); Homoródalmáson (1969); Szárhegyen (1971); Harasztkeréken, Maroscsapón, Marosszentkirályon, Mezőcekeden, Szászbogácson, Márkodon (1973), Beresztelkén, Mezőkeménytelkén, Petelén, Marosludason, Libánfalván, Mv.-en (1974); Mezősámsondon (1974–77), Mezőzáhon (1979), Radnóton (1980); Dédán, Alsóidecsen, Nyárádmagyaróson (1981); Dédán, Felsőrépán, Monoron (1984); Malomfalván (1985–87); Marosjárán (1987); Nagysármáson (1996); Gernyeszegen (1992–94, 1996); Marosvécsen (1970–87, 1997). A múzeumi anyag leltárának, szakkatalógusának összeállításával párhuzamosan rövid közleményekben ismertette a jelentősebb leleteket (jobbágytelki bronzlelet, márkodi római raktárlelet, a mv.-i fazekasság emlékei). A Székelyföld északi felében tett kutatásai folyományaként a tájegység számos fehér foltját tüntette el. Elkészítette Maros megye népvándorláskori leleteinek repertóriumát (1976); több régészeti feltárásnak volt a vezetője vagy munkatársa (dedrádszéplaki újkőkori telep és temető, magyarózdi szkíta temető, marosvécsi római castrum, malomfalvi kora középkori település, gyergyószárhegyi reneszánsz kastély). Részt vett a maroskeresztúri, marosvécsi római emlékek (érmék, feliratok, faragványok) feldolgozásában. Közölt még az Acta Musei Napocensis, Apulum, Dacia, Epigraphica, Ephemeris Napocensis szaklapokban. Társszerzőként önálló kötetben dolgozta fel a múzeum kincs- és pénzleleteit. Cikkeivel, kiállítások szervezésével közvetítette szaktudománya eredményeit a nagyközönség felé. A feltárt leleteket feldolgozta, kiállításokon népszerűsítette, tanulmányokat közölt, előadásokon szerepelt tudományos dolgozatokkal Prágában, Nizzában, Buk.-ben, Kv.-on. Ismerte a latin, német, francia és olasz nyelvet. Alapítótagja volt az első mv.-i múzeumi kiadvány szerkesztő bizottságának, a Studii şi materiale (1–4. köt., 1965–72) és folytatásának, a Marisia c. folyóiratnak a szerkesztője (5–25. köt., 1975–96). Kutatási területe a római hódítás és a népvándorlás kora. Közölt szaklapokban, népszerűsítő írásait közölte a Korunk, Marisia, Acta Musei Napocensis, Dacia, File de istorie: Muzeul de istorie Bistriţa, Acta Musei Porolissensis, Ephemeris Napocensis  folyóiratokban és a mv.-i napilapokban V. Z., Nú. –  <strong>F. m..:</strong>  <strong>társsz.:</strong> Tezaure şi descoperiri monetare din Muzeul judeţean Mureş (Mv., 1980), Maros megyei pénzleletek (Mv., 1981; román és német nyelven is); Castrul roman şi aşezarea civilă de la Brâncoveneşti (jud. Mureş): Săpăturile din anii 1970–1987 (Tg. M., 1994); A marosvécsi római castrum (Mv., 1995); Mv. történetéből. (Mv., 1999);  <strong> szerk.:</strong> Védd a madarat (Szombath Z.-nal; Mv., 1973; Ocrotiţi păsările; Tg. M., 1973). <br /><strong>– Irod.:</strong> Boér Hunor: A Magyar Autonóm Tartomány Múzeumainak Kollektív Tanácsa (1956–1957) = Maros megyei m. 3.; Bónis Johanna: Emlékezés a régész Z. E.-re (Nú. Múzsa, 1998. ápr. 18., 340. sz.); In memoriam: Z. E. (Marisia, 2000, 26.); MMA; (Népújság, 1998. ápr. 18.), Molnár; [Nekrológ] (Nú., 1998. márc. 28.); Pál-Antal–Simon; RMKK.; Szépréti: Régi és új világ; Todea 2013.</br></p>

<p>Mv., 1927. márc. 3., † Mv., 1998. márc. 26.: történész, régész, muzeográfus. – Felesége: Z. Jolán, nyomdászkorrektor (1932 – Mv., 2001. nov. 22.). – A mv.-i Ref. Koll.-ban érettségizett (1946). Nehéz ifjúkori életkörülményei miatt csak később végezhetett felsőbb iskolákat. Tisztviselő (1946–56); és a mv.-i Múzeum önkéntes külső munkatársa (1949–), A mv.-i Pedagógiai Főiskolán román-történelem szakon [&hellip;]</p>
