{"id":25202,"date":"2025-08-01T18:36:56","date_gmt":"2025-08-01T16:36:56","guid":{"rendered":"https:\/\/uj.adatbank.ro\/lexikon\/termek\/zrinyi-zsuzsanna-zrinyi-zs\/"},"modified":"2025-08-01T18:36:56","modified_gmt":"2025-08-01T16:36:56","slug":"zrinyi-zsuzsanna-zrinyi-zs","status":"publish","type":"product","link":"https:\/\/uj.adatbank.ro\/lexikon\/termek\/zrinyi-zsuzsanna-zrinyi-zs\/","title":{"rendered":"ZR\u00cdNYI Zsuzs\u00e1nna-, Zrinyi Zs."},"content":{"rendered":"<p>Mv., 1956. \u00e1pr. 25., \u2020 Mv., 2002. j\u00fal. 11.: grafikus, tan\u00e1rn\u0151. \u2013 Mv.-en v\u00e9gezte a k\u00f6z\u00e9piskol\u00e1t (1968\u201375), Kv.-on a Ion Andreescu K\u00e9pz\u0151m\u0171v\u00e9szeti F\u0151iskol\u00e1n v\u00e9gzett (1975\u201379). Mv.-en a Higena kirakatrendez\u0151je, tan\u00e1r a M\u0171v\u00e9szeti L\u00edc.-ban. \u2013 <strong>Csoportos ki\u00e1ll.:<\/strong> Kuba (1974), Sepsiszentgy\u00f6rgy (1970, 1981), Mv. (1997). D\u00edjak: kollogr\u00e1fia 2. d\u00edj (1974), plak\u00e1t d\u00edj (1978). <br \/><strong>\u2013 Irod.:<\/strong> Moln\u00e1r; [Nekrol\u00f3g] (N\u00fa., 2002. j\u00fal.); Szab\u00f3\u2013K\u00e1llai; Todea 2013.<\/br><\/p>\n","protected":false},"excerpt":{"rendered":"<p>Mv., 1956. \u00e1pr. 25., \u2020 Mv., 2002. j\u00fal. 11.: grafikus, tan\u00e1rn\u0151. \u2013 Mv.-en v\u00e9gezte a k\u00f6z\u00e9piskol\u00e1t (1968\u201375), Kv.-on a Ion Andreescu K\u00e9pz\u0151m\u0171v\u00e9szeti F\u0151iskol\u00e1n v\u00e9gzett (1975\u201379). Mv.-en a Higena kirakatrendez\u0151je, tan\u00e1r a M\u0171v\u00e9szeti L\u00edc.-ban. \u2013 Csoportos ki\u00e1ll.: Kuba (1974), Sepsiszentgy\u00f6rgy (1970, 1981), Mv. (1997). D\u00edjak: kollogr\u00e1fia 2. d\u00edj (1974), plak\u00e1t d\u00edj (1978). \u2013 Irod.: Moln\u00e1r; [Nekrol\u00f3g] [&hellip;]<\/p>\n","protected":false},"featured_media":0,"comment_status":"open","ping_status":"closed","template":"","meta":[],"product_brand":[],"product_cat":[137],"product_tag":[],"class_list":{"0":"post-25202","1":"product","2":"type-product","3":"status-publish","5":"product_cat-maros-megyei-eletrajzi-lexikon","7":"first","8":"instock","9":"shipping-taxable","10":"product-type-simple"},"_links":{"self":[{"href":"https:\/\/uj.adatbank.ro\/lexikon\/wp-json\/wp\/v2\/product\/25202","targetHints":{"allow":["GET"]}}],"collection":[{"href":"https:\/\/uj.adatbank.ro\/lexikon\/wp-json\/wp\/v2\/product"}],"about":[{"href":"https:\/\/uj.adatbank.ro\/lexikon\/wp-json\/wp\/v2\/types\/product"}],"replies":[{"embeddable":true,"href":"https:\/\/uj.adatbank.ro\/lexikon\/wp-json\/wp\/v2\/comments?post=25202"}],"wp:attachment":[{"href":"https:\/\/uj.adatbank.ro\/lexikon\/wp-json\/wp\/v2\/media?parent=25202"}],"wp:term":[{"taxonomy":"product_brand","embeddable":true,"href":"https:\/\/uj.adatbank.ro\/lexikon\/wp-json\/wp\/v2\/product_brand?post=25202"},{"taxonomy":"product_cat","embeddable":true,"href":"https:\/\/uj.adatbank.ro\/lexikon\/wp-json\/wp\/v2\/product_cat?post=25202"},{"taxonomy":"product_tag","embeddable":true,"href":"https:\/\/uj.adatbank.ro\/lexikon\/wp-json\/wp\/v2\/product_tag?post=25202"}],"curies":[{"name":"wp","href":"https:\/\/api.w.org\/{rel}","templated":true}]}}

ZRÍNYI Zsuzsánna-, Zrinyi Zs.

<p>Mv., 1956. ápr. 25., † Mv., 2002. júl. 11.: grafikus, tanárnő. – Mv.-en végezte a középiskolát (1968–75), Kv.-on a Ion Andreescu Képzőművészeti Főiskolán végzett (1975–79). Mv.-en a Higena kirakatrendezője, tanár a Művészeti Líc.-ban. – <strong>Csoportos kiáll.:</strong> Kuba (1974), Sepsiszentgyörgy (1970, 1981), Mv. (1997). Díjak: kollográfia 2. díj (1974), plakát díj (1978). <br /><strong>– Irod.:</strong> Molnár; [Nekrológ] (Nú., 2002. júl.); Szabó–Kállai; Todea 2013.</br></p>

<p>Mv., 1956. ápr. 25., † Mv., 2002. júl. 11.: grafikus, tanárnő. – Mv.-en végezte a középiskolát (1968–75), Kv.-on a Ion Andreescu Képzőművészeti Főiskolán végzett (1975–79). Mv.-en a Higena kirakatrendezője, tanár a Művészeti Líc.-ban. – Csoportos kiáll.: Kuba (1974), Sepsiszentgyörgy (1970, 1981), Mv. (1997). Díjak: kollográfia 2. díj (1974), plakát díj (1978). – Irod.: Molnár; [Nekrológ] [&hellip;]</p>
