{"id":25203,"date":"2025-08-01T18:36:58","date_gmt":"2025-08-01T16:36:58","guid":{"rendered":"https:\/\/uj.adatbank.ro\/lexikon\/termek\/zsak-adolf-jozsef\/"},"modified":"2025-08-01T18:36:58","modified_gmt":"2025-08-01T16:36:58","slug":"zsak-adolf-jozsef","status":"publish","type":"product","link":"https:\/\/uj.adatbank.ro\/lexikon\/termek\/zsak-adolf-jozsef\/","title":{"rendered":"ZS\u00c1K Adolf J\u00f3zsef"},"content":{"rendered":"<p>? \u2020 ?: polg\u00e1rmester. \u2013 Mv. polg\u00e1rmestere a szovjet k\u00f6zigazgat\u00e1s idej\u00e9n (1944. szept. \u2013 1945. j\u00fal.), minthogy a rom\u00e1n hat\u00f3s\u00e1g a Groza-korm\u00e1ny beiktat\u00e1s\u00e1ig nem vonulhatott be (1944. nov.12. \u2013 1945. j\u00fal.). A legnehezebb id\u0151kben volt polg\u00e1rmester, a harcok \u00e1tvonul\u00e1sa ut\u00e1n a v\u00e1ros \u00e9s k\u00f6rny\u00e9ke a saj\u00e1t sz\u00fcks\u00e9gleteinek ell\u00e1t\u00e1s\u00e1ra rendezkedett be, az elkezdte az \u00fajj\u00e1\u00e9p\u00edt\u00e9st. Elt\u00e1vol\u00edtott\u00e1k a hat\u00f3s\u00e1gok, intern\u00e1lt\u00e1k, mint idegen \u00e1llampolg\u00e1rt kiutas\u00edtott\u00e1k. So\u00f3s J\u00f3zsef lett a polg\u00e1rmester. \u2013  <strong>F. m..:<\/strong> Mv.-en 1944 \u00e9vi dec. h\u00f3 1-\u00e9n megtartott n\u00e9psz\u00e1ml\u00e1l\u00e1s adatai (Mv., 1944). <br \/><strong>\u2013 Irod.:<\/strong> Fodor\u2013Bal\u00e1s; F\u00fcl\u00f6p\u2013Ferencz; Katona Szab\u00f3; Mv. t\u00f6rt.2; V\u00e1s\u00e1rhelyi H\u00edrlap (2007. okt.1., 21. sz.); Vincze G\u00e1bor: Ill\u00fazi\u00f3k \u00e9s csal\u00f3d\u00e1sok (Cs\u00edkszereda, 1999).<\/br><\/p>\n","protected":false},"excerpt":{"rendered":"<p>? \u2020 ?: polg\u00e1rmester. \u2013 Mv. polg\u00e1rmestere a szovjet k\u00f6zigazgat\u00e1s idej\u00e9n (1944. szept. \u2013 1945. j\u00fal.), minthogy a rom\u00e1n hat\u00f3s\u00e1g a Groza-korm\u00e1ny beiktat\u00e1s\u00e1ig nem vonulhatott be (1944. nov.12. \u2013 1945. j\u00fal.). A legnehezebb id\u0151kben volt polg\u00e1rmester, a harcok \u00e1tvonul\u00e1sa ut\u00e1n a v\u00e1ros \u00e9s k\u00f6rny\u00e9ke a saj\u00e1t sz\u00fcks\u00e9gleteinek ell\u00e1t\u00e1s\u00e1ra rendezkedett be, az elkezdte az \u00fajj\u00e1\u00e9p\u00edt\u00e9st. Elt\u00e1vol\u00edtott\u00e1k [&hellip;]<\/p>\n","protected":false},"featured_media":0,"comment_status":"open","ping_status":"closed","template":"","meta":[],"product_brand":[],"product_cat":[137],"product_tag":[],"class_list":{"0":"post-25203","1":"product","2":"type-product","3":"status-publish","5":"product_cat-maros-megyei-eletrajzi-lexikon","7":"first","8":"instock","9":"shipping-taxable","10":"product-type-simple"},"_links":{"self":[{"href":"https:\/\/uj.adatbank.ro\/lexikon\/wp-json\/wp\/v2\/product\/25203","targetHints":{"allow":["GET"]}}],"collection":[{"href":"https:\/\/uj.adatbank.ro\/lexikon\/wp-json\/wp\/v2\/product"}],"about":[{"href":"https:\/\/uj.adatbank.ro\/lexikon\/wp-json\/wp\/v2\/types\/product"}],"replies":[{"embeddable":true,"href":"https:\/\/uj.adatbank.ro\/lexikon\/wp-json\/wp\/v2\/comments?post=25203"}],"wp:attachment":[{"href":"https:\/\/uj.adatbank.ro\/lexikon\/wp-json\/wp\/v2\/media?parent=25203"}],"wp:term":[{"taxonomy":"product_brand","embeddable":true,"href":"https:\/\/uj.adatbank.ro\/lexikon\/wp-json\/wp\/v2\/product_brand?post=25203"},{"taxonomy":"product_cat","embeddable":true,"href":"https:\/\/uj.adatbank.ro\/lexikon\/wp-json\/wp\/v2\/product_cat?post=25203"},{"taxonomy":"product_tag","embeddable":true,"href":"https:\/\/uj.adatbank.ro\/lexikon\/wp-json\/wp\/v2\/product_tag?post=25203"}],"curies":[{"name":"wp","href":"https:\/\/api.w.org\/{rel}","templated":true}]}}

ZSÁK Adolf József

<p>? † ?: polgármester. – Mv. polgármestere a szovjet közigazgatás idején (1944. szept. – 1945. júl.), minthogy a román hatóság a Groza-kormány beiktatásáig nem vonulhatott be (1944. nov.12. – 1945. júl.). A legnehezebb időkben volt polgármester, a harcok átvonulása után a város és környéke a saját szükségleteinek ellátására rendezkedett be, az elkezdte az újjáépítést. Eltávolították a hatóságok, internálták, mint idegen állampolgárt kiutasították. Soós József lett a polgármester. –  <strong>F. m..:</strong> Mv.-en 1944 évi dec. hó 1-én megtartott népszámlálás adatai (Mv., 1944). <br /><strong>– Irod.:</strong> Fodor–Balás; Fülöp–Ferencz; Katona Szabó; Mv. tört.2; Vásárhelyi Hírlap (2007. okt.1., 21. sz.); Vincze Gábor: Illúziók és csalódások (Csíkszereda, 1999).</br></p>

<p>? † ?: polgármester. – Mv. polgármestere a szovjet közigazgatás idején (1944. szept. – 1945. júl.), minthogy a román hatóság a Groza-kormány beiktatásáig nem vonulhatott be (1944. nov.12. – 1945. júl.). A legnehezebb időkben volt polgármester, a harcok átvonulása után a város és környéke a saját szükségleteinek ellátására rendezkedett be, az elkezdte az újjáépítést. Eltávolították [&hellip;]</p>
