{"id":25207,"date":"2025-08-01T18:37:10","date_gmt":"2025-08-01T16:37:10","guid":{"rendered":"https:\/\/uj.adatbank.ro\/lexikon\/termek\/zsako-gyula\/"},"modified":"2025-08-01T18:37:10","modified_gmt":"2025-08-01T16:37:10","slug":"zsako-gyula","status":"publish","type":"product","link":"https:\/\/uj.adatbank.ro\/lexikon\/termek\/zsako-gyula\/","title":{"rendered":"ZSAK\u00d3 Gyula"},"content":{"rendered":"<p>Dics\u0151szentm\u00e1rton, 1920. m\u00e1rc. 7., \u2020 ?: zeneeszt\u00e9ta. \u2013 K\u00f6z\u00e9piskol\u00e1it Bp.-en v\u00e9gezte. A bp.-i Tudom\u00e1nyegyetem b\u00f6lcs\u00e9szkar\u00e1n doktor\u00e1lt (1943). A Zenem\u0171v\u00e9szeti F\u0151iskol\u00e1n szerzett diplom\u00e1t (1944). Zenei tanulm\u00e1nyait, miut\u00e1n 1956 v\u00e9g\u00e9n Nyugatra t\u00e1vozott, a salzburgi Mozarteumban, majd a New Yorki Egyetemen folytatta, zeneelm\u00e9letb\u0151l oklevelet szerzett (1959). K\u00e9s\u0151bb a New York-i Columbia Egyetemen doktor\u00e1lt zenet\u00f6rt\u00e9netb\u0151l. Tan\u00e1ri p\u00e1lyafut\u00e1s\u00e1t a zeneelm\u00e9let el\u0151ad\u00f3jak\u00e9nt a New Jersey \u00e1llambeli South Orange-ben, a Seton Hall University-n kezdte. Tan\u00e1ri tev\u00e9kenys\u00e9g\u00e9n k\u00edv\u00fcl amerikai szakfoly\u00f3iratokban zenei tanulm\u00e1nyokat \u00e9s cikkeket publik\u00e1lt. Az 56-os forradalom ut\u00e1n a magyar menek\u00fclt di\u00e1kokat t\u00e1mogat\u00f3 Hungarian Student Service igazgat\u00f3ja, majd egy ideig a Kossuth Alap\u00edtv\u00e1ny munkat\u00e1rsa volt. <br \/><strong>\u2013 Irod.:<\/strong> Borb\u00e1ndi.<\/br><\/p>\n","protected":false},"excerpt":{"rendered":"<p>Dics\u0151szentm\u00e1rton, 1920. m\u00e1rc. 7., \u2020 ?: zeneeszt\u00e9ta. \u2013 K\u00f6z\u00e9piskol\u00e1it Bp.-en v\u00e9gezte. A bp.-i Tudom\u00e1nyegyetem b\u00f6lcs\u00e9szkar\u00e1n doktor\u00e1lt (1943). A Zenem\u0171v\u00e9szeti F\u0151iskol\u00e1n szerzett diplom\u00e1t (1944). Zenei tanulm\u00e1nyait, miut\u00e1n 1956 v\u00e9g\u00e9n Nyugatra t\u00e1vozott, a salzburgi Mozarteumban, majd a New Yorki Egyetemen folytatta, zeneelm\u00e9letb\u0151l oklevelet szerzett (1959). K\u00e9s\u0151bb a New York-i Columbia Egyetemen doktor\u00e1lt zenet\u00f6rt\u00e9netb\u0151l. Tan\u00e1ri p\u00e1lyafut\u00e1s\u00e1t a zeneelm\u00e9let [&hellip;]<\/p>\n","protected":false},"featured_media":0,"comment_status":"open","ping_status":"closed","template":"","meta":[],"product_brand":[],"product_cat":[137],"product_tag":[],"class_list":{"0":"post-25207","1":"product","2":"type-product","3":"status-publish","5":"product_cat-maros-megyei-eletrajzi-lexikon","7":"first","8":"instock","9":"shipping-taxable","10":"product-type-simple"},"_links":{"self":[{"href":"https:\/\/uj.adatbank.ro\/lexikon\/wp-json\/wp\/v2\/product\/25207","targetHints":{"allow":["GET"]}}],"collection":[{"href":"https:\/\/uj.adatbank.ro\/lexikon\/wp-json\/wp\/v2\/product"}],"about":[{"href":"https:\/\/uj.adatbank.ro\/lexikon\/wp-json\/wp\/v2\/types\/product"}],"replies":[{"embeddable":true,"href":"https:\/\/uj.adatbank.ro\/lexikon\/wp-json\/wp\/v2\/comments?post=25207"}],"wp:attachment":[{"href":"https:\/\/uj.adatbank.ro\/lexikon\/wp-json\/wp\/v2\/media?parent=25207"}],"wp:term":[{"taxonomy":"product_brand","embeddable":true,"href":"https:\/\/uj.adatbank.ro\/lexikon\/wp-json\/wp\/v2\/product_brand?post=25207"},{"taxonomy":"product_cat","embeddable":true,"href":"https:\/\/uj.adatbank.ro\/lexikon\/wp-json\/wp\/v2\/product_cat?post=25207"},{"taxonomy":"product_tag","embeddable":true,"href":"https:\/\/uj.adatbank.ro\/lexikon\/wp-json\/wp\/v2\/product_tag?post=25207"}],"curies":[{"name":"wp","href":"https:\/\/api.w.org\/{rel}","templated":true}]}}

ZSAKÓ Gyula

<p>Dicsőszentmárton, 1920. márc. 7., † ?: zeneesztéta. – Középiskoláit Bp.-en végezte. A bp.-i Tudományegyetem bölcsészkarán doktorált (1943). A Zeneművészeti Főiskolán szerzett diplomát (1944). Zenei tanulmányait, miután 1956 végén Nyugatra távozott, a salzburgi Mozarteumban, majd a New Yorki Egyetemen folytatta, zeneelméletből oklevelet szerzett (1959). Később a New York-i Columbia Egyetemen doktorált zenetörténetből. Tanári pályafutását a zeneelmélet előadójaként a New Jersey állambeli South Orange-ben, a Seton Hall University-n kezdte. Tanári tevékenységén kívül amerikai szakfolyóiratokban zenei tanulmányokat és cikkeket publikált. Az 56-os forradalom után a magyar menekült diákokat támogató Hungarian Student Service igazgatója, majd egy ideig a Kossuth Alapítvány munkatársa volt. <br /><strong>– Irod.:</strong> Borbándi.</br></p>

<p>Dicsőszentmárton, 1920. márc. 7., † ?: zeneesztéta. – Középiskoláit Bp.-en végezte. A bp.-i Tudományegyetem bölcsészkarán doktorált (1943). A Zeneművészeti Főiskolán szerzett diplomát (1944). Zenei tanulmányait, miután 1956 végén Nyugatra távozott, a salzburgi Mozarteumban, majd a New Yorki Egyetemen folytatta, zeneelméletből oklevelet szerzett (1959). Később a New York-i Columbia Egyetemen doktorált zenetörténetből. Tanári pályafutását a zeneelmélet [&hellip;]</p>
