{"id":25208,"date":"2025-08-01T18:37:12","date_gmt":"2025-08-01T16:37:12","guid":{"rendered":"https:\/\/uj.adatbank.ro\/lexikon\/termek\/zsako-istvan\/"},"modified":"2025-08-01T18:37:12","modified_gmt":"2025-08-01T16:37:12","slug":"zsako-istvan","status":"publish","type":"product","link":"https:\/\/uj.adatbank.ro\/lexikon\/termek\/zsako-istvan\/","title":{"rendered":"ZSAK\u00d3 Istv\u00e1n"},"content":{"rendered":"<p>19. sz. ? \u2020 1966: orvos. \u2013 Dics\u0151szentm\u00e1rtonban elmeoszt\u00e1lyi f\u0151orvos, r\u00e9szt vett a bp.-i \u00e9rtekezleten (1911). Elmeorvos, az orvost\u00f6rt. kutat\u00f3ja. Bp.-en az angyalf\u00f6ldi, majd a lip\u00f3tmezei elmeklinik\u00e1t vezette. Eg\u00e9szs\u00e9g\u00fcgyi f\u0151tan\u00e1csos c. kapott (1935). A Misszi\u00f3h\u00e1z int\u00e9zeti bizotts\u00e1g\u00e1nak tagja (1951\u201354). Javasolta az Unit\u00e1rius lexikon kiad\u00e1s\u00e1t \u00e9s az Unit\u00e1rius M\u00fazeum l\u00e9tes\u00edt\u00e9s\u00e9t. El\u0151ad\u00e1sokat tartott pl. a Teol\u00f3giai Int\u00e9zet lelk\u00e9sztov\u00e1bbk\u00e9pz\u0151 tanfolyam\u00e1n. \u2013  <strong>F. m..:<\/strong> Egy elmebeteg \u00fcgy\u00e9ben t\u00f6rt\u00e9nt leiratok \u00e9s jelent\u00e9sek a 17.sz\u00e1zadban; Hogyan l\u00e1tta K\u00e9sm\u00e1rk v\u00e1rosa J\u00e1nos Jakab orvos m\u0171k\u00f6d\u00e9s\u00e9t. A psychiatria alapvonalai, tiszti \u00e9s t\u00f6rv\u00e9nysz\u00e9ki orvosok, orvostanhallgat\u00f3k r\u00e9sz\u00e9re (Kv., 1919). <br \/><strong>\u2013 Irod.:<\/strong> Az 1911 \u00e9vi okt. 20-\u00e1n Bp.-en tarott VI. Orsz\u00e1gos Elmeorvosi \u00c9rtekezlet munk\u00e1latai (Pest, 1912); Genersich; Gy\u00f6rgy 1926; Nov\u00e1k Ern\u0151: A magyar seb\u00e9szirodalom bibliogr\u00e1fi\u00e1ja (Bp., s.a.).<\/br><\/p>\n","protected":false},"excerpt":{"rendered":"<p>19. sz. ? \u2020 1966: orvos. \u2013 Dics\u0151szentm\u00e1rtonban elmeoszt\u00e1lyi f\u0151orvos, r\u00e9szt vett a bp.-i \u00e9rtekezleten (1911). Elmeorvos, az orvost\u00f6rt. kutat\u00f3ja. Bp.-en az angyalf\u00f6ldi, majd a lip\u00f3tmezei elmeklinik\u00e1t vezette. Eg\u00e9szs\u00e9g\u00fcgyi f\u0151tan\u00e1csos c. kapott (1935). A Misszi\u00f3h\u00e1z int\u00e9zeti bizotts\u00e1g\u00e1nak tagja (1951\u201354). Javasolta az Unit\u00e1rius lexikon kiad\u00e1s\u00e1t \u00e9s az Unit\u00e1rius M\u00fazeum l\u00e9tes\u00edt\u00e9s\u00e9t. El\u0151ad\u00e1sokat tartott pl. a Teol\u00f3giai Int\u00e9zet [&hellip;]<\/p>\n","protected":false},"featured_media":0,"comment_status":"open","ping_status":"closed","template":"","meta":[],"product_brand":[],"product_cat":[137],"product_tag":[],"class_list":{"0":"post-25208","1":"product","2":"type-product","3":"status-publish","5":"product_cat-maros-megyei-eletrajzi-lexikon","7":"first","8":"instock","9":"shipping-taxable","10":"product-type-simple"},"_links":{"self":[{"href":"https:\/\/uj.adatbank.ro\/lexikon\/wp-json\/wp\/v2\/product\/25208","targetHints":{"allow":["GET"]}}],"collection":[{"href":"https:\/\/uj.adatbank.ro\/lexikon\/wp-json\/wp\/v2\/product"}],"about":[{"href":"https:\/\/uj.adatbank.ro\/lexikon\/wp-json\/wp\/v2\/types\/product"}],"replies":[{"embeddable":true,"href":"https:\/\/uj.adatbank.ro\/lexikon\/wp-json\/wp\/v2\/comments?post=25208"}],"wp:attachment":[{"href":"https:\/\/uj.adatbank.ro\/lexikon\/wp-json\/wp\/v2\/media?parent=25208"}],"wp:term":[{"taxonomy":"product_brand","embeddable":true,"href":"https:\/\/uj.adatbank.ro\/lexikon\/wp-json\/wp\/v2\/product_brand?post=25208"},{"taxonomy":"product_cat","embeddable":true,"href":"https:\/\/uj.adatbank.ro\/lexikon\/wp-json\/wp\/v2\/product_cat?post=25208"},{"taxonomy":"product_tag","embeddable":true,"href":"https:\/\/uj.adatbank.ro\/lexikon\/wp-json\/wp\/v2\/product_tag?post=25208"}],"curies":[{"name":"wp","href":"https:\/\/api.w.org\/{rel}","templated":true}]}}

ZSAKÓ István

<p>19. sz. ? † 1966: orvos. – Dicsőszentmártonban elmeosztályi főorvos, részt vett a bp.-i értekezleten (1911). Elmeorvos, az orvostört. kutatója. Bp.-en az angyalföldi, majd a lipótmezei elmeklinikát vezette. Egészségügyi főtanácsos c. kapott (1935). A Misszióház intézeti bizottságának tagja (1951–54). Javasolta az Unitárius lexikon kiadását és az Unitárius Múzeum létesítését. Előadásokat tartott pl. a Teológiai Intézet lelkésztovábbképző tanfolyamán. –  <strong>F. m..:</strong> Egy elmebeteg ügyében történt leiratok és jelentések a 17.században; Hogyan látta Késmárk városa János Jakab orvos működését. A psychiatria alapvonalai, tiszti és törvényszéki orvosok, orvostanhallgatók részére (Kv., 1919). <br /><strong>– Irod.:</strong> Az 1911 évi okt. 20-án Bp.-en tarott VI. Országos Elmeorvosi Értekezlet munkálatai (Pest, 1912); Genersich; György 1926; Novák Ernő: A magyar sebészirodalom bibliográfiája (Bp., s.a.).</br></p>

<p>19. sz. ? † 1966: orvos. – Dicsőszentmártonban elmeosztályi főorvos, részt vett a bp.-i értekezleten (1911). Elmeorvos, az orvostört. kutatója. Bp.-en az angyalföldi, majd a lipótmezei elmeklinikát vezette. Egészségügyi főtanácsos c. kapott (1935). A Misszióház intézeti bizottságának tagja (1951–54). Javasolta az Unitárius lexikon kiadását és az Unitárius Múzeum létesítését. Előadásokat tartott pl. a Teológiai Intézet [&hellip;]</p>
