{"id":25210,"date":"2025-08-01T18:37:16","date_gmt":"2025-08-01T16:37:16","guid":{"rendered":"https:\/\/uj.adatbank.ro\/lexikon\/termek\/zsako-kalman-%c2%a7\/"},"modified":"2025-08-01T18:37:16","modified_gmt":"2025-08-01T16:37:16","slug":"zsako-kalman-%c2%a7","status":"publish","type":"product","link":"https:\/\/uj.adatbank.ro\/lexikon\/termek\/zsako-kalman-%c2%a7\/","title":{"rendered":"ZSAK\u00d3 K\u00e1lm\u00e1n, \u00a7"},"content":{"rendered":"<p>Torock\u00f3, 1877., \u2020\u00a0Mv., 1948: k\u0151farag\u00f3. \u2013 Mv.-i k\u0151ipari szak\u00fczem tulajdonosa. Apja tan\u00edt\u00f3 volt. Fia ifj. Zs. K. folytatta a mesters\u00e9get. Sz\u00e9kelykereszt\u00faron v\u00e9gezte a k\u00f6z\u00e9piskol\u00e1t, majd Sz\u00e9kelyudvarhelyen k\u0151ipari szakiskol\u00e1t v\u00e9gzett (1896), azut\u00e1n Bp.-en, Szegeden, Brass\u00f3ban \u00e9s Mv.-en praktiz\u00e1lt. Mv.-en \u00f6n\u00e1ll\u00f3s\u00edtotta mag\u00e1t (1905), Balav\u00e1s\u00e1ron \u00e9s Marosludason fi\u00f3ktelepei voltak. A k\u0151ipari szakszervezet aleln\u00f6ke, az unit\u00e1rius egyh\u00e1z gondnoka, az \u00e9p\u00edt\u0151iparos sz\u00f6vets\u00e9g p\u00e9nzt\u00e1rosa, a ref. dal\u00e1rda tagja, a MP int\u00e9z\u0151bizotts\u00e1gi tagja. Zenekedvel\u0151 volt. Feles\u00e9ge B\u00e1lint \u00c1gnes az unit\u00e1rius N\u0151sz\u00f6vets\u00e9g p\u00e9nzt\u00e1rosa, \u00e9s a j\u00f3t\u00e9konys\u00e1g ter\u00fclet\u00e9n m\u0171k\u00f6d\u00f6tt. <br \/><strong>\u2013 Irod.:<\/strong> Almanah Tg. M; Csekme; Ki kicsoda?<\/br><\/p>\n","protected":false},"excerpt":{"rendered":"<p>Torock\u00f3, 1877., \u2020\u00a0Mv., 1948: k\u0151farag\u00f3. \u2013 Mv.-i k\u0151ipari szak\u00fczem tulajdonosa. Apja tan\u00edt\u00f3 volt. Fia ifj. Zs. K. folytatta a mesters\u00e9get. Sz\u00e9kelykereszt\u00faron v\u00e9gezte a k\u00f6z\u00e9piskol\u00e1t, majd Sz\u00e9kelyudvarhelyen k\u0151ipari szakiskol\u00e1t v\u00e9gzett (1896), azut\u00e1n Bp.-en, Szegeden, Brass\u00f3ban \u00e9s Mv.-en praktiz\u00e1lt. Mv.-en \u00f6n\u00e1ll\u00f3s\u00edtotta mag\u00e1t (1905), Balav\u00e1s\u00e1ron \u00e9s Marosludason fi\u00f3ktelepei voltak. A k\u0151ipari szakszervezet aleln\u00f6ke, az unit\u00e1rius egyh\u00e1z gondnoka, az [&hellip;]<\/p>\n","protected":false},"featured_media":0,"comment_status":"open","ping_status":"closed","template":"","meta":[],"product_brand":[],"product_cat":[137],"product_tag":[],"class_list":{"0":"post-25210","1":"product","2":"type-product","3":"status-publish","5":"product_cat-maros-megyei-eletrajzi-lexikon","7":"first","8":"instock","9":"shipping-taxable","10":"product-type-simple"},"_links":{"self":[{"href":"https:\/\/uj.adatbank.ro\/lexikon\/wp-json\/wp\/v2\/product\/25210","targetHints":{"allow":["GET"]}}],"collection":[{"href":"https:\/\/uj.adatbank.ro\/lexikon\/wp-json\/wp\/v2\/product"}],"about":[{"href":"https:\/\/uj.adatbank.ro\/lexikon\/wp-json\/wp\/v2\/types\/product"}],"replies":[{"embeddable":true,"href":"https:\/\/uj.adatbank.ro\/lexikon\/wp-json\/wp\/v2\/comments?post=25210"}],"wp:attachment":[{"href":"https:\/\/uj.adatbank.ro\/lexikon\/wp-json\/wp\/v2\/media?parent=25210"}],"wp:term":[{"taxonomy":"product_brand","embeddable":true,"href":"https:\/\/uj.adatbank.ro\/lexikon\/wp-json\/wp\/v2\/product_brand?post=25210"},{"taxonomy":"product_cat","embeddable":true,"href":"https:\/\/uj.adatbank.ro\/lexikon\/wp-json\/wp\/v2\/product_cat?post=25210"},{"taxonomy":"product_tag","embeddable":true,"href":"https:\/\/uj.adatbank.ro\/lexikon\/wp-json\/wp\/v2\/product_tag?post=25210"}],"curies":[{"name":"wp","href":"https:\/\/api.w.org\/{rel}","templated":true}]}}

ZSAKÓ Kálmán, §

<p>Torockó, 1877., † Mv., 1948: kőfaragó. – Mv.-i kőipari szaküzem tulajdonosa. Apja tanító volt. Fia ifj. Zs. K. folytatta a mesterséget. Székelykeresztúron végezte a középiskolát, majd Székelyudvarhelyen kőipari szakiskolát végzett (1896), azután Bp.-en, Szegeden, Brassóban és Mv.-en praktizált. Mv.-en önállósította magát (1905), Balavásáron és Marosludason fióktelepei voltak. A kőipari szakszervezet alelnöke, az unitárius egyház gondnoka, az építőiparos szövetség pénztárosa, a ref. dalárda tagja, a MP intézőbizottsági tagja. Zenekedvelő volt. Felesége Bálint Ágnes az unitárius Nőszövetség pénztárosa, és a jótékonyság területén működött. <br /><strong>– Irod.:</strong> Almanah Tg. M; Csekme; Ki kicsoda?</br></p>

<p>Torockó, 1877., † Mv., 1948: kőfaragó. – Mv.-i kőipari szaküzem tulajdonosa. Apja tanító volt. Fia ifj. Zs. K. folytatta a mesterséget. Székelykeresztúron végezte a középiskolát, majd Székelyudvarhelyen kőipari szakiskolát végzett (1896), azután Bp.-en, Szegeden, Brassóban és Mv.-en praktizált. Mv.-en önállósította magát (1905), Balavásáron és Marosludason fióktelepei voltak. A kőipari szakszervezet alelnöke, az unitárius egyház gondnoka, az [&hellip;]</p>
