{"id":25211,"date":"2025-08-01T18:37:19","date_gmt":"2025-08-01T16:37:19","guid":{"rendered":"https:\/\/uj.adatbank.ro\/lexikon\/termek\/zsako-kalman-%c2%a7-2\/"},"modified":"2025-08-01T18:37:19","modified_gmt":"2025-08-01T16:37:19","slug":"zsako-kalman-%c2%a7-2","status":"publish","type":"product","link":"https:\/\/uj.adatbank.ro\/lexikon\/termek\/zsako-kalman-%c2%a7-2\/","title":{"rendered":"ZSAK\u00d3 K\u00e1lm\u00e1n, \u00a7."},"content":{"rendered":"<p>Mv., 1909. m\u00e1j. 10., \u2020\u00a01944. dec. 31.: k\u0151farag\u00f3. \u2013 Zs, K\u00e1lm\u00e1n \u00e9s B\u00e1lint \u00c1gnes fia. K\u0151farag\u00f3mester Mv.-en. \u00c9desapj\u00e1n\u00e1l tanult \u00e9s ott is szabadult fel A II. vh.-ban hadnagyi rangban vett r\u00e9szt. Az Eger melletti harcokban 1944. nov.-ben nyoma veszett, majd holtt\u00e1 nyilv\u00e1n\u00edtott\u00e1k (1957). <br \/><strong>\u2013 Irod.:<\/strong> Berekm\u00e9ri, Visnai.<\/br><\/p>\n","protected":false},"excerpt":{"rendered":"<p>Mv., 1909. m\u00e1j. 10., \u2020\u00a01944. dec. 31.: k\u0151farag\u00f3. \u2013 Zs, K\u00e1lm\u00e1n \u00e9s B\u00e1lint \u00c1gnes fia. K\u0151farag\u00f3mester Mv.-en. \u00c9desapj\u00e1n\u00e1l tanult \u00e9s ott is szabadult fel A II. vh.-ban hadnagyi rangban vett r\u00e9szt. Az Eger melletti harcokban 1944. nov.-ben nyoma veszett, majd holtt\u00e1 nyilv\u00e1n\u00edtott\u00e1k (1957). \u2013 Irod.: Berekm\u00e9ri, Visnai.<\/p>\n","protected":false},"featured_media":0,"comment_status":"open","ping_status":"closed","template":"","meta":[],"product_brand":[],"product_cat":[137],"product_tag":[],"class_list":{"0":"post-25211","1":"product","2":"type-product","3":"status-publish","5":"product_cat-maros-megyei-eletrajzi-lexikon","7":"first","8":"instock","9":"shipping-taxable","10":"product-type-simple"},"_links":{"self":[{"href":"https:\/\/uj.adatbank.ro\/lexikon\/wp-json\/wp\/v2\/product\/25211","targetHints":{"allow":["GET"]}}],"collection":[{"href":"https:\/\/uj.adatbank.ro\/lexikon\/wp-json\/wp\/v2\/product"}],"about":[{"href":"https:\/\/uj.adatbank.ro\/lexikon\/wp-json\/wp\/v2\/types\/product"}],"replies":[{"embeddable":true,"href":"https:\/\/uj.adatbank.ro\/lexikon\/wp-json\/wp\/v2\/comments?post=25211"}],"wp:attachment":[{"href":"https:\/\/uj.adatbank.ro\/lexikon\/wp-json\/wp\/v2\/media?parent=25211"}],"wp:term":[{"taxonomy":"product_brand","embeddable":true,"href":"https:\/\/uj.adatbank.ro\/lexikon\/wp-json\/wp\/v2\/product_brand?post=25211"},{"taxonomy":"product_cat","embeddable":true,"href":"https:\/\/uj.adatbank.ro\/lexikon\/wp-json\/wp\/v2\/product_cat?post=25211"},{"taxonomy":"product_tag","embeddable":true,"href":"https:\/\/uj.adatbank.ro\/lexikon\/wp-json\/wp\/v2\/product_tag?post=25211"}],"curies":[{"name":"wp","href":"https:\/\/api.w.org\/{rel}","templated":true}]}}

ZSAKÓ Kálmán, §.

<p>Mv., 1909. máj. 10., † 1944. dec. 31.: kőfaragó. – Zs, Kálmán és Bálint Ágnes fia. Kőfaragómester Mv.-en. Édesapjánál tanult és ott is szabadult fel A II. vh.-ban hadnagyi rangban vett részt. Az Eger melletti harcokban 1944. nov.-ben nyoma veszett, majd holttá nyilvánították (1957). <br /><strong>– Irod.:</strong> Berekméri, Visnai.</br></p>

<p>Mv., 1909. máj. 10., † 1944. dec. 31.: kőfaragó. – Zs, Kálmán és Bálint Ágnes fia. Kőfaragómester Mv.-en. Édesapjánál tanult és ott is szabadult fel A II. vh.-ban hadnagyi rangban vett részt. Az Eger melletti harcokban 1944. nov.-ben nyoma veszett, majd holttá nyilvánították (1957). – Irod.: Berekméri, Visnai.</p>
