{"id":25215,"date":"2025-08-01T18:37:28","date_gmt":"2025-08-01T16:37:28","guid":{"rendered":"https:\/\/uj.adatbank.ro\/lexikon\/termek\/zselyki-mihaly\/"},"modified":"2025-08-01T18:37:28","modified_gmt":"2025-08-01T16:37:28","slug":"zselyki-mihaly","status":"publish","type":"product","link":"https:\/\/uj.adatbank.ro\/lexikon\/termek\/zselyki-mihaly\/","title":{"rendered":"ZSELYKI Mih\u00e1ly"},"content":{"rendered":"<p>Maros\u00fajv\u00e1r, 1891, \u2020\u00a0?: kisbirtokos Maross\u00e1rpatakon, gyalogos \u2013. Az I. a vh. kit\u00f6r\u00e9sekor bevonult az 50. k. gy. e.-hez. (1914), kik\u00e9pz\u00e9s ut\u00e1n Szerbi\u00e1ba k\u00fcldt\u00e9k, ahol Valjev\u00f3n\u00e1l k\u00fczd\u00f6tt, azut\u00e1n az olasz fronton t\u00fcntette ki mag\u00e1t (Asagio, 1917\u2013). Egyszer sebes\u00fclt meg. A Bronz vit\u00e9zs\u00e9gi \u00e9rem tulajdonosa. <br \/><strong>\u2013 Irod.:<\/strong> Berekm\u00e9ri\u2013G\u00e1lfi.<\/br><\/p>\n","protected":false},"excerpt":{"rendered":"<p>Maros\u00fajv\u00e1r, 1891, \u2020\u00a0?: kisbirtokos Maross\u00e1rpatakon, gyalogos \u2013. Az I. a vh. kit\u00f6r\u00e9sekor bevonult az 50. k. gy. e.-hez. (1914), kik\u00e9pz\u00e9s ut\u00e1n Szerbi\u00e1ba k\u00fcldt\u00e9k, ahol Valjev\u00f3n\u00e1l k\u00fczd\u00f6tt, azut\u00e1n az olasz fronton t\u00fcntette ki mag\u00e1t (Asagio, 1917\u2013). Egyszer sebes\u00fclt meg. A Bronz vit\u00e9zs\u00e9gi \u00e9rem tulajdonosa. \u2013 Irod.: Berekm\u00e9ri\u2013G\u00e1lfi.<\/p>\n","protected":false},"featured_media":0,"comment_status":"open","ping_status":"closed","template":"","meta":[],"product_brand":[],"product_cat":[137],"product_tag":[],"class_list":{"0":"post-25215","1":"product","2":"type-product","3":"status-publish","5":"product_cat-maros-megyei-eletrajzi-lexikon","7":"first","8":"instock","9":"shipping-taxable","10":"product-type-simple"},"_links":{"self":[{"href":"https:\/\/uj.adatbank.ro\/lexikon\/wp-json\/wp\/v2\/product\/25215","targetHints":{"allow":["GET"]}}],"collection":[{"href":"https:\/\/uj.adatbank.ro\/lexikon\/wp-json\/wp\/v2\/product"}],"about":[{"href":"https:\/\/uj.adatbank.ro\/lexikon\/wp-json\/wp\/v2\/types\/product"}],"replies":[{"embeddable":true,"href":"https:\/\/uj.adatbank.ro\/lexikon\/wp-json\/wp\/v2\/comments?post=25215"}],"wp:attachment":[{"href":"https:\/\/uj.adatbank.ro\/lexikon\/wp-json\/wp\/v2\/media?parent=25215"}],"wp:term":[{"taxonomy":"product_brand","embeddable":true,"href":"https:\/\/uj.adatbank.ro\/lexikon\/wp-json\/wp\/v2\/product_brand?post=25215"},{"taxonomy":"product_cat","embeddable":true,"href":"https:\/\/uj.adatbank.ro\/lexikon\/wp-json\/wp\/v2\/product_cat?post=25215"},{"taxonomy":"product_tag","embeddable":true,"href":"https:\/\/uj.adatbank.ro\/lexikon\/wp-json\/wp\/v2\/product_tag?post=25215"}],"curies":[{"name":"wp","href":"https:\/\/api.w.org\/{rel}","templated":true}]}}