{"id":25220,"date":"2025-08-01T18:37:40","date_gmt":"2025-08-01T16:37:40","guid":{"rendered":"https:\/\/uj.adatbank.ro\/lexikon\/termek\/zsido-matyas-pokai\/"},"modified":"2025-08-01T18:37:40","modified_gmt":"2025-08-01T16:37:40","slug":"zsido-matyas-pokai","status":"publish","type":"product","link":"https:\/\/uj.adatbank.ro\/lexikon\/termek\/zsido-matyas-pokai\/","title":{"rendered":"ZSID\u00d3 M\u00e1ty\u00e1s, p\u00f3kai"},"content":{"rendered":"<p>?., \u2020\u00a0?: P\u00f3kai Ferenc \u00e9s P\u00f3kai Zsid\u00f3 M\u00e1ty\u00e1s jelentik Petrovics P\u00e9ter helytart\u00f3nak, hogy parancsa \u00e9rtelm\u00e9ben szept. 5-\u00e9n kimentek, hogy a k\u00e9t Ercse helys\u00e9get Toldalagi Szatm\u00e1ri Bal\u00e1zs r\u00e9sz\u00e9re elfoglalj\u00e1k; a helysz\u00ednen azonban Toldalagi Andr\u00e1s a maga \u00e9s testv\u00e9re Bal\u00e1zs nev\u00e9ben tiltakozott ezen helys\u00e9gek elfoglal\u00e1sa ellen, mint amelyek a marosszentkir\u00e1lyi paulinusok kolostor\u00e1hoz tartoztak. (Kelt P\u00f3k\u00e1n, 1556. szept. 6.). <br \/><strong>\u2013 Irod.:<\/strong> SzOkl, 4.<\/br><\/p>\n","protected":false},"excerpt":{"rendered":"<p>?., \u2020\u00a0?: P\u00f3kai Ferenc \u00e9s P\u00f3kai Zsid\u00f3 M\u00e1ty\u00e1s jelentik Petrovics P\u00e9ter helytart\u00f3nak, hogy parancsa \u00e9rtelm\u00e9ben szept. 5-\u00e9n kimentek, hogy a k\u00e9t Ercse helys\u00e9get Toldalagi Szatm\u00e1ri Bal\u00e1zs r\u00e9sz\u00e9re elfoglalj\u00e1k; a helysz\u00ednen azonban Toldalagi Andr\u00e1s a maga \u00e9s testv\u00e9re Bal\u00e1zs nev\u00e9ben tiltakozott ezen helys\u00e9gek elfoglal\u00e1sa ellen, mint amelyek a marosszentkir\u00e1lyi paulinusok kolostor\u00e1hoz tartoztak. (Kelt P\u00f3k\u00e1n, 1556. szept. [&hellip;]<\/p>\n","protected":false},"featured_media":0,"comment_status":"open","ping_status":"closed","template":"","meta":[],"product_brand":[],"product_cat":[137],"product_tag":[],"class_list":{"0":"post-25220","1":"product","2":"type-product","3":"status-publish","5":"product_cat-maros-megyei-eletrajzi-lexikon","7":"first","8":"instock","9":"shipping-taxable","10":"product-type-simple"},"_links":{"self":[{"href":"https:\/\/uj.adatbank.ro\/lexikon\/wp-json\/wp\/v2\/product\/25220","targetHints":{"allow":["GET"]}}],"collection":[{"href":"https:\/\/uj.adatbank.ro\/lexikon\/wp-json\/wp\/v2\/product"}],"about":[{"href":"https:\/\/uj.adatbank.ro\/lexikon\/wp-json\/wp\/v2\/types\/product"}],"replies":[{"embeddable":true,"href":"https:\/\/uj.adatbank.ro\/lexikon\/wp-json\/wp\/v2\/comments?post=25220"}],"wp:attachment":[{"href":"https:\/\/uj.adatbank.ro\/lexikon\/wp-json\/wp\/v2\/media?parent=25220"}],"wp:term":[{"taxonomy":"product_brand","embeddable":true,"href":"https:\/\/uj.adatbank.ro\/lexikon\/wp-json\/wp\/v2\/product_brand?post=25220"},{"taxonomy":"product_cat","embeddable":true,"href":"https:\/\/uj.adatbank.ro\/lexikon\/wp-json\/wp\/v2\/product_cat?post=25220"},{"taxonomy":"product_tag","embeddable":true,"href":"https:\/\/uj.adatbank.ro\/lexikon\/wp-json\/wp\/v2\/product_tag?post=25220"}],"curies":[{"name":"wp","href":"https:\/\/api.w.org\/{rel}","templated":true}]}}

ZSIDÓ Mátyás, pókai

<p>?., † ?: Pókai Ferenc és Pókai Zsidó Mátyás jelentik Petrovics Péter helytartónak, hogy parancsa értelmében szept. 5-én kimentek, hogy a két Ercse helységet Toldalagi Szatmári Balázs részére elfoglalják; a helyszínen azonban Toldalagi András a maga és testvére Balázs nevében tiltakozott ezen helységek elfoglalása ellen, mint amelyek a marosszentkirályi paulinusok kolostorához tartoztak. (Kelt Pókán, 1556. szept. 6.). <br /><strong>– Irod.:</strong> SzOkl, 4.</br></p>

<p>?., † ?: Pókai Ferenc és Pókai Zsidó Mátyás jelentik Petrovics Péter helytartónak, hogy parancsa értelmében szept. 5-én kimentek, hogy a két Ercse helységet Toldalagi Szatmári Balázs részére elfoglalják; a helyszínen azonban Toldalagi András a maga és testvére Balázs nevében tiltakozott ezen helységek elfoglalása ellen, mint amelyek a marosszentkirályi paulinusok kolostorához tartoztak. (Kelt Pókán, 1556. szept. [&hellip;]</p>
