{"id":25228,"date":"2025-08-01T18:37:58","date_gmt":"2025-08-01T16:37:58","guid":{"rendered":"https:\/\/uj.adatbank.ro\/lexikon\/termek\/zsigmond-attila-%c2%a7\/"},"modified":"2025-08-01T18:37:58","modified_gmt":"2025-08-01T16:37:58","slug":"zsigmond-attila-%c2%a7","status":"publish","type":"product","link":"https:\/\/uj.adatbank.ro\/lexikon\/termek\/zsigmond-attila-%c2%a7\/","title":{"rendered":"ZSIGMOND Attila, \u00a7"},"content":{"rendered":"<p>Mv., 1927. m\u00e1j. 16., \u2020 Mv., 1999. \u00e1pr. 25.: fest\u0151m\u0171v\u00e9sz, grafikus, tan\u00e1r. \u2013 Apja Zs. Dezs\u0151 f\u0151g\u00e9p\u00e9sz, sz\u00fclei elv\u00e1ltak (1944). Mv.-en a Ref. Koll. (1934\u201342), majd a R. k. f\u0151gimn\u00e1zium di\u00e1kja (1942\u201346), \u00e9retts\u00e9gizett (1946). A gimn\u00e1ziumi tanulm\u00e1nyok mellett Aurel Ciupe \u00e9s Bordi Andr\u00e1s tan\u00edtv\u00e1nya a mv.-i V\u00e1rosi Szabad Fest\u0151iskol\u00e1ban (1944\u201348), oszt\u00e1lyt\u00e1rsai k\u00f6z\u00f6tt volt Sz\u00e1sz Endre, Bal\u00e1zs Imre, Nagy P\u00e1l, az iskola csoportos ki\u00e1ll\u00edt\u00e1s\u00e1n szerepelt nyilv\u00e1noss\u00e1g el\u0151tt el\u0151sz\u00f6r (1947). A buk.-i k\u00e9pz\u0151m\u0171v\u00e9szeti akad.-ra felv\u00e9telizett sikertelen\u00fcl (1947) \u00e9s sikeresen (1948), innen \u00e1tiratkozott a kv.-i M. M\u0171v\u00e9szeti Int\u00e9zetbe, ill. a Ion Andreescu K\u00e9pz\u0151m\u0171v. F\u0151iskol\u00e1ra, ahol v\u00e9gzett (1953). Tan\u00e1rai voltak Kov\u00e1cs Zolt\u00e1n \u00e9s Mikl\u00f3ssy G\u00e1bor. A temesv\u00e1ri M\u0171v\u00e9szeti K\u00f6z\u00e9piskola tan\u00e1ra (1953\u201355); megn\u0151s\u00fclt (feles\u00e9ge R\u00e1cz Piroska), r\u00e9szt vett majdnem minden tartom\u00e1nyi \/ megyei t\u00e1rlaton (1954\u2013). Visszat\u00e9rt Mv.-re (1955\u2013), rajzot \u00e9s fest\u00e9szetet tan\u00edtott, \u00e1llami megrendel\u00e9sekben is r\u00e9szes\u00fclt, mv.-i M\u0171v\u00e9szet c. lap rovatvezet\u0151je (1958. jan. 1. \u2013 1959. jan. 1.), f\u00e9l \u00e9vet a Pion\u00edrok H\u00e1z\u00e1ban tan\u00edtott (1959), az Ipariskola tan\u00e1ra (1959\u201364), a N\u00e9pm\u0171v\u00e9szeti Iskola tan\u00e1ra (1964\u201370). Az \u00daj \u00c9let k\u00e9pes hetilap p\u00e1ly\u00e1zat\u00e1n els\u0151 d\u00edjat kapott (1959). A K\u00e9pz\u0151m\u0171v\u00e9szek Sz\u00f6vets\u00e9ge falfestm\u00e9ny p\u00e1ly\u00e1zat\u00e1ra festette meg a mv.-i Transilvania sz\u00e1lloda \u00e9tterm\u00e9nek fal\u00e1ra, els\u0151 monument\u00e1lis alkot\u00e1s\u00e1t: Vad\u00e1szat \u00e9s hal\u00e1szat c. (1962), ezt a szekk\u00f3t (11&#215;2 m) letakart\u00e1k (1984); Simo Donca kihallgat\u00e1sa c. falfestm\u00e9nye az \u00e9p\u00edt\u00e9szeti iskol\u00e1ban van. R\u00e9szt vett az \u00e9venk\u00e9nti homor\u00f3dszentm\u00e1rtoni alkot\u00f3t\u00e1borban (1978\u2013), a gyergy\u00f3sz\u00e1rhegyi (1985, 1987) \u00e9s m\u00e1s alkot\u00f3t\u00e1bor megh\u00edvottja \u00e9s ki\u00e1ll\u00edt\u00f3ja (1989 ut\u00e1n): K\u00e1rp\u00e1talja (1995); K\u00e9zdiv\u00e1s\u00e1rhely, Hajd\u00fahath\u00e1za, K\u0151telek, Vaja (1996), Tangagarde (Sv\u00e9do., 1996), Magyarl\u00e1pos (1996\u201397), Erd\u0151csin\u00e1d (ennek a t\u00e1bornak Simon Endr\u00e9vel a szervez\u0151je is, 1998), Makfalva (1997). Utazott Sv\u00e9do.-ban, Hollandi\u00e1ban, Franciao.-ban (1989 ut\u00e1n). Tagja a rom\u00e1niai K\u00e9pz\u0151m\u0171v\u00e9szek Sz\u00f6vets\u00e9gnek (1954\u2013), a M. Vil\u00e1gsz\u00f6vets\u00e9g keret\u00e9ben m\u0171k\u00f6d\u0151 K\u00e9pz\u0151- \u00e9s Iparm\u0171v\u00e9szek Sz\u00f6vets\u00e9g\u00e9nek Bp. (1955\u2013), a Barab\u00e1s Mikl\u00f3s C\u00e9hnek, a Stockholmi Egyetemes M. K\u00e9pz\u0151m\u0171v\u00e9szeti Egyes\u00fcletnek (1996\u2013). Tanulm\u00e1nyutat tett Pr\u00e1g\u00e1ban, Pozsonyban (1962). Munk\u00e1i sz\u00e9tsz\u00f3r\u00f3dtak a vil\u00e1gban: Kanad\u00e1ban, az Egyes\u00fclt \u00c1llamokban, D\u00e9l-Afrik\u00e1ban, N\u00e9meto.-ban, Sv\u00e9do.-ban, Hollandi\u00e1ban, Magyaro.-on, de t\u00f6bb munk\u00e1j\u00e1t a mv.-i m\u00fazeumban \u0151rzik. K\u00f6nyvillusztr\u00e1ci\u00f3val is foglalkozott. \u2013  <strong>F. ki\u00e1ll.:<\/strong>  <strong>egy\u00e9ni:<\/strong> Segesv\u00e1r (1971); Sz\u00e9kelyudvarhely (1973); Buk. (ez ut\u00f3bbir\u00f3l t\u00e9v\u00e9film is k\u00e9sz\u00fclt, 1973); Mv. (a Megyei K\u00f6nyvt\u00e1r k\u00f6lcs\u00f6nz\u0151 termeiben, M\u00e9sz\u00e1ros J\u00f3zsef k\u00f6nyvt\u00e1ros bar\u00e1tja \u00f6szt\u00f6nz\u00e9s\u00e9re \u00e9s rendez\u00e9s\u00e9ben \u00e1ll\u00edtott ki, 1977); Igaz Sz\u00f3 szerk.-ben (1978); hal\u00e1l\u00e1nak 10. \u00e9vfordul\u00f3j\u00e1n eml\u00e9kki\u00e1ll\u00edt\u00e1s a Bern\u00e1dy H\u00e1zban (2009); Toronto \u00e9s New York (1979); Zwollen (Hollandia, 1991); eml\u00e9kki\u00e1ll. Mv. Bern\u00e1dy H\u00e1z (2009. \u00e1pr. 26.);  <strong>csoportos:<\/strong> Mv. (1947, 1948, 1950; r\u00e9szt vett a tartom\u00e1nyi t\u00e1rlatokon 1955-, 1961, az \u00e1rv\u00edzk\u00e1rosultak megseg\u00edt\u00e9s\u00e9re 1970; Maros megyei t\u00e1rlat \u00e9s az Igaz Sz\u00f3 megalap\u00edt\u00e1s\u00e1nak 25. \u00e9vfordul\u00f3ja, 1978; 1995; a Barab\u00e1s Mikl\u00f3s C\u00e9h ki\u00e1ll. (1997); Kv. (1948); Temesv\u00e1r (1954, 1956); Brass\u00f3 (1958); Buk. (1961); Kov\u00e1szna (1969, 1980); New York (1974); Hajd\u00fahadh\u00e1z (1998, 1999); Hatvan (1999); Nagyv\u00e1rad (1999); Sopron \u00e9s Gy\u0151r (m\u00e1r hal\u00e1la ut\u00e1n 1999); Bp. (1996; Vigad\u00f3 Gal\u00e9ria, 2000; V\u00e1rmegye gal\u00e9ria, 2001); <strong>ill. k\u00f6t.:<\/strong> Gherasim Emil: Emelt f\u0151vel: Versek \u00e9s m\u0171ford\u00edt\u00e1sok (Temesv\u00e1r, 1973). <br \/><strong>\u2013 Irod.:<\/strong> Arck\u00e9pcsarnok (Igaz Sz\u00f3, 1972, 11. sz.); Erd\u00e9lyi Lajos 2009; Erd\u00e9lyi Lajos 2018; Gal\u00e9ria a Bern\u00e1dy H\u00e1zban; Gyergy\u00f3sz\u00e1rhegyi BME; H\u00edres polg\u00e1rok; Katona Szab\u00f3 Istv\u00e1n: Az \u00daj \u00c9let lexikona, 174. (\u00daj \u00c9let, 1977, 20. sz.), Keresztes; Kusz\u00e1lik; Marosi Ildik\u00f3: Zs. A. (\u00daj \u00c9let, 1989, 4. sz.); M\u00e9sz\u00e1ros J\u00f3zsef: Zs. A. egy\u00e9ni t\u00e1rlata (V. Z., 1977, ?); M\u00e9sz\u00e1ros J\u00f3zsef: Zs. A. m\u0171hely\u00e9ben (V. Z., 1979. jan. 27.); M\u00e9sz\u00e1ros J\u00f3zsef: P\u00e1ratlanul (N\u00fa., M\u00fazsa, 2001. \u00e1pr. 21.); Mikl\u00f3ssy G\u00e1bor n\u00f6vend\u00e9kei \/ Simon Endre (Bp., 2000); Moln\u00e1r; Mv.-i ref. temet\u0151; Nagy Barna: Egy fest\u0151 vallom\u00e1sa (V. Z., 1989. j\u00fan. 25.); Nagy Mikl\u00f3s Kund: Itthon a feny\u0151k is m\u00e1sk\u00e9p susognak = N. M. K. M\u0171terem (Mv., 1998); Nagy Mikl\u00f3s Kund: Erd\u00e9lyi fest\u0151 holland t\u00e1jakon (N\u00fa., M\u00fazsa, 1991. szept. 13., 23. sz.); Nagy Mikl\u00f3s Kund: A szeml\u00e9letv\u00e1lt\u00e1s \u00fatj\u00e1n (N\u00fa., M\u00fazsa, 1997. dec. 19., 325. sz.); Nagy M. K. M\u0171terem; [Nekrol\u00f3g] (N\u00fa., 1999. \u00e1pr. 26.; \u00e1pr. 27.); Polg\u00e1r Istv\u00e1n: Zs. A.-r\u00f3l m\u0171tereml\u00e1togat\u00e1s \u00fcr\u00fcgy\u00e9n (\u00daj \u00c9let, 1971, 23. sz.); Todea 2013; Tompa Z. Mih\u00e1ly: \u201eA ballada vil\u00e1ga a legizgalmasabb\u201d (V. Z., 1987. okt. 31.); Zs. A. (a fest\u0151m\u0171v\u00e9sz alkot\u00e1s\u00e1t m\u00e9ltatja Weisz Attila m\u0171v\u00e9szett\u00f6rt\u00e9n\u00e9sz; Mv., 2009; nyomda DTP St\u00fadi\u00f3 Sz\u00e9kelyudvarhely); Nagy M. K. M\u0171terem; Zsigmond \u00c9va: M\u0171v\u00e9sz az alkot\u00e1s folyamat\u00e1ban: Zs. A. k\u00e9pz\u0151m\u0171v\u00e9sz emberi \u00e9s m\u0171v\u00e9szi arca h\u00e1trahagyott \u00edr\u00e1sos sz\u00f6vegei \u00e9s v\u00e1zlatrajzai alapj\u00e1n (h. n., 2009).<\/br><\/p>\n","protected":false},"excerpt":{"rendered":"<p>Mv., 1927. m\u00e1j. 16., \u2020 Mv., 1999. \u00e1pr. 25.: fest\u0151m\u0171v\u00e9sz, grafikus, tan\u00e1r. \u2013 Apja Zs. Dezs\u0151 f\u0151g\u00e9p\u00e9sz, sz\u00fclei elv\u00e1ltak (1944). Mv.-en a Ref. Koll. (1934\u201342), majd a R. k. f\u0151gimn\u00e1zium di\u00e1kja (1942\u201346), \u00e9retts\u00e9gizett (1946). A gimn\u00e1ziumi tanulm\u00e1nyok mellett Aurel Ciupe \u00e9s Bordi Andr\u00e1s tan\u00edtv\u00e1nya a mv.-i V\u00e1rosi Szabad Fest\u0151iskol\u00e1ban (1944\u201348), oszt\u00e1lyt\u00e1rsai k\u00f6z\u00f6tt volt Sz\u00e1sz Endre, [&hellip;]<\/p>\n","protected":false},"featured_media":0,"comment_status":"open","ping_status":"closed","template":"","meta":[],"product_brand":[],"product_cat":[137],"product_tag":[],"class_list":{"0":"post-25228","1":"product","2":"type-product","3":"status-publish","5":"product_cat-maros-megyei-eletrajzi-lexikon","7":"first","8":"instock","9":"shipping-taxable","10":"product-type-simple"},"_links":{"self":[{"href":"https:\/\/uj.adatbank.ro\/lexikon\/wp-json\/wp\/v2\/product\/25228","targetHints":{"allow":["GET"]}}],"collection":[{"href":"https:\/\/uj.adatbank.ro\/lexikon\/wp-json\/wp\/v2\/product"}],"about":[{"href":"https:\/\/uj.adatbank.ro\/lexikon\/wp-json\/wp\/v2\/types\/product"}],"replies":[{"embeddable":true,"href":"https:\/\/uj.adatbank.ro\/lexikon\/wp-json\/wp\/v2\/comments?post=25228"}],"wp:attachment":[{"href":"https:\/\/uj.adatbank.ro\/lexikon\/wp-json\/wp\/v2\/media?parent=25228"}],"wp:term":[{"taxonomy":"product_brand","embeddable":true,"href":"https:\/\/uj.adatbank.ro\/lexikon\/wp-json\/wp\/v2\/product_brand?post=25228"},{"taxonomy":"product_cat","embeddable":true,"href":"https:\/\/uj.adatbank.ro\/lexikon\/wp-json\/wp\/v2\/product_cat?post=25228"},{"taxonomy":"product_tag","embeddable":true,"href":"https:\/\/uj.adatbank.ro\/lexikon\/wp-json\/wp\/v2\/product_tag?post=25228"}],"curies":[{"name":"wp","href":"https:\/\/api.w.org\/{rel}","templated":true}]}}

<p>Mv., 1927. máj. 16., † Mv., 1999. ápr. 25.: festőművész, grafikus, tanár. – Apja Zs. Dezső főgépész, szülei elváltak (1944). Mv.-en a Ref. Koll. (1934–42), majd a R. k. főgimnázium diákja (1942–46), érettségizett (1946). A gimnáziumi tanulmányok mellett Aurel Ciupe és Bordi András tanítványa a mv.-i Városi Szabad Festőiskolában (1944–48), osztálytársai között volt Szász Endre, Balázs Imre, Nagy Pál, az iskola csoportos kiállításán szerepelt nyilvánosság előtt először (1947). A buk.-i képzőművészeti akad.-ra felvételizett sikertelenül (1947) és sikeresen (1948), innen átiratkozott a kv.-i M. Művészeti Intézetbe, ill. a Ion Andreescu Képzőműv. Főiskolára, ahol végzett (1953). Tanárai voltak Kovács Zoltán és Miklóssy Gábor. A temesvári Művészeti Középiskola tanára (1953–55); megnősült (felesége Rácz Piroska), részt vett majdnem minden tartományi / megyei tárlaton (1954–). Visszatért Mv.-re (1955–), rajzot és festészetet tanított, állami megrendelésekben is részesült, mv.-i Művészet c. lap rovatvezetője (1958. jan. 1. – 1959. jan. 1.), fél évet a Pionírok Házában tanított (1959), az Ipariskola tanára (1959–64), a Népművészeti Iskola tanára (1964–70). Az Új Élet képes hetilap pályázatán első díjat kapott (1959). A Képzőművészek Szövetsége falfestmény pályázatára festette meg a mv.-i Transilvania szálloda éttermének falára, első monumentális alkotását: Vadászat és halászat c. (1962), ezt a szekkót (11&#215;2 m) letakarták (1984); Simo Donca kihallgatása c. falfestménye az építészeti iskolában van. Részt vett az évenkénti homoródszentmártoni alkotótáborban (1978–), a gyergyószárhegyi (1985, 1987) és más alkotótábor meghívottja és kiállítója (1989 után): Kárpátalja (1995); Kézdivásárhely, Hajdúhatháza, Kőtelek, Vaja (1996), Tangagarde (Svédo., 1996), Magyarlápos (1996–97), Erdőcsinád (ennek a tábornak Simon Endrével a szervezője is, 1998), Makfalva (1997). Utazott Svédo.-ban, Hollandiában, Franciao.-ban (1989 után). Tagja a romániai Képzőművészek Szövetségnek (1954–), a M. Világszövetség keretében működő Képző- és Iparművészek Szövetségének Bp. (1955–), a Barabás Miklós Céhnek, a Stockholmi Egyetemes M. Képzőművészeti Egyesületnek (1996–). Tanulmányutat tett Prágában, Pozsonyban (1962). Munkái szétszóródtak a világban: Kanadában, az Egyesült Államokban, Dél-Afrikában, Németo.-ban, Svédo.-ban, Hollandiában, Magyaro.-on, de több munkáját a mv.-i múzeumban őrzik. Könyvillusztrációval is foglalkozott. –  <strong>F. kiáll.:</strong>  <strong>egyéni:</strong> Segesvár (1971); Székelyudvarhely (1973); Buk. (ez utóbbiról tévéfilm is készült, 1973); Mv. (a Megyei Könyvtár kölcsönző termeiben, Mészáros József könyvtáros barátja ösztönzésére és rendezésében állított ki, 1977); Igaz Szó szerk.-ben (1978); halálának 10. évfordulóján emlékkiállítás a Bernády Házban (2009); Toronto és New York (1979); Zwollen (Hollandia, 1991); emlékkiáll. Mv. Bernády Ház (2009. ápr. 26.);  <strong>csoportos:</strong> Mv. (1947, 1948, 1950; részt vett a tartományi tárlatokon 1955-, 1961, az árvízkárosultak megsegítésére 1970; Maros megyei tárlat és az Igaz Szó megalapításának 25. évfordulója, 1978; 1995; a Barabás Miklós Céh kiáll. (1997); Kv. (1948); Temesvár (1954, 1956); Brassó (1958); Buk. (1961); Kovászna (1969, 1980); New York (1974); Hajdúhadház (1998, 1999); Hatvan (1999); Nagyvárad (1999); Sopron és Győr (már halála után 1999); Bp. (1996; Vigadó Galéria, 2000; Vármegye galéria, 2001); <strong>ill. köt.:</strong> Gherasim Emil: Emelt fővel: Versek és műfordítások (Temesvár, 1973). <br /><strong>– Irod.:</strong> Arcképcsarnok (Igaz Szó, 1972, 11. sz.); Erdélyi Lajos 2009; Erdélyi Lajos 2018; Galéria a Bernády Házban; Gyergyószárhegyi BME; Híres polgárok; Katona Szabó István: Az Új Élet lexikona, 174. (Új Élet, 1977, 20. sz.), Keresztes; Kuszálik; Marosi Ildikó: Zs. A. (Új Élet, 1989, 4. sz.); Mészáros József: Zs. A. egyéni tárlata (V. Z., 1977, ?); Mészáros József: Zs. A. műhelyében (V. Z., 1979. jan. 27.); Mészáros József: Páratlanul (Nú., Múzsa, 2001. ápr. 21.); Miklóssy Gábor növendékei / Simon Endre (Bp., 2000); Molnár; Mv.-i ref. temető; Nagy Barna: Egy festő vallomása (V. Z., 1989. jún. 25.); Nagy Miklós Kund: Itthon a fenyők is máskép susognak = N. M. K. Műterem (Mv., 1998); Nagy Miklós Kund: Erdélyi festő holland tájakon (Nú., Múzsa, 1991. szept. 13., 23. sz.); Nagy Miklós Kund: A szemléletváltás útján (Nú., Múzsa, 1997. dec. 19., 325. sz.); Nagy M. K. Műterem; [Nekrológ] (Nú., 1999. ápr. 26.; ápr. 27.); Polgár István: Zs. A.-ról műteremlátogatás ürügyén (Új Élet, 1971, 23. sz.); Todea 2013; Tompa Z. Mihály: „A ballada világa a legizgalmasabb” (V. Z., 1987. okt. 31.); Zs. A. (a festőművész alkotását méltatja Weisz Attila művészettörténész; Mv., 2009; nyomda DTP Stúdió Székelyudvarhely); Nagy M. K. Műterem; Zsigmond Éva: Művész az alkotás folyamatában: Zs. A. képzőművész emberi és művészi arca hátrahagyott írásos szövegei és vázlatrajzai alapján (h. n., 2009).</br></p>

<p>Mv., 1927. máj. 16., † Mv., 1999. ápr. 25.: festőművész, grafikus, tanár. – Apja Zs. Dezső főgépész, szülei elváltak (1944). Mv.-en a Ref. Koll. (1934–42), majd a R. k. főgimnázium diákja (1942–46), érettségizett (1946). A gimnáziumi tanulmányok mellett Aurel Ciupe és Bordi András tanítványa a mv.-i Városi Szabad Festőiskolában (1944–48), osztálytársai között volt Szász Endre, [&hellip;]</p>
