{"id":25231,"date":"2025-08-01T18:38:05","date_gmt":"2025-08-01T16:38:05","guid":{"rendered":"https:\/\/uj.adatbank.ro\/lexikon\/termek\/zsigmond-dezso-lemhenyi\/"},"modified":"2025-08-01T18:38:05","modified_gmt":"2025-08-01T16:38:05","slug":"zsigmond-dezso-lemhenyi","status":"publish","type":"product","link":"https:\/\/uj.adatbank.ro\/lexikon\/termek\/zsigmond-dezso-lemhenyi\/","title":{"rendered":"ZSIGMOND Dezs\u0151, lemh\u00e9nyi"},"content":{"rendered":"<p>Mez\u0151panit, 1894., \u2020\u00a0?: ref. lelk\u00e9sz. \u2013 Feles\u00e9ge Fr\u00e1ter Duci. A csal\u00e1d nemesi levele 1576-b\u00f3l ered. A ref. teol\u00f3gi\u00e1t v\u00e9gezte (1916), Mv.-en volt volt seg\u00e9dlelk\u00e9sz (1919), majd a koll\u00e9giumban intern\u00e1tusi fel\u00fcgyel\u0151, amikor Disznaj\u00f3 k\u00f6zs\u00e9g ref. lelk\u00e9sz\u00e9v\u00e9 v\u00e1lasztott\u00e1k. A v\u00e1rmegye t\u00f6rv. hat. biz. tagja, a g\u00f6rg\u00e9nyi egyh\u00e1zmegye aljegyz\u0151je, a kultur\u00e1lis, hazafias, szoci\u00e1lis egyes\u00fcletek vezet\u0151s\u00e9gi tagja volt. A Fr\u00e1ter csal\u00e1d iratt\u00e1ra feles\u00e9ge r\u00e9v\u00e9n hozz\u00e1 ker\u00fclt, de hal\u00e1la ut\u00e1n megsemmis\u00fclt. <br \/><strong>\u2013 Irod.:<\/strong> B\u00f6l\u00f6ni Domokos: Cs\u0151sz Irma c\u00edmeres k\u00f6nyve (N\u00fa, M\u00fazsa, 2000. febr. 26., 432. sz.); Sz\u00e9kelyf\u00f6ld \u00ed. k.<\/br><\/p>\n","protected":false},"excerpt":{"rendered":"<p>Mez\u0151panit, 1894., \u2020\u00a0?: ref. lelk\u00e9sz. \u2013 Feles\u00e9ge Fr\u00e1ter Duci. A csal\u00e1d nemesi levele 1576-b\u00f3l ered. A ref. teol\u00f3gi\u00e1t v\u00e9gezte (1916), Mv.-en volt volt seg\u00e9dlelk\u00e9sz (1919), majd a koll\u00e9giumban intern\u00e1tusi fel\u00fcgyel\u0151, amikor Disznaj\u00f3 k\u00f6zs\u00e9g ref. lelk\u00e9sz\u00e9v\u00e9 v\u00e1lasztott\u00e1k. A v\u00e1rmegye t\u00f6rv. hat. biz. tagja, a g\u00f6rg\u00e9nyi egyh\u00e1zmegye aljegyz\u0151je, a kultur\u00e1lis, hazafias, szoci\u00e1lis egyes\u00fcletek vezet\u0151s\u00e9gi tagja volt. A [&hellip;]<\/p>\n","protected":false},"featured_media":0,"comment_status":"open","ping_status":"closed","template":"","meta":[],"product_brand":[],"product_cat":[137],"product_tag":[],"class_list":{"0":"post-25231","1":"product","2":"type-product","3":"status-publish","5":"product_cat-maros-megyei-eletrajzi-lexikon","7":"first","8":"instock","9":"shipping-taxable","10":"product-type-simple"},"_links":{"self":[{"href":"https:\/\/uj.adatbank.ro\/lexikon\/wp-json\/wp\/v2\/product\/25231","targetHints":{"allow":["GET"]}}],"collection":[{"href":"https:\/\/uj.adatbank.ro\/lexikon\/wp-json\/wp\/v2\/product"}],"about":[{"href":"https:\/\/uj.adatbank.ro\/lexikon\/wp-json\/wp\/v2\/types\/product"}],"replies":[{"embeddable":true,"href":"https:\/\/uj.adatbank.ro\/lexikon\/wp-json\/wp\/v2\/comments?post=25231"}],"wp:attachment":[{"href":"https:\/\/uj.adatbank.ro\/lexikon\/wp-json\/wp\/v2\/media?parent=25231"}],"wp:term":[{"taxonomy":"product_brand","embeddable":true,"href":"https:\/\/uj.adatbank.ro\/lexikon\/wp-json\/wp\/v2\/product_brand?post=25231"},{"taxonomy":"product_cat","embeddable":true,"href":"https:\/\/uj.adatbank.ro\/lexikon\/wp-json\/wp\/v2\/product_cat?post=25231"},{"taxonomy":"product_tag","embeddable":true,"href":"https:\/\/uj.adatbank.ro\/lexikon\/wp-json\/wp\/v2\/product_tag?post=25231"}],"curies":[{"name":"wp","href":"https:\/\/api.w.org\/{rel}","templated":true}]}}

ZSIGMOND Dezső, lemhényi

<p>Mezőpanit, 1894., † ?: ref. lelkész. – Felesége Fráter Duci. A család nemesi levele 1576-ból ered. A ref. teológiát végezte (1916), Mv.-en volt volt segédlelkész (1919), majd a kollégiumban internátusi felügyelő, amikor Disznajó község ref. lelkészévé választották. A vármegye törv. hat. biz. tagja, a görgényi egyházmegye aljegyzője, a kulturális, hazafias, szociális egyesületek vezetőségi tagja volt. A Fráter család irattára felesége révén hozzá került, de halála után megsemmisült. <br /><strong>– Irod.:</strong> Bölöni Domokos: Csősz Irma címeres könyve (Nú, Múzsa, 2000. febr. 26., 432. sz.); Székelyföld í. k.</br></p>

<p>Mezőpanit, 1894., † ?: ref. lelkész. – Felesége Fráter Duci. A család nemesi levele 1576-ból ered. A ref. teológiát végezte (1916), Mv.-en volt volt segédlelkész (1919), majd a kollégiumban internátusi felügyelő, amikor Disznajó község ref. lelkészévé választották. A vármegye törv. hat. biz. tagja, a görgényi egyházmegye aljegyzője, a kulturális, hazafias, szociális egyesületek vezetőségi tagja volt. A [&hellip;]</p>
