{"id":25233,"date":"2025-08-01T18:38:10","date_gmt":"2025-08-01T16:38:10","guid":{"rendered":"https:\/\/uj.adatbank.ro\/lexikon\/termek\/zsigmond-endre\/"},"modified":"2025-08-01T18:38:10","modified_gmt":"2025-08-01T16:38:10","slug":"zsigmond-endre","status":"publish","type":"product","link":"https:\/\/uj.adatbank.ro\/lexikon\/termek\/zsigmond-endre\/","title":{"rendered":"ZSIGMOND Endre"},"content":{"rendered":"<p>Ny\u00e1r\u00e1dszentl\u00e1szl\u00f3, 1907., \u2020\u00a0?: k\u00f6zs\u00e9gi tisztvisel\u0151. \u2013 Iskol\u00e1i elv\u00e9gz\u00e9se ut\u00e1n el\u0151bb gazd\u00e1lkodni kezdett a sz\u00fcl\u0151i h\u00e1zn\u00e1l, majd Hangya \u00fcgyvezet\u0151 lett, azut\u00e1n mint k\u00f6zs\u00e9gi tisztvisel\u0151 dolgozott Beresztelk\u00e9n. <br \/><strong>\u2013 Irod.:<\/strong> Sz\u00e9kelyf\u00f6ld \u00ed. k.<\/br><\/p>\n","protected":false},"excerpt":{"rendered":"<p>Ny\u00e1r\u00e1dszentl\u00e1szl\u00f3, 1907., \u2020\u00a0?: k\u00f6zs\u00e9gi tisztvisel\u0151. \u2013 Iskol\u00e1i elv\u00e9gz\u00e9se ut\u00e1n el\u0151bb gazd\u00e1lkodni kezdett a sz\u00fcl\u0151i h\u00e1zn\u00e1l, majd Hangya \u00fcgyvezet\u0151 lett, azut\u00e1n mint k\u00f6zs\u00e9gi tisztvisel\u0151 dolgozott Beresztelk\u00e9n. \u2013 Irod.: Sz\u00e9kelyf\u00f6ld \u00ed. k.<\/p>\n","protected":false},"featured_media":0,"comment_status":"open","ping_status":"closed","template":"","meta":[],"product_brand":[],"product_cat":[137],"product_tag":[],"class_list":{"0":"post-25233","1":"product","2":"type-product","3":"status-publish","5":"product_cat-maros-megyei-eletrajzi-lexikon","7":"first","8":"instock","9":"shipping-taxable","10":"product-type-simple"},"_links":{"self":[{"href":"https:\/\/uj.adatbank.ro\/lexikon\/wp-json\/wp\/v2\/product\/25233","targetHints":{"allow":["GET"]}}],"collection":[{"href":"https:\/\/uj.adatbank.ro\/lexikon\/wp-json\/wp\/v2\/product"}],"about":[{"href":"https:\/\/uj.adatbank.ro\/lexikon\/wp-json\/wp\/v2\/types\/product"}],"replies":[{"embeddable":true,"href":"https:\/\/uj.adatbank.ro\/lexikon\/wp-json\/wp\/v2\/comments?post=25233"}],"wp:attachment":[{"href":"https:\/\/uj.adatbank.ro\/lexikon\/wp-json\/wp\/v2\/media?parent=25233"}],"wp:term":[{"taxonomy":"product_brand","embeddable":true,"href":"https:\/\/uj.adatbank.ro\/lexikon\/wp-json\/wp\/v2\/product_brand?post=25233"},{"taxonomy":"product_cat","embeddable":true,"href":"https:\/\/uj.adatbank.ro\/lexikon\/wp-json\/wp\/v2\/product_cat?post=25233"},{"taxonomy":"product_tag","embeddable":true,"href":"https:\/\/uj.adatbank.ro\/lexikon\/wp-json\/wp\/v2\/product_tag?post=25233"}],"curies":[{"name":"wp","href":"https:\/\/api.w.org\/{rel}","templated":true}]}}