{"id":25235,"date":"2025-08-01T18:38:17","date_gmt":"2025-08-01T16:38:17","guid":{"rendered":"https:\/\/uj.adatbank.ro\/lexikon\/termek\/zsigmond-ferenc-2\/"},"modified":"2025-08-01T18:38:17","modified_gmt":"2025-08-01T16:38:17","slug":"zsigmond-ferenc-2","status":"publish","type":"product","link":"https:\/\/uj.adatbank.ro\/lexikon\/termek\/zsigmond-ferenc-2\/","title":{"rendered":"ZSIGMOND Ferenc"},"content":{"rendered":"<p>? \u2020\u00a0?: igazgat\u00f3-tan\u00edt\u00f3. Mez\u0151panitban a ref. iskol\u00e1t \u00e1llamos\u00edtott\u00e1k (1909\u2013) \u00e9s \u00e1llami p\u00e9nzen kib\u0151v\u00edtett\u00e9k \u00e9s felavatt\u00e1k (1910. j\u00fan. 5.\u2013). Itt tan\u00edtott negyedmag\u00e1val (1887\u20131921). Panitban Gazdak\u00f6r alakult (1907), m\u0171k\u00f6d\u00e9s\u00e9t a k\u00f6vetkez\u0151 \u00e9vben kezdte, amelynek els\u0151 eln\u00f6ke volt. <br \/><strong>\u2013 Irod.:<\/strong> Mez\u0151panit.<\/br><\/p>\n","protected":false},"excerpt":{"rendered":"<p>? \u2020\u00a0?: igazgat\u00f3-tan\u00edt\u00f3. Mez\u0151panitban a ref. iskol\u00e1t \u00e1llamos\u00edtott\u00e1k (1909\u2013) \u00e9s \u00e1llami p\u00e9nzen kib\u0151v\u00edtett\u00e9k \u00e9s felavatt\u00e1k (1910. j\u00fan. 5.\u2013). Itt tan\u00edtott negyedmag\u00e1val (1887\u20131921). Panitban Gazdak\u00f6r alakult (1907), m\u0171k\u00f6d\u00e9s\u00e9t a k\u00f6vetkez\u0151 \u00e9vben kezdte, amelynek els\u0151 eln\u00f6ke volt. \u2013 Irod.: Mez\u0151panit.<\/p>\n","protected":false},"featured_media":0,"comment_status":"open","ping_status":"closed","template":"","meta":[],"product_brand":[],"product_cat":[137],"product_tag":[],"class_list":{"0":"post-25235","1":"product","2":"type-product","3":"status-publish","5":"product_cat-maros-megyei-eletrajzi-lexikon","7":"first","8":"instock","9":"shipping-taxable","10":"product-type-simple"},"_links":{"self":[{"href":"https:\/\/uj.adatbank.ro\/lexikon\/wp-json\/wp\/v2\/product\/25235","targetHints":{"allow":["GET"]}}],"collection":[{"href":"https:\/\/uj.adatbank.ro\/lexikon\/wp-json\/wp\/v2\/product"}],"about":[{"href":"https:\/\/uj.adatbank.ro\/lexikon\/wp-json\/wp\/v2\/types\/product"}],"replies":[{"embeddable":true,"href":"https:\/\/uj.adatbank.ro\/lexikon\/wp-json\/wp\/v2\/comments?post=25235"}],"wp:attachment":[{"href":"https:\/\/uj.adatbank.ro\/lexikon\/wp-json\/wp\/v2\/media?parent=25235"}],"wp:term":[{"taxonomy":"product_brand","embeddable":true,"href":"https:\/\/uj.adatbank.ro\/lexikon\/wp-json\/wp\/v2\/product_brand?post=25235"},{"taxonomy":"product_cat","embeddable":true,"href":"https:\/\/uj.adatbank.ro\/lexikon\/wp-json\/wp\/v2\/product_cat?post=25235"},{"taxonomy":"product_tag","embeddable":true,"href":"https:\/\/uj.adatbank.ro\/lexikon\/wp-json\/wp\/v2\/product_tag?post=25235"}],"curies":[{"name":"wp","href":"https:\/\/api.w.org\/{rel}","templated":true}]}}