{"id":25236,"date":"2025-08-01T18:38:18","date_gmt":"2025-08-01T16:38:18","guid":{"rendered":"https:\/\/uj.adatbank.ro\/lexikon\/termek\/zsigmond-ferenc-3\/"},"modified":"2025-08-01T18:38:18","modified_gmt":"2025-08-01T16:38:18","slug":"zsigmond-ferenc-3","status":"publish","type":"product","link":"https:\/\/uj.adatbank.ro\/lexikon\/termek\/zsigmond-ferenc-3\/","title":{"rendered":"ZSIGMOND Ferenc"},"content":{"rendered":"<p>Szentiv\u00e1nlaborfalva (Kov\u00e1szna m.), 1918. dec. 5. \u2020 Mv., 2008. szept. 12.: sz\u00edn\u00e9sz, irodalmi titk\u00e1r, tan\u00e1r. \u2013 Kv.-on \u00e9retts\u00e9gizett (1938), majd az Unit. Teol\u00f3giai Akad\u00e9mi\u00e1t hallgatta (1938\u201341), ek\u00f6zben mag\u00e1n\u00faton sz\u00ednm\u0171v\u00e9szeti tanulm\u00e1nyokat is folytatott; a bp.-i Sz\u00ednh\u00e1z- \u00e9s Filmm\u0171v\u00e9szeti F\u0151iskol\u00e1n szerzett oklevelet (1944). Szovjet hadifogs\u00e1gban volt (1945\u201348). Elv\u00e9gzett egy vezet\u0151 tanfolyamot ami ut\u00e1n az MNSZ vezet\u0151s\u00e9gi tagjak\u00e9nt a m. sajt\u00f3 orsz\u00e1gos felel\u0151se, kv.-i Magyar M\u0171v\u00e9szeti Int\u00e9zet egyik l\u00e9trehoz\u00f3ja (1948\u201349), f\u0151titk\u00e1ra (1949\u201350); ut\u00f3dint\u00e9zm\u00e9ny\u00e9nek a Szentgy\u00f6rgyi Istv\u00e1n Sz\u00ednm\u0171v\u00e9szeti Int\u00e9zetnek szint\u00e9n f\u0151titk\u00e1ra (1954\u20131957), a Mv-re \u00e1ttelep\u00fclt f\u0151iskola tan\u00e1rseg\u00e9de (1957\u2013); k\u00f6zben a Maros MAT m\u0171v\u00e9szeti fel\u00fcgyel\u0151je (1957\u201360), a Szentgy\u00f6rgyi Istv\u00e1n Sz\u00ednm\u0171v\u00e9szeti Int. St\u00fadi\u00f3 Sz\u00ednh\u00e1z\u00e1nak irodalmi titk\u00e1ra (1960\u201384); nyugd\u00edjba vonul\u00e1s\u00e1ig (1984); M\u0171sorf\u00fczeteket, sz\u00ednlapokat szerkesztett (1949\u201384) az Int\u00e9zet nyilv\u00e1nos vizsgael\u0151ad\u00e1saira \u00e9s szaval\u00f3estjeire. Tev\u00e9kenys\u00e9ge \u00f6sszefon\u00f3dott az int\u00e9zet t\u00f6rt\u00e9net\u00e9vel. A kv.-i Protest\u00e1ns Teol\u00f3gia megh\u00edvott el\u0151ad\u00f3tan\u00e1ra, ahol a besz\u00e9dm\u0171v\u00e9szetet tan\u00edtotta (1987); az Unit\u00e1rius Egyh\u00e1zi F\u0151tan\u00e1cs tagja (1988), valamint a Maros-K\u00fck\u00fcll\u0151i Unit. Egyh\u00e1zk\u00f6r fel\u00fcgyel\u0151 gondnoka (1988\u2013). A bp.-i Sz\u00ednm\u0171v\u00e9szeti \u00e9s Filmm\u0171v\u00e9szeti Kamara tagja, az RMDSZ tagja a fels\u0151v\u00e1rosi k\u00f6rzet eln\u00f6ke (1990\u2013); az \u00d6sszmagyar Test\u00fclet \u00e9s a M. Szellemi V\u00e9degylet tagja (1990\u2013). Cikkei az: \u00daj \u00c9let, A H\u00e9t, Utunk, Korunk, Erd\u00e9lyi Figyel\u0151, Rom\u00e1niai Magyar Sz\u00f3-ban. A sz\u00ednm\u0171v\u00e9szeti f\u0151iskola 40 \u00e9vfordul\u00f3ja ut\u00e1n meg\u00edrta annak t\u00f6rt\u00e9net\u00e9t. K\u00e1ntor Lajos \u00e9s K\u00f6t\u0151 J\u00f3zsef sz\u00ednh\u00e1zt\u00f6rt\u00e9nete sz\u00e1m\u00e1ra \u00f6ssze\u00e1ll\u00edtotta a f\u0151iskola st\u00fadi\u00f3sz\u00ednh\u00e1z\u00e1nak m\u0171sorrendj\u00e9t. \u2013  <strong>F. m..:<\/strong> A Sz\u00ednm\u0171v\u00e9szeti Int\u00e9zet t\u00f6rt\u00e9nete (K\u00e9zirat, 1987); Hadifogs\u00e1gban. Napl\u00f3t\u00f6red\u00e9kek, eml\u00e9kfoszl\u00e1nyok 1944\u20131948, (Buk., 1995.). <br \/><strong>\u2013 Irod.:<\/strong> B\u00facs\u00fa Zs. F.-t\u0151l (N\u00fa., 2008. szept. 16.); KKACs; Kusz\u00e1lik; [Nekrol\u00f3g] (Kr\u00f3nika, 2008. szept.16.); RMIL; RMKK; Zs. F.: 40 \u00e9ves a m. nyelv\u0171 sz\u00edn\u00e9szk\u00e9pz\u00e9s Mv.-en (Erd\u00e9lyi Figyel\u0151, 1994, 3. sz.).<\/br><\/p>\n","protected":false},"excerpt":{"rendered":"<p>Szentiv\u00e1nlaborfalva (Kov\u00e1szna m.), 1918. dec. 5. \u2020 Mv., 2008. szept. 12.: sz\u00edn\u00e9sz, irodalmi titk\u00e1r, tan\u00e1r. \u2013 Kv.-on \u00e9retts\u00e9gizett (1938), majd az Unit. Teol\u00f3giai Akad\u00e9mi\u00e1t hallgatta (1938\u201341), ek\u00f6zben mag\u00e1n\u00faton sz\u00ednm\u0171v\u00e9szeti tanulm\u00e1nyokat is folytatott; a bp.-i Sz\u00ednh\u00e1z- \u00e9s Filmm\u0171v\u00e9szeti F\u0151iskol\u00e1n szerzett oklevelet (1944). Szovjet hadifogs\u00e1gban volt (1945\u201348). Elv\u00e9gzett egy vezet\u0151 tanfolyamot ami ut\u00e1n az MNSZ vezet\u0151s\u00e9gi tagjak\u00e9nt [&hellip;]<\/p>\n","protected":false},"featured_media":0,"comment_status":"open","ping_status":"closed","template":"","meta":[],"product_brand":[],"product_cat":[137],"product_tag":[],"class_list":{"0":"post-25236","1":"product","2":"type-product","3":"status-publish","5":"product_cat-maros-megyei-eletrajzi-lexikon","7":"first","8":"instock","9":"shipping-taxable","10":"product-type-simple"},"_links":{"self":[{"href":"https:\/\/uj.adatbank.ro\/lexikon\/wp-json\/wp\/v2\/product\/25236","targetHints":{"allow":["GET"]}}],"collection":[{"href":"https:\/\/uj.adatbank.ro\/lexikon\/wp-json\/wp\/v2\/product"}],"about":[{"href":"https:\/\/uj.adatbank.ro\/lexikon\/wp-json\/wp\/v2\/types\/product"}],"replies":[{"embeddable":true,"href":"https:\/\/uj.adatbank.ro\/lexikon\/wp-json\/wp\/v2\/comments?post=25236"}],"wp:attachment":[{"href":"https:\/\/uj.adatbank.ro\/lexikon\/wp-json\/wp\/v2\/media?parent=25236"}],"wp:term":[{"taxonomy":"product_brand","embeddable":true,"href":"https:\/\/uj.adatbank.ro\/lexikon\/wp-json\/wp\/v2\/product_brand?post=25236"},{"taxonomy":"product_cat","embeddable":true,"href":"https:\/\/uj.adatbank.ro\/lexikon\/wp-json\/wp\/v2\/product_cat?post=25236"},{"taxonomy":"product_tag","embeddable":true,"href":"https:\/\/uj.adatbank.ro\/lexikon\/wp-json\/wp\/v2\/product_tag?post=25236"}],"curies":[{"name":"wp","href":"https:\/\/api.w.org\/{rel}","templated":true}]}}

<p>Szentivánlaborfalva (Kovászna m.), 1918. dec. 5. † Mv., 2008. szept. 12.: színész, irodalmi titkár, tanár. – Kv.-on érettségizett (1938), majd az Unit. Teológiai Akadémiát hallgatta (1938–41), eközben magánúton színművészeti tanulmányokat is folytatott; a bp.-i Színház- és Filmművészeti Főiskolán szerzett oklevelet (1944). Szovjet hadifogságban volt (1945–48). Elvégzett egy vezető tanfolyamot ami után az MNSZ vezetőségi tagjaként a m. sajtó országos felelőse, kv.-i Magyar Művészeti Intézet egyik létrehozója (1948–49), főtitkára (1949–50); utódintézményének a Szentgyörgyi István Színművészeti Intézetnek szintén főtitkára (1954–1957), a Mv-re áttelepült főiskola tanársegéde (1957–); közben a Maros MAT művészeti felügyelője (1957–60), a Szentgyörgyi István Színművészeti Int. Stúdió Színházának irodalmi titkára (1960–84); nyugdíjba vonulásáig (1984); Műsorfüzeteket, színlapokat szerkesztett (1949–84) az Intézet nyilvános vizsgaelőadásaira és szavalóestjeire. Tevékenysége összefonódott az intézet történetével. A kv.-i Protestáns Teológia meghívott előadótanára, ahol a beszédművészetet tanította (1987); az Unitárius Egyházi Főtanács tagja (1988), valamint a Maros-Küküllői Unit. Egyházkör felügyelő gondnoka (1988–). A bp.-i Színművészeti és Filmművészeti Kamara tagja, az RMDSZ tagja a felsővárosi körzet elnöke (1990–); az Összmagyar Testület és a M. Szellemi Védegylet tagja (1990–). Cikkei az: Új Élet, A Hét, Utunk, Korunk, Erdélyi Figyelő, Romániai Magyar Szó-ban. A színművészeti főiskola 40 évfordulója után megírta annak történetét. Kántor Lajos és Kötő József színháztörténete számára összeállította a főiskola stúdiószínházának műsorrendjét. –  <strong>F. m..:</strong> A Színművészeti Intézet története (Kézirat, 1987); Hadifogságban. Naplótöredékek, emlékfoszlányok 1944–1948, (Buk., 1995.). <br /><strong>– Irod.:</strong> Búcsú Zs. F.-től (Nú., 2008. szept. 16.); KKACs; Kuszálik; [Nekrológ] (Krónika, 2008. szept.16.); RMIL; RMKK; Zs. F.: 40 éves a m. nyelvű színészképzés Mv.-en (Erdélyi Figyelő, 1994, 3. sz.).</br></p>

<p>Szentivánlaborfalva (Kovászna m.), 1918. dec. 5. † Mv., 2008. szept. 12.: színész, irodalmi titkár, tanár. – Kv.-on érettségizett (1938), majd az Unit. Teológiai Akadémiát hallgatta (1938–41), eközben magánúton színművészeti tanulmányokat is folytatott; a bp.-i Színház- és Filmművészeti Főiskolán szerzett oklevelet (1944). Szovjet hadifogságban volt (1945–48). Elvégzett egy vezető tanfolyamot ami után az MNSZ vezetőségi tagjaként [&hellip;]</p>
