{"id":25243,"date":"2025-08-01T18:38:32","date_gmt":"2025-08-01T16:38:32","guid":{"rendered":"https:\/\/uj.adatbank.ro\/lexikon\/termek\/zsigmond-jozsef\/"},"modified":"2025-08-01T18:38:32","modified_gmt":"2025-08-01T16:38:32","slug":"zsigmond-jozsef","status":"publish","type":"product","link":"https:\/\/uj.adatbank.ro\/lexikon\/termek\/zsigmond-jozsef\/","title":{"rendered":"ZSIGMOND J\u00f3zsef"},"content":{"rendered":"<p>Abaf\u00e1ja, 1829. m\u00e1rc. 22. (v. 1825), \u2020\u00a0?: ref. igazgat\u00f3tan\u00edt\u00f3 \u2013 A mv.-i ref. f\u0151tanod\u00e1ban tanult (6. oszt.). Nemzet\u0151r (1848\u201349). Maross\u00e1rpatakon ref. k\u00e1ntortan\u00edt\u00f3 nyugd\u00edjaz\u00e1s\u00e1ig (1850. \u2013 1892. okt.). Tan\u00edt\u00f3i oklevelet hat hetes tanfolyam ut\u00e1n kapott (1876). K\u00e9t h\u00e1zass\u00e1g\u00e1b\u00f3l 8 gyermeke sz\u00fcletett. Ut\u00f3dja, Adorj\u00e1ni K\u00e1roly szerint neki k\u00f6sz\u00f6nhet\u0151 a k\u00f6zs\u00e9g szellemi-m\u0171vel\u0151d\u00e9si \u00e9lete. 40 \u00e9ven \u00e1t v\u00e9gezte n\u00e9poktat\u00e1s f\u00e1rads\u00e1gos munk\u00e1j\u00e1t is. A Protest\u00e1ns K\u00f6zl\u00f6ny 1892-ben megjelent sz\u00e1m\u00e1b\u00f3l megtudjuk, hogy az oktat\u00f3-nevel\u0151 munka mellett a \u201em\u00e9h\u00e9szet\u00e9rt \u00e9s a gy\u00fcm\u00f6lcstermeszt\u00e9s\u00e9rt is sikeresen f\u00e1radozik\u201d. <br \/><strong>\u2013 Irod.:<\/strong> Berekm\u00e9ri\u2013G\u00e1lfi, B\u00f6jthe Andor: A G\u00f6rg\u00e9nyi ev. ref. egyh\u00e1zmegye t\u00f6rt\u00e9nete [k\u00e9zirat].<\/br><\/p>\n","protected":false},"excerpt":{"rendered":"<p>Abaf\u00e1ja, 1829. m\u00e1rc. 22. (v. 1825), \u2020\u00a0?: ref. igazgat\u00f3tan\u00edt\u00f3 \u2013 A mv.-i ref. f\u0151tanod\u00e1ban tanult (6. oszt.). Nemzet\u0151r (1848\u201349). Maross\u00e1rpatakon ref. k\u00e1ntortan\u00edt\u00f3 nyugd\u00edjaz\u00e1s\u00e1ig (1850. \u2013 1892. okt.). Tan\u00edt\u00f3i oklevelet hat hetes tanfolyam ut\u00e1n kapott (1876). K\u00e9t h\u00e1zass\u00e1g\u00e1b\u00f3l 8 gyermeke sz\u00fcletett. Ut\u00f3dja, Adorj\u00e1ni K\u00e1roly szerint neki k\u00f6sz\u00f6nhet\u0151 a k\u00f6zs\u00e9g szellemi-m\u0171vel\u0151d\u00e9si \u00e9lete. 40 \u00e9ven \u00e1t v\u00e9gezte n\u00e9poktat\u00e1s [&hellip;]<\/p>\n","protected":false},"featured_media":0,"comment_status":"open","ping_status":"closed","template":"","meta":[],"product_brand":[],"product_cat":[137],"product_tag":[],"class_list":{"0":"post-25243","1":"product","2":"type-product","3":"status-publish","5":"product_cat-maros-megyei-eletrajzi-lexikon","7":"first","8":"instock","9":"shipping-taxable","10":"product-type-simple"},"_links":{"self":[{"href":"https:\/\/uj.adatbank.ro\/lexikon\/wp-json\/wp\/v2\/product\/25243","targetHints":{"allow":["GET"]}}],"collection":[{"href":"https:\/\/uj.adatbank.ro\/lexikon\/wp-json\/wp\/v2\/product"}],"about":[{"href":"https:\/\/uj.adatbank.ro\/lexikon\/wp-json\/wp\/v2\/types\/product"}],"replies":[{"embeddable":true,"href":"https:\/\/uj.adatbank.ro\/lexikon\/wp-json\/wp\/v2\/comments?post=25243"}],"wp:attachment":[{"href":"https:\/\/uj.adatbank.ro\/lexikon\/wp-json\/wp\/v2\/media?parent=25243"}],"wp:term":[{"taxonomy":"product_brand","embeddable":true,"href":"https:\/\/uj.adatbank.ro\/lexikon\/wp-json\/wp\/v2\/product_brand?post=25243"},{"taxonomy":"product_cat","embeddable":true,"href":"https:\/\/uj.adatbank.ro\/lexikon\/wp-json\/wp\/v2\/product_cat?post=25243"},{"taxonomy":"product_tag","embeddable":true,"href":"https:\/\/uj.adatbank.ro\/lexikon\/wp-json\/wp\/v2\/product_tag?post=25243"}],"curies":[{"name":"wp","href":"https:\/\/api.w.org\/{rel}","templated":true}]}}

ZSIGMOND József

<p>Abafája, 1829. márc. 22. (v. 1825), † ?: ref. igazgatótanító – A mv.-i ref. főtanodában tanult (6. oszt.). Nemzetőr (1848–49). Marossárpatakon ref. kántortanító nyugdíjazásáig (1850. – 1892. okt.). Tanítói oklevelet hat hetes tanfolyam után kapott (1876). Két házasságából 8 gyermeke született. Utódja, Adorjáni Károly szerint neki köszönhető a község szellemi-művelődési élete. 40 éven át végezte népoktatás fáradságos munkáját is. A Protestáns Közlöny 1892-ben megjelent számából megtudjuk, hogy az oktató-nevelő munka mellett a „méhészetért és a gyümölcstermesztésért is sikeresen fáradozik”. <br /><strong>– Irod.:</strong> Berekméri–Gálfi, Böjthe Andor: A Görgényi ev. ref. egyházmegye története [kézirat].</br></p>

<p>Abafája, 1829. márc. 22. (v. 1825), † ?: ref. igazgatótanító – A mv.-i ref. főtanodában tanult (6. oszt.). Nemzetőr (1848–49). Marossárpatakon ref. kántortanító nyugdíjazásáig (1850. – 1892. okt.). Tanítói oklevelet hat hetes tanfolyam után kapott (1876). Két házasságából 8 gyermeke született. Utódja, Adorjáni Károly szerint neki köszönhető a község szellemi-művelődési élete. 40 éven át végezte népoktatás [&hellip;]</p>
