{"id":25245,"date":"2025-08-01T18:38:38","date_gmt":"2025-08-01T16:38:38","guid":{"rendered":"https:\/\/uj.adatbank.ro\/lexikon\/termek\/zsigmond-jozsef-3\/"},"modified":"2025-08-01T18:38:38","modified_gmt":"2025-08-01T16:38:38","slug":"zsigmond-jozsef-3","status":"publish","type":"product","link":"https:\/\/uj.adatbank.ro\/lexikon\/termek\/zsigmond-jozsef-3\/","title":{"rendered":"ZSIGMOND J\u00f3zsef"},"content":{"rendered":"<p>? \u2020 Balav\u00e1s\u00e1r, 1919 nov.14.: ref. k\u00e1ntortan\u00edt\u00f3. \u2013 Balav\u00e1s\u00e1rra a gy\u00fclekezet h\u00edvta meg (1893. m\u00e1j. 30). A tan\u00edt\u00e1s neh\u00e9zs\u00e9gekbe \u00fctk\u00f6z\u00f6tt, mert nagy volt a tanul\u00f3k l\u00e9tsz\u00e1ma (1896: 145), s b\u00e1r b\u0151v\u00edtette az iskol\u00e1t, m\u00e9gsem volt el\u00e9g nagy, \u00e9s egyetlen taner\u0151 nem tudott eredm\u00e9nyesen dolgozni. M\u00e1s ki\u00fat nem volt, az iskol\u00e1t \u00e1llamos\u00edtani kellett, \u00e9s \u0151 lett az els\u0151 igazgat\u00f3tan\u00edt\u00f3, de a k\u00e1ntori munk\u00e1t is v\u00e9gezte. J\u00f3 dal\u00e1rd\u00e1t szervezett a faluban (1897), \u00e9s kiv\u00e1l\u00f3 orgonaszak\u00e9rt\u0151 is volt. Azt is kiharcolta, hogy harm\u00f3niumot v\u00e1s\u00e1roljanak a templomba. Ezen k\u00edv\u00fcl \u00e9rtett az asztalos \u00e9s kerekes mesters\u00e9ghez is. Az imp\u00e9riumv\u00e1ltoz\u00e1s ut\u00e1n rosszakar\u00f3i fegyverrejteget\u00e9s v\u00e1dj\u00e1val feljelentett\u00e9k (ifj\u00fa kor\u00e1ban val\u00f3ban vad\u00e1szott, \u00e9s az a fegyvere volt meg). Meghurcolt\u00e1k, bez\u00e1rt\u00e1k. Eg\u00e9szs\u00e9ge annyira megrokkant, hogy miut\u00e1n hazaengedt\u00e9k, n\u00e9h\u00e1ny h\u00f3nap m\u00falva meghalt. <br \/><strong>\u2013 Irod.:<\/strong> Balav\u00e1s\u00e1r \u00e9s egyh\u00e1za.<\/br><\/p>\n","protected":false},"excerpt":{"rendered":"<p>? \u2020 Balav\u00e1s\u00e1r, 1919 nov.14.: ref. k\u00e1ntortan\u00edt\u00f3. \u2013 Balav\u00e1s\u00e1rra a gy\u00fclekezet h\u00edvta meg (1893. m\u00e1j. 30). A tan\u00edt\u00e1s neh\u00e9zs\u00e9gekbe \u00fctk\u00f6z\u00f6tt, mert nagy volt a tanul\u00f3k l\u00e9tsz\u00e1ma (1896: 145), s b\u00e1r b\u0151v\u00edtette az iskol\u00e1t, m\u00e9gsem volt el\u00e9g nagy, \u00e9s egyetlen taner\u0151 nem tudott eredm\u00e9nyesen dolgozni. M\u00e1s ki\u00fat nem volt, az iskol\u00e1t \u00e1llamos\u00edtani kellett, \u00e9s \u0151 lett [&hellip;]<\/p>\n","protected":false},"featured_media":0,"comment_status":"open","ping_status":"closed","template":"","meta":[],"product_brand":[],"product_cat":[137],"product_tag":[],"class_list":{"0":"post-25245","1":"product","2":"type-product","3":"status-publish","5":"product_cat-maros-megyei-eletrajzi-lexikon","7":"first","8":"instock","9":"shipping-taxable","10":"product-type-simple"},"_links":{"self":[{"href":"https:\/\/uj.adatbank.ro\/lexikon\/wp-json\/wp\/v2\/product\/25245","targetHints":{"allow":["GET"]}}],"collection":[{"href":"https:\/\/uj.adatbank.ro\/lexikon\/wp-json\/wp\/v2\/product"}],"about":[{"href":"https:\/\/uj.adatbank.ro\/lexikon\/wp-json\/wp\/v2\/types\/product"}],"replies":[{"embeddable":true,"href":"https:\/\/uj.adatbank.ro\/lexikon\/wp-json\/wp\/v2\/comments?post=25245"}],"wp:attachment":[{"href":"https:\/\/uj.adatbank.ro\/lexikon\/wp-json\/wp\/v2\/media?parent=25245"}],"wp:term":[{"taxonomy":"product_brand","embeddable":true,"href":"https:\/\/uj.adatbank.ro\/lexikon\/wp-json\/wp\/v2\/product_brand?post=25245"},{"taxonomy":"product_cat","embeddable":true,"href":"https:\/\/uj.adatbank.ro\/lexikon\/wp-json\/wp\/v2\/product_cat?post=25245"},{"taxonomy":"product_tag","embeddable":true,"href":"https:\/\/uj.adatbank.ro\/lexikon\/wp-json\/wp\/v2\/product_tag?post=25245"}],"curies":[{"name":"wp","href":"https:\/\/api.w.org\/{rel}","templated":true}]}}

ZSIGMOND József

<p>? † Balavásár, 1919 nov.14.: ref. kántortanító. – Balavásárra a gyülekezet hívta meg (1893. máj. 30). A tanítás nehézségekbe ütközött, mert nagy volt a tanulók létszáma (1896: 145), s bár bővítette az iskolát, mégsem volt elég nagy, és egyetlen tanerő nem tudott eredményesen dolgozni. Más kiút nem volt, az iskolát államosítani kellett, és ő lett az első igazgatótanító, de a kántori munkát is végezte. Jó dalárdát szervezett a faluban (1897), és kiváló orgonaszakértő is volt. Azt is kiharcolta, hogy harmóniumot vásároljanak a templomba. Ezen kívül értett az asztalos és kerekes mesterséghez is. Az impériumváltozás után rosszakarói fegyverrejtegetés vádjával feljelentették (ifjú korában valóban vadászott, és az a fegyvere volt meg). Meghurcolták, bezárták. Egészsége annyira megrokkant, hogy miután hazaengedték, néhány hónap múlva meghalt. <br /><strong>– Irod.:</strong> Balavásár és egyháza.</br></p>

<p>? † Balavásár, 1919 nov.14.: ref. kántortanító. – Balavásárra a gyülekezet hívta meg (1893. máj. 30). A tanítás nehézségekbe ütközött, mert nagy volt a tanulók létszáma (1896: 145), s bár bővítette az iskolát, mégsem volt elég nagy, és egyetlen tanerő nem tudott eredményesen dolgozni. Más kiút nem volt, az iskolát államosítani kellett, és ő lett [&hellip;]</p>
