{"id":25246,"date":"2025-08-01T18:38:40","date_gmt":"2025-08-01T16:38:40","guid":{"rendered":"https:\/\/uj.adatbank.ro\/lexikon\/termek\/zsigmond-jozsef-4\/"},"modified":"2025-08-01T18:38:40","modified_gmt":"2025-08-01T16:38:40","slug":"zsigmond-jozsef-4","status":"publish","type":"product","link":"https:\/\/uj.adatbank.ro\/lexikon\/termek\/zsigmond-jozsef-4\/","title":{"rendered":"ZSIGMOND J\u00f3zsef"},"content":{"rendered":"<p>Magyar\u00f3, 1919. aug. 31., \u2020 Mv., 2001. szept. 30.: faipari szakember, n\u00e9prajzkutat\u00f3, erd\u00e9szeti szak\u00edr\u00f3. \u2013 Elemi iskol\u00e1it sz\u00fcl\u0151faluj\u00e1ban v\u00e9gezte, majd erd\u0151munk\u00e1s volt a G\u00f6rg\u00e9nyi- \u00e9s Kelemen-havasokban (\u20131940). Katonas\u00e1g alatt mag\u00e1ntanul\u00f3k\u00e9nt elv\u00e9gezte Mv.-en a K\u0151r\u00f6si Csoma S\u00e1ndor Polg\u00e1ri Fi\u00faiskol\u00e1t (1944), k\u00e9s\u0151bb a Bolyai Farkas L\u00edceumban \u00e9retts\u00e9gizett (1961). A II. vh.-ban a keleti fronton harcolt, Szib\u00e9ri\u00e1ban volt hadifogoly (1944\u20131948), napl\u00f3t vezetett, annak alapj\u00e1n k\u00e9s\u0151bb rekonstru\u00e1lta \u00e9s meg\u00edrta a fogs\u00e1gi \u00e9let\u00fcket (2002). Hazat\u00e9rve Mv.-en az MNSZ megyei szervezet\u00e9n\u00e9l dolgozott tisztvisel\u0151k\u00e9nt (1948\u201350); a mv.-i Faipari Tr\u00f6szt alkalmazottja (1950\u201352), ahol egys\u00e9g, majd oszt\u00e1lyvezet\u0151; Ratosny\u00e1n, ill. Szov\u00e1t\u00e1n az ottani r\u00e9szlegek igazgat\u00f3ja (1953\u201359). K\u00f6zben a Cs\u00edkszeredai Faipari Technikum levelez\u0151 tagozat\u00e1n erd\u0151mesteri oklevelet szerzett (1958). Nyugd\u00edjas (1968\u2013). T\u00f6bb mint 200 erd\u00e9szeti t\u00e1rgy\u00fa cikket k\u00f6z\u00f6lt, erd\u00e9szeti el\u0151ad\u00e1sokat \u00edrt tov\u00e1bbk\u00e9pz\u0151 tanfolyamok r\u00e9sz\u00e9re a fakitermel\u00e9s g\u00e9pes\u00edt\u00e9s\u00e9r\u0151l, a fa komplex felhaszn\u00e1l\u00e1s\u00e1r\u00f3l \u00e9s \u00e9rt\u00e9kes\u00edt\u00e9s\u00e9r\u0151l. Szerkesztette a Szov\u00e1t\u00e1n megjelen\u0151 Erdei Visszhang c. \u00fczemi lapot. T\u00f6bb \u00e9vtizeden \u00e1t gy\u0171jt\u00f6tte a sz\u00fcl\u0151faluja n\u00e9p\u00e9let\u00e9re \u00e9s n\u00e9phagyom\u00e1nyaira vonatkoz\u00f3 anyagot, m\u00edg az \u00daj \u00c9letben \u00e9s a V\u00f6r\u00f6s Z\u00e1szl\u00f3ban (1971\u201372) hozz\u00e1kezdett k\u00f6zz\u00e9t\u00e9tel\u00e9hez. K\u00f6z\u00f6lt m\u00e9g a M\u0171vel\u0151d\u00e9s, N\u00e9pismereti Dolgozatok (1978, 1980), Korunk \u00c9vk\u00f6nyve (1979), KJNT \u00c9vk\u00f6nyve 1. (Kv., 1993), KJNT \u00c9vk\u00f6nyve 3. (Kv., 1995), KJNT \u00c9vk\u00f6nyve 7. (1999). Magyar\u00f3i havaslak\u00f3k c. t\u00e9m\u00e1s t\u00e1ncj\u00e1t\u00e9k\u00e1t a M\u0171vel\u0151d\u00e9s J\u00e1t\u00e9ksz\u00edn mell\u00e9klete k\u00f6z\u00f6lte (1980\/1). K\u00e9ziratban: A s\u00f3vid\u00e9ki erd\u0151gazd\u00e1lkod\u00e1s \u00e9s faipar t\u00f6rt\u00e9nete. A n\u00e9pi vadfog\u00e1s Fels\u0151-Maros-menti eml\u00e9kei, A magyar\u00f3i n\u00e9pi t\u00e1pl\u00e1lkoz\u00e1s gazdas\u00e1gi \u00e9s t\u00e1rsadalmi vonatkoz\u00e1sai \u2013  <strong>F. m..:<\/strong>  <strong>t\u00e1rssz.:<\/strong> A b\u00e1bj\u00e1t\u00e9k k\u00e9zik\u00f6nyve. (Antal P\u00e1llal. A rajzokat k\u00e9sz\u00edtette: Haller J\u00f3zsef, Ambrus Imre, D\u00e1vid Eliz; Mv., 1963), N\u00e9pismereti dolgozatok (Buk., 1978, 1980), Magyar\u00f3 \u00e9nekes n\u00e9pzen\u00e9je (Palk\u00f3 Attil\u00e1val, Buk., 1984); Fels\u0151-Maros-vid\u00e9ki varrottasok (Palk\u00f3 Attil\u00e1val, Portik Ir\u00e9nnel, Buk., 1985); Magyar\u00f3 n\u00e9phagyom\u00e1nyaib\u00f3l Szemelv\u00e9nyek (Palk\u00f3 Attila, Mv., 1996); Magyar\u00f3 n\u00e9phagyom\u00e1nyaib\u00f3l. Kismesters\u00e9gek (Palk\u00f3 Attil\u00e1val, Mv., 1998); Ap\u00e1m nyom\u00e1n Szib\u00e9ri\u00e1ban: Az \u00e9n h\u00e1bor\u00fam \u00e9s fogs\u00e1gom t\u00f6rt\u00e9net\u00e9b\u0151l, 1944\u20131948 (Mv., 2002). <br \/><strong>\u2013 Irod.:<\/strong> B\u00f6lcs\u0151ringat\u00f3; K\u00e1d\u00e1r Zsombor: A havasol\u00e1s = K\u00e1d\u00e1r Zsombor: Sz\u00e9kelyf\u00f6ldi erd\u00e9szeti arck\u00e9pcsarnok (Bp., 1999); RMIL; RMKK.<\/br><\/p>\n","protected":false},"excerpt":{"rendered":"<p>Magyar\u00f3, 1919. aug. 31., \u2020 Mv., 2001. szept. 30.: faipari szakember, n\u00e9prajzkutat\u00f3, erd\u00e9szeti szak\u00edr\u00f3. \u2013 Elemi iskol\u00e1it sz\u00fcl\u0151faluj\u00e1ban v\u00e9gezte, majd erd\u0151munk\u00e1s volt a G\u00f6rg\u00e9nyi- \u00e9s Kelemen-havasokban (\u20131940). Katonas\u00e1g alatt mag\u00e1ntanul\u00f3k\u00e9nt elv\u00e9gezte Mv.-en a K\u0151r\u00f6si Csoma S\u00e1ndor Polg\u00e1ri Fi\u00faiskol\u00e1t (1944), k\u00e9s\u0151bb a Bolyai Farkas L\u00edceumban \u00e9retts\u00e9gizett (1961). A II. vh.-ban a keleti fronton harcolt, Szib\u00e9ri\u00e1ban volt [&hellip;]<\/p>\n","protected":false},"featured_media":0,"comment_status":"open","ping_status":"closed","template":"","meta":[],"product_brand":[],"product_cat":[137],"product_tag":[],"class_list":{"0":"post-25246","1":"product","2":"type-product","3":"status-publish","5":"product_cat-maros-megyei-eletrajzi-lexikon","7":"first","8":"instock","9":"shipping-taxable","10":"product-type-simple"},"_links":{"self":[{"href":"https:\/\/uj.adatbank.ro\/lexikon\/wp-json\/wp\/v2\/product\/25246","targetHints":{"allow":["GET"]}}],"collection":[{"href":"https:\/\/uj.adatbank.ro\/lexikon\/wp-json\/wp\/v2\/product"}],"about":[{"href":"https:\/\/uj.adatbank.ro\/lexikon\/wp-json\/wp\/v2\/types\/product"}],"replies":[{"embeddable":true,"href":"https:\/\/uj.adatbank.ro\/lexikon\/wp-json\/wp\/v2\/comments?post=25246"}],"wp:attachment":[{"href":"https:\/\/uj.adatbank.ro\/lexikon\/wp-json\/wp\/v2\/media?parent=25246"}],"wp:term":[{"taxonomy":"product_brand","embeddable":true,"href":"https:\/\/uj.adatbank.ro\/lexikon\/wp-json\/wp\/v2\/product_brand?post=25246"},{"taxonomy":"product_cat","embeddable":true,"href":"https:\/\/uj.adatbank.ro\/lexikon\/wp-json\/wp\/v2\/product_cat?post=25246"},{"taxonomy":"product_tag","embeddable":true,"href":"https:\/\/uj.adatbank.ro\/lexikon\/wp-json\/wp\/v2\/product_tag?post=25246"}],"curies":[{"name":"wp","href":"https:\/\/api.w.org\/{rel}","templated":true}]}}

ZSIGMOND József

<p>Magyaró, 1919. aug. 31., † Mv., 2001. szept. 30.: faipari szakember, néprajzkutató, erdészeti szakíró. – Elemi iskoláit szülőfalujában végezte, majd erdőmunkás volt a Görgényi- és Kelemen-havasokban (–1940). Katonaság alatt magántanulóként elvégezte Mv.-en a Kőrösi Csoma Sándor Polgári Fiúiskolát (1944), később a Bolyai Farkas Líceumban érettségizett (1961). A II. vh.-ban a keleti fronton harcolt, Szibériában volt hadifogoly (1944–1948), naplót vezetett, annak alapján később rekonstruálta és megírta a fogsági életüket (2002). Hazatérve Mv.-en az MNSZ megyei szervezeténél dolgozott tisztviselőként (1948–50); a mv.-i Faipari Tröszt alkalmazottja (1950–52), ahol egység, majd osztályvezető; Ratosnyán, ill. Szovátán az ottani részlegek igazgatója (1953–59). Közben a Csíkszeredai Faipari Technikum levelező tagozatán erdőmesteri oklevelet szerzett (1958). Nyugdíjas (1968–). Több mint 200 erdészeti tárgyú cikket közölt, erdészeti előadásokat írt továbbképző tanfolyamok részére a fakitermelés gépesítéséről, a fa komplex felhasználásáról és értékesítéséről. Szerkesztette a Szovátán megjelenő Erdei Visszhang c. üzemi lapot. Több évtizeden át gyűjtötte a szülőfaluja népéletére és néphagyományaira vonatkozó anyagot, míg az Új Életben és a Vörös Zászlóban (1971–72) hozzákezdett közzétételéhez. Közölt még a Művelődés, Népismereti Dolgozatok (1978, 1980), Korunk Évkönyve (1979), KJNT Évkönyve 1. (Kv., 1993), KJNT Évkönyve 3. (Kv., 1995), KJNT Évkönyve 7. (1999). Magyarói havaslakók c. témás táncjátékát a Művelődés Játékszín melléklete közölte (1980/1). Kéziratban: A sóvidéki erdőgazdálkodás és faipar története. A népi vadfogás Felső-Maros-menti emlékei, A magyarói népi táplálkozás gazdasági és társadalmi vonatkozásai –  <strong>F. m..:</strong>  <strong>társsz.:</strong> A bábjáték kézikönyve. (Antal Pállal. A rajzokat készítette: Haller József, Ambrus Imre, Dávid Eliz; Mv., 1963), Népismereti dolgozatok (Buk., 1978, 1980), Magyaró énekes népzenéje (Palkó Attilával, Buk., 1984); Felső-Maros-vidéki varrottasok (Palkó Attilával, Portik Irénnel, Buk., 1985); Magyaró néphagyományaiból Szemelvények (Palkó Attila, Mv., 1996); Magyaró néphagyományaiból. Kismesterségek (Palkó Attilával, Mv., 1998); Apám nyomán Szibériában: Az én háborúm és fogságom történetéből, 1944–1948 (Mv., 2002). <br /><strong>– Irod.:</strong> Bölcsőringató; Kádár Zsombor: A havasolás = Kádár Zsombor: Székelyföldi erdészeti arcképcsarnok (Bp., 1999); RMIL; RMKK.</br></p>

<p>Magyaró, 1919. aug. 31., † Mv., 2001. szept. 30.: faipari szakember, néprajzkutató, erdészeti szakíró. – Elemi iskoláit szülőfalujában végezte, majd erdőmunkás volt a Görgényi- és Kelemen-havasokban (–1940). Katonaság alatt magántanulóként elvégezte Mv.-en a Kőrösi Csoma Sándor Polgári Fiúiskolát (1944), később a Bolyai Farkas Líceumban érettségizett (1961). A II. vh.-ban a keleti fronton harcolt, Szibériában volt [&hellip;]</p>
