{"id":25248,"date":"2025-08-01T18:38:44","date_gmt":"2025-08-01T16:38:44","guid":{"rendered":"https:\/\/uj.adatbank.ro\/lexikon\/termek\/zsigmond-kalman\/"},"modified":"2025-08-01T18:38:44","modified_gmt":"2025-08-01T16:38:44","slug":"zsigmond-kalman","status":"publish","type":"product","link":"https:\/\/uj.adatbank.ro\/lexikon\/termek\/zsigmond-kalman\/","title":{"rendered":"ZSIGMOND K\u00e1lm\u00e1n"},"content":{"rendered":"<p>Makfalva, 1938. nov. 8. \u2020 Makfalva, 1996.: tan\u00e1r. \u2013 Elemi isk. a sz\u00fcl\u0151faluban, l\u00edc.-ot Mv.-en a Bolyaiban, ugyanott k\u00e9t\u00e9ves Tan\u00edt\u00f3k\u00e9pz\u0151 F\u0151isk.-t v\u00e9gzett. Tan\u00edt\u00f3i munk\u00e1j\u00e1t Ily\u00e9smez\u0151n (Maros) kezdte, ahol 8 \u00e9vig sikeresen m\u0171k\u00f6d\u00f6tt. Mag\u00e1n\u00faton v\u00e9gezte el Mv.-en a Tan\u00e1rk\u00e9pz\u0151 F\u0151iskola m.-rom\u00e1n nyelv \u00e9s irod. szak\u00e1t. A f\u0151iskola elv\u00e9gz\u00e9se ut\u00e1n hazak\u00f6lt\u00f6z\u00f6tt Makfalv\u00e1ra (1966\u2013). Hat \u00e9vig a m\u0171vel\u0151d\u00e9si otthon igazgat\u00f3ja. Felavatt\u00e1k az \u00fajonnan fel\u00e9p\u00fclt kult\u00farotthont. Szakszer\u0171en t\u00e1mogatta a sz\u00ednj\u00e1tsz\u00f3-, t\u00e1nccsoportok \u00e9s a dal\u00e1rda szervez\u00e9s\u00e9t \u00e9s vezet\u00e9s\u00e9t, m\u0171kedvel\u0151k\u00e9nt is. M\u0171k\u00f6d\u00e9se alatt sok d\u00edjat nyertek k\u00fcl\u00f6nb\u00f6z\u0151 versenyeken. K\u00f6zs\u00e9gk\u00f6zponti iskolaigazgat\u00f3 (1974\u201384), 6 iskola, 5 \u00f3voda m\u0171k\u00f6d\u00f6tt a k\u00f6zs\u00e9gben k\u00f6zel 1000 gyermekkel, 60 taner\u0151vel. L\u00e9trehozta a 40 tanul\u00f3t befogad\u00f3 bentlak\u00e1st, \u00e9tkezd\u00e9t. Igazgat\u00e1sa ideje alatt \u00e9p\u00fclt fel a g\u00e1lkerti iskola egyik sz\u00e1rnya, amit t\u00f6bbnyire k\u00f6zmunk\u00e1val val\u00f3s\u00edtottak meg. A rendszerv\u00e1ltoz\u00e1s ut\u00e1n polg\u00e1rmesterr\u00e9 v\u00e1lasztott\u00e1k, ami azokban a zavaros id\u0151kben szint\u00e9n emberpr\u00f3b\u00e1l\u00f3 feladat volt (1989\u2013). Legnagyobb gondot a f\u00f6ldbirtokok visszaszolg\u00e1ltat\u00e1sa okozta. Aut\u00f3balesetben hunyt el. Hal\u00e1la ut\u00e1n a mo.-i P\u00fcsp\u00f6klad\u00e1ny \u00d6nkorm\u00e1nyzata a v\u00e1ros d\u00edszpolg\u00e1r\u00e1v\u00e1 avatta az\u00e9rt az \u00e9rt\u00e9kes tev\u00e9kenys\u00e9g\u00e9\u00e9rt, amit Makfalva \u00e9rdek\u00e9ben fejtett ki. <br \/><strong>\u2013 Irod.:<\/strong> Gligor R\u00f3bert L\u00e1szl\u00f3: Vezet\u0151inek \u00e1ll\u00edtott koopjaf\u00e1t Makfalva (V\u00e1s\u00e1rhelyi H\u00edrlap, 2016. m\u00e1j. 31.); Makfalvi okt. t\u00f6rt.<\/br><\/p>\n","protected":false},"excerpt":{"rendered":"<p>Makfalva, 1938. nov. 8. \u2020 Makfalva, 1996.: tan\u00e1r. \u2013 Elemi isk. a sz\u00fcl\u0151faluban, l\u00edc.-ot Mv.-en a Bolyaiban, ugyanott k\u00e9t\u00e9ves Tan\u00edt\u00f3k\u00e9pz\u0151 F\u0151isk.-t v\u00e9gzett. Tan\u00edt\u00f3i munk\u00e1j\u00e1t Ily\u00e9smez\u0151n (Maros) kezdte, ahol 8 \u00e9vig sikeresen m\u0171k\u00f6d\u00f6tt. Mag\u00e1n\u00faton v\u00e9gezte el Mv.-en a Tan\u00e1rk\u00e9pz\u0151 F\u0151iskola m.-rom\u00e1n nyelv \u00e9s irod. szak\u00e1t. A f\u0151iskola elv\u00e9gz\u00e9se ut\u00e1n hazak\u00f6lt\u00f6z\u00f6tt Makfalv\u00e1ra (1966\u2013). Hat \u00e9vig a m\u0171vel\u0151d\u00e9si [&hellip;]<\/p>\n","protected":false},"featured_media":0,"comment_status":"open","ping_status":"closed","template":"","meta":[],"product_brand":[],"product_cat":[137],"product_tag":[],"class_list":{"0":"post-25248","1":"product","2":"type-product","3":"status-publish","5":"product_cat-maros-megyei-eletrajzi-lexikon","7":"first","8":"instock","9":"shipping-taxable","10":"product-type-simple"},"_links":{"self":[{"href":"https:\/\/uj.adatbank.ro\/lexikon\/wp-json\/wp\/v2\/product\/25248","targetHints":{"allow":["GET"]}}],"collection":[{"href":"https:\/\/uj.adatbank.ro\/lexikon\/wp-json\/wp\/v2\/product"}],"about":[{"href":"https:\/\/uj.adatbank.ro\/lexikon\/wp-json\/wp\/v2\/types\/product"}],"replies":[{"embeddable":true,"href":"https:\/\/uj.adatbank.ro\/lexikon\/wp-json\/wp\/v2\/comments?post=25248"}],"wp:attachment":[{"href":"https:\/\/uj.adatbank.ro\/lexikon\/wp-json\/wp\/v2\/media?parent=25248"}],"wp:term":[{"taxonomy":"product_brand","embeddable":true,"href":"https:\/\/uj.adatbank.ro\/lexikon\/wp-json\/wp\/v2\/product_brand?post=25248"},{"taxonomy":"product_cat","embeddable":true,"href":"https:\/\/uj.adatbank.ro\/lexikon\/wp-json\/wp\/v2\/product_cat?post=25248"},{"taxonomy":"product_tag","embeddable":true,"href":"https:\/\/uj.adatbank.ro\/lexikon\/wp-json\/wp\/v2\/product_tag?post=25248"}],"curies":[{"name":"wp","href":"https:\/\/api.w.org\/{rel}","templated":true}]}}

ZSIGMOND Kálmán

<p>Makfalva, 1938. nov. 8. † Makfalva, 1996.: tanár. – Elemi isk. a szülőfaluban, líc.-ot Mv.-en a Bolyaiban, ugyanott kétéves Tanítóképző Főisk.-t végzett. Tanítói munkáját Ilyésmezőn (Maros) kezdte, ahol 8 évig sikeresen működött. Magánúton végezte el Mv.-en a Tanárképző Főiskola m.-román nyelv és irod. szakát. A főiskola elvégzése után hazaköltözött Makfalvára (1966–). Hat évig a művelődési otthon igazgatója. Felavatták az újonnan felépült kultúrotthont. Szakszerűen támogatta a színjátszó-, tánccsoportok és a dalárda szervezését és vezetését, műkedvelőként is. Működése alatt sok díjat nyertek különböző versenyeken. Községközponti iskolaigazgató (1974–84), 6 iskola, 5 óvoda működött a községben közel 1000 gyermekkel, 60 tanerővel. Létrehozta a 40 tanulót befogadó bentlakást, étkezdét. Igazgatása ideje alatt épült fel a gálkerti iskola egyik szárnya, amit többnyire közmunkával valósítottak meg. A rendszerváltozás után polgármesterré választották, ami azokban a zavaros időkben szintén emberpróbáló feladat volt (1989–). Legnagyobb gondot a földbirtokok visszaszolgáltatása okozta. Autóbalesetben hunyt el. Halála után a mo.-i Püspökladány Önkormányzata a város díszpolgárává avatta azért az értékes tevékenységéért, amit Makfalva érdekében fejtett ki. <br /><strong>– Irod.:</strong> Gligor Róbert László: Vezetőinek állított koopjafát Makfalva (Vásárhelyi Hírlap, 2016. máj. 31.); Makfalvi okt. tört.</br></p>

<p>Makfalva, 1938. nov. 8. † Makfalva, 1996.: tanár. – Elemi isk. a szülőfaluban, líc.-ot Mv.-en a Bolyaiban, ugyanott kétéves Tanítóképző Főisk.-t végzett. Tanítói munkáját Ilyésmezőn (Maros) kezdte, ahol 8 évig sikeresen működött. Magánúton végezte el Mv.-en a Tanárképző Főiskola m.-román nyelv és irod. szakát. A főiskola elvégzése után hazaköltözött Makfalvára (1966–). Hat évig a művelődési [&hellip;]</p>
