{"id":25249,"date":"2025-08-01T18:38:47","date_gmt":"2025-08-01T16:38:47","guid":{"rendered":"https:\/\/uj.adatbank.ro\/lexikon\/termek\/zsigmond-karoly-lemhenyi\/"},"modified":"2025-08-01T18:38:47","modified_gmt":"2025-08-01T16:38:47","slug":"zsigmond-karoly-lemhenyi","status":"publish","type":"product","link":"https:\/\/uj.adatbank.ro\/lexikon\/termek\/zsigmond-karoly-lemhenyi\/","title":{"rendered":"ZSIGMOND K\u00e1roly, lemh\u00e9nyi"},"content":{"rendered":"<p>Csiba, 1890., \u2020\u00a0?: f\u00f6ldbirtokos. \u2013 \u00d6n\u00e1ll\u00f3an gazd\u00e1lkodott 50 hold birtok\u00e1n. Az els\u0151 vh.-ban a 12. h. ezredben mint \u0151rmester k\u00fczd\u00f6tt. R\u00e9szt vett a k\u00f6zs\u00e9g sz\u00f6vetkezeteinek megalap\u00edt\u00e1s\u00e1ban \u00e9s a Gazdak\u00f6rnek is tagja, k\u00f6zs\u00e9gi b\u00edr\u00f3 volt. A csal\u00e1d csibai udvarh\u00e1za ma is \u00e1ll. <br \/><strong>\u2013 Irod.:<\/strong> Keresztes Gyula: \u00d6r\u00f6ks\u00e9g\u00fcnk 81.: A csibai udvarh\u00e1zak (N\u00fa., 1995. aug. 12.); Sz\u00e9kelyf\u00f6ld \u00ed. k.<\/br><\/p>\n","protected":false},"excerpt":{"rendered":"<p>Csiba, 1890., \u2020\u00a0?: f\u00f6ldbirtokos. \u2013 \u00d6n\u00e1ll\u00f3an gazd\u00e1lkodott 50 hold birtok\u00e1n. Az els\u0151 vh.-ban a 12. h. ezredben mint \u0151rmester k\u00fczd\u00f6tt. R\u00e9szt vett a k\u00f6zs\u00e9g sz\u00f6vetkezeteinek megalap\u00edt\u00e1s\u00e1ban \u00e9s a Gazdak\u00f6rnek is tagja, k\u00f6zs\u00e9gi b\u00edr\u00f3 volt. A csal\u00e1d csibai udvarh\u00e1za ma is \u00e1ll. \u2013 Irod.: Keresztes Gyula: \u00d6r\u00f6ks\u00e9g\u00fcnk 81.: A csibai udvarh\u00e1zak (N\u00fa., 1995. aug. 12.); Sz\u00e9kelyf\u00f6ld [&hellip;]<\/p>\n","protected":false},"featured_media":0,"comment_status":"open","ping_status":"closed","template":"","meta":[],"product_brand":[],"product_cat":[137],"product_tag":[],"class_list":{"0":"post-25249","1":"product","2":"type-product","3":"status-publish","5":"product_cat-maros-megyei-eletrajzi-lexikon","7":"first","8":"instock","9":"shipping-taxable","10":"product-type-simple"},"_links":{"self":[{"href":"https:\/\/uj.adatbank.ro\/lexikon\/wp-json\/wp\/v2\/product\/25249","targetHints":{"allow":["GET"]}}],"collection":[{"href":"https:\/\/uj.adatbank.ro\/lexikon\/wp-json\/wp\/v2\/product"}],"about":[{"href":"https:\/\/uj.adatbank.ro\/lexikon\/wp-json\/wp\/v2\/types\/product"}],"replies":[{"embeddable":true,"href":"https:\/\/uj.adatbank.ro\/lexikon\/wp-json\/wp\/v2\/comments?post=25249"}],"wp:attachment":[{"href":"https:\/\/uj.adatbank.ro\/lexikon\/wp-json\/wp\/v2\/media?parent=25249"}],"wp:term":[{"taxonomy":"product_brand","embeddable":true,"href":"https:\/\/uj.adatbank.ro\/lexikon\/wp-json\/wp\/v2\/product_brand?post=25249"},{"taxonomy":"product_cat","embeddable":true,"href":"https:\/\/uj.adatbank.ro\/lexikon\/wp-json\/wp\/v2\/product_cat?post=25249"},{"taxonomy":"product_tag","embeddable":true,"href":"https:\/\/uj.adatbank.ro\/lexikon\/wp-json\/wp\/v2\/product_tag?post=25249"}],"curies":[{"name":"wp","href":"https:\/\/api.w.org\/{rel}","templated":true}]}}