{"id":25255,"date":"2025-08-01T18:39:02","date_gmt":"2025-08-01T16:39:02","guid":{"rendered":"https:\/\/uj.adatbank.ro\/lexikon\/termek\/zsigmond-samu-remenyi-samuel\/"},"modified":"2025-08-01T18:39:02","modified_gmt":"2025-08-01T16:39:02","slug":"zsigmond-samu-remenyi-samuel","status":"publish","type":"product","link":"https:\/\/uj.adatbank.ro\/lexikon\/termek\/zsigmond-samu-remenyi-samuel\/","title":{"rendered":"ZSIGMOND Samu, rem\u00e9nyi, S\u00e1muel"},"content":{"rendered":"<p>Radn\u00f3tf\u00e1ja, 1877., \u2020\u00a0Radn\u00f3tf\u00e1ja, 1950. \u00e1pr. 7.: malomtulajdonos. \u2013 Tanulm\u00e1nyait Bp.-en v\u00e9gezte, ahol elektrotechnik\u00e1t tanult. Hazat\u00e9rt Mv.-re hossz\u00fa esztend\u0151ket t\u00f6lt\u00f6tt a v\u00e1ros szolg\u00e1lat\u00e1ban \u00e9s mint m\u0171szaki fel\u00fcgyel\u0151 vonult nyugalomba (1918). Az els\u0151 vh.-ban a 9. h. e.-ben harcolt, h\u00e1romszor sebes\u00fclt meg, kit\u00fcntett\u00e9k a II. o. ez\u00fcst v. \u00e9. \u00e9s a K\u00e1roly Csapatkereszttel. Malomtulajdonos volt Mv.-en. Majd a v\u00e1rosi k\u00f6z\u00fczemt\u0151l nyugd\u00edjazt\u00e1k. J\u00f3t\u00e9konys\u00e1g\u00e1r\u00f3l k\u00f6zismert, k\u00f6ztiszteletben \u00e1ll\u00f3 polg\u00e1r volt, aki a ref. egyh\u00e1z \u00e9s az iskol\u00e1k r\u00e9sz\u00e9re nagy p\u00e9nzadom\u00e1nyokat juttatott. A MP tagja, minden m. kultur\u00e1lis \u00fcgynek t\u00e1mogat\u00f3ja volt. <br \/><strong>\u2013 Irod.:<\/strong> Bern\u00e1dy; [Nekrol\u00f3g] (N\u00e9p\u00fajs\u00e1g, 1950. \u00e1pr. 10.); Sz\u00e9kelyf\u00f6ld \u00ed. k.<\/br><\/p>\n","protected":false},"excerpt":{"rendered":"<p>Radn\u00f3tf\u00e1ja, 1877., \u2020\u00a0Radn\u00f3tf\u00e1ja, 1950. \u00e1pr. 7.: malomtulajdonos. \u2013 Tanulm\u00e1nyait Bp.-en v\u00e9gezte, ahol elektrotechnik\u00e1t tanult. Hazat\u00e9rt Mv.-re hossz\u00fa esztend\u0151ket t\u00f6lt\u00f6tt a v\u00e1ros szolg\u00e1lat\u00e1ban \u00e9s mint m\u0171szaki fel\u00fcgyel\u0151 vonult nyugalomba (1918). Az els\u0151 vh.-ban a 9. h. e.-ben harcolt, h\u00e1romszor sebes\u00fclt meg, kit\u00fcntett\u00e9k a II. o. ez\u00fcst v. \u00e9. \u00e9s a K\u00e1roly Csapatkereszttel. Malomtulajdonos volt Mv.-en. Majd [&hellip;]<\/p>\n","protected":false},"featured_media":0,"comment_status":"open","ping_status":"closed","template":"","meta":[],"product_brand":[],"product_cat":[137],"product_tag":[],"class_list":{"0":"post-25255","1":"product","2":"type-product","3":"status-publish","5":"product_cat-maros-megyei-eletrajzi-lexikon","7":"first","8":"instock","9":"shipping-taxable","10":"product-type-simple"},"_links":{"self":[{"href":"https:\/\/uj.adatbank.ro\/lexikon\/wp-json\/wp\/v2\/product\/25255","targetHints":{"allow":["GET"]}}],"collection":[{"href":"https:\/\/uj.adatbank.ro\/lexikon\/wp-json\/wp\/v2\/product"}],"about":[{"href":"https:\/\/uj.adatbank.ro\/lexikon\/wp-json\/wp\/v2\/types\/product"}],"replies":[{"embeddable":true,"href":"https:\/\/uj.adatbank.ro\/lexikon\/wp-json\/wp\/v2\/comments?post=25255"}],"wp:attachment":[{"href":"https:\/\/uj.adatbank.ro\/lexikon\/wp-json\/wp\/v2\/media?parent=25255"}],"wp:term":[{"taxonomy":"product_brand","embeddable":true,"href":"https:\/\/uj.adatbank.ro\/lexikon\/wp-json\/wp\/v2\/product_brand?post=25255"},{"taxonomy":"product_cat","embeddable":true,"href":"https:\/\/uj.adatbank.ro\/lexikon\/wp-json\/wp\/v2\/product_cat?post=25255"},{"taxonomy":"product_tag","embeddable":true,"href":"https:\/\/uj.adatbank.ro\/lexikon\/wp-json\/wp\/v2\/product_tag?post=25255"}],"curies":[{"name":"wp","href":"https:\/\/api.w.org\/{rel}","templated":true}]}}

ZSIGMOND Samu, reményi, Sámuel

<p>Radnótfája, 1877., † Radnótfája, 1950. ápr. 7.: malomtulajdonos. – Tanulmányait Bp.-en végezte, ahol elektrotechnikát tanult. Hazatért Mv.-re hosszú esztendőket töltött a város szolgálatában és mint műszaki felügyelő vonult nyugalomba (1918). Az első vh.-ban a 9. h. e.-ben harcolt, háromszor sebesült meg, kitüntették a II. o. ezüst v. é. és a Károly Csapatkereszttel. Malomtulajdonos volt Mv.-en. Majd a városi közüzemtől nyugdíjazták. Jótékonyságáról közismert, köztiszteletben álló polgár volt, aki a ref. egyház és az iskolák részére nagy pénzadományokat juttatott. A MP tagja, minden m. kulturális ügynek támogatója volt. <br /><strong>– Irod.:</strong> Bernády; [Nekrológ] (Népújság, 1950. ápr. 10.); Székelyföld í. k.</br></p>

<p>Radnótfája, 1877., † Radnótfája, 1950. ápr. 7.: malomtulajdonos. – Tanulmányait Bp.-en végezte, ahol elektrotechnikát tanult. Hazatért Mv.-re hosszú esztendőket töltött a város szolgálatában és mint műszaki felügyelő vonult nyugalomba (1918). Az első vh.-ban a 9. h. e.-ben harcolt, háromszor sebesült meg, kitüntették a II. o. ezüst v. é. és a Károly Csapatkereszttel. Malomtulajdonos volt Mv.-en. Majd [&hellip;]</p>
