{"id":25262,"date":"2025-08-01T18:39:16","date_gmt":"2025-08-01T16:39:16","guid":{"rendered":"https:\/\/uj.adatbank.ro\/lexikon\/termek\/zsogon-zoltan-osdolai\/"},"modified":"2025-08-01T18:39:16","modified_gmt":"2025-08-01T16:39:16","slug":"zsogon-zoltan-osdolai","status":"publish","type":"product","link":"https:\/\/uj.adatbank.ro\/lexikon\/termek\/zsogon-zoltan-osdolai\/","title":{"rendered":"ZS\u00d6G\u00d6N Zolt\u00e1n, osdolai"},"content":{"rendered":"<p>Ozsdola, 1880. szept. 30., \u2020 K\u00e9zdiv\u00e1s\u00e1rhely, 1951. \u00e1pr. 11.: k\u00f6lt\u0151, pedag\u00f3gus. \u2013 A bp.-i egy.-en m.-n\u00e9met-f\u00f6ldrajz szakos tan\u00e1ri oklevelet szerzett (1903). Ezut\u00e1n N\u00e9meto.-ban, majd P\u00e1rizsban tanult. Cs\u00edksomly\u00f3n, k\u00e9s\u0151bb Cs\u00edkszered\u00e1ban tan\u00edt\u00f3k\u00e9pz\u0151-int\u00e9zeti tan\u00e1r, k\u00e9s\u0151bb a H\u00edrn\u00f6k c. lap munkat\u00e1rsa volt. A mad\u00e9falvi sz\u00e9kely v\u00e9rtan\u00fak eml\u00e9km\u0171v\u00e9nek felavat\u00e1sakor elszavalt verse miatt fels\u00e9gs\u00e9rt\u00e9s v\u00e1dj\u00e1val b\u00f6rt\u00f6nb\u00fcntet\u00e9sre \u00edt\u00e9lt\u00e9k (1905). Kiszabadul\u00e1sa ut\u00e1n csak nehezen kapott \u00e1ll\u00e1st, ut\u00f3bb a mv.-i kat. tan\u00edt\u00f3k\u00e9pz\u0151 int\u00e9zet tan\u00e1ra \u00e9s az intern\u00e1tus\u00e1nak igazgat\u00f3ja. Ady Endre \u00e9s Bal\u00e1zs B\u00e9la bar\u00e1tja volt. \u2013  <strong>F. m..:<\/strong> R\u00e9gi versek (versek; Bp., 1912); Isten kez\u00e9ben (versek; Arad, 1927); Sz\u00e9phist\u00f3ri\u00e1m (verses \u00f6n\u00e9letrajz; Bp., 1949). <br \/><strong>\u2013 Irod.:<\/strong>. Mv.-i r. k. okt.; R. k. okt.\u20131; \u00daM\u00c9L.<\/br><\/p>\n","protected":false},"excerpt":{"rendered":"<p>Ozsdola, 1880. szept. 30., \u2020 K\u00e9zdiv\u00e1s\u00e1rhely, 1951. \u00e1pr. 11.: k\u00f6lt\u0151, pedag\u00f3gus. \u2013 A bp.-i egy.-en m.-n\u00e9met-f\u00f6ldrajz szakos tan\u00e1ri oklevelet szerzett (1903). Ezut\u00e1n N\u00e9meto.-ban, majd P\u00e1rizsban tanult. Cs\u00edksomly\u00f3n, k\u00e9s\u0151bb Cs\u00edkszered\u00e1ban tan\u00edt\u00f3k\u00e9pz\u0151-int\u00e9zeti tan\u00e1r, k\u00e9s\u0151bb a H\u00edrn\u00f6k c. lap munkat\u00e1rsa volt. A mad\u00e9falvi sz\u00e9kely v\u00e9rtan\u00fak eml\u00e9km\u0171v\u00e9nek felavat\u00e1sakor elszavalt verse miatt fels\u00e9gs\u00e9rt\u00e9s v\u00e1dj\u00e1val b\u00f6rt\u00f6nb\u00fcntet\u00e9sre \u00edt\u00e9lt\u00e9k (1905). Kiszabadul\u00e1sa ut\u00e1n csak [&hellip;]<\/p>\n","protected":false},"featured_media":0,"comment_status":"open","ping_status":"closed","template":"","meta":[],"product_brand":[],"product_cat":[137],"product_tag":[],"class_list":{"0":"post-25262","1":"product","2":"type-product","3":"status-publish","5":"product_cat-maros-megyei-eletrajzi-lexikon","7":"first","8":"instock","9":"shipping-taxable","10":"product-type-simple"},"_links":{"self":[{"href":"https:\/\/uj.adatbank.ro\/lexikon\/wp-json\/wp\/v2\/product\/25262","targetHints":{"allow":["GET"]}}],"collection":[{"href":"https:\/\/uj.adatbank.ro\/lexikon\/wp-json\/wp\/v2\/product"}],"about":[{"href":"https:\/\/uj.adatbank.ro\/lexikon\/wp-json\/wp\/v2\/types\/product"}],"replies":[{"embeddable":true,"href":"https:\/\/uj.adatbank.ro\/lexikon\/wp-json\/wp\/v2\/comments?post=25262"}],"wp:attachment":[{"href":"https:\/\/uj.adatbank.ro\/lexikon\/wp-json\/wp\/v2\/media?parent=25262"}],"wp:term":[{"taxonomy":"product_brand","embeddable":true,"href":"https:\/\/uj.adatbank.ro\/lexikon\/wp-json\/wp\/v2\/product_brand?post=25262"},{"taxonomy":"product_cat","embeddable":true,"href":"https:\/\/uj.adatbank.ro\/lexikon\/wp-json\/wp\/v2\/product_cat?post=25262"},{"taxonomy":"product_tag","embeddable":true,"href":"https:\/\/uj.adatbank.ro\/lexikon\/wp-json\/wp\/v2\/product_tag?post=25262"}],"curies":[{"name":"wp","href":"https:\/\/api.w.org\/{rel}","templated":true}]}}

ZSÖGÖN Zoltán, osdolai

<p>Ozsdola, 1880. szept. 30., † Kézdivásárhely, 1951. ápr. 11.: költő, pedagógus. – A bp.-i egy.-en m.-német-földrajz szakos tanári oklevelet szerzett (1903). Ezután Németo.-ban, majd Párizsban tanult. Csíksomlyón, később Csíkszeredában tanítóképző-intézeti tanár, később a Hírnök c. lap munkatársa volt. A madéfalvi székely vértanúk emlékművének felavatásakor elszavalt verse miatt felségsértés vádjával börtönbüntetésre ítélték (1905). Kiszabadulása után csak nehezen kapott állást, utóbb a mv.-i kat. tanítóképző intézet tanára és az internátusának igazgatója. Ady Endre és Balázs Béla barátja volt. –  <strong>F. m..:</strong> Régi versek (versek; Bp., 1912); Isten kezében (versek; Arad, 1927); Széphistóriám (verses önéletrajz; Bp., 1949). <br /><strong>– Irod.:</strong>. Mv.-i r. k. okt.; R. k. okt.–1; ÚMÉL.</br></p>

<p>Ozsdola, 1880. szept. 30., † Kézdivásárhely, 1951. ápr. 11.: költő, pedagógus. – A bp.-i egy.-en m.-német-földrajz szakos tanári oklevelet szerzett (1903). Ezután Németo.-ban, majd Párizsban tanult. Csíksomlyón, később Csíkszeredában tanítóképző-intézeti tanár, később a Hírnök c. lap munkatársa volt. A madéfalvi székely vértanúk emlékművének felavatásakor elszavalt verse miatt felségsértés vádjával börtönbüntetésre ítélték (1905). Kiszabadulása után csak [&hellip;]</p>
